-- Table structure for table `ec_products_translations`
--

CREATE TABLE `ec_products_translations` (
  `lang_code` varchar(255) COLLATE utf8mb4_unicode_ci NOT NULL,
  `ec_products_id` bigint unsigned NOT NULL,
  `name` varchar(255) COLLATE utf8mb4_unicode_ci DEFAULT NULL,
  `description` text COLLATE utf8mb4_unicode_ci,
  `content` text COLLATE utf8mb4_unicode_ci,
  PRIMARY KEY (`lang_code`,`ec_products_id`)
) ENGINE=InnoDB DEFAULT CHARSET=utf8mb4 COLLATE=utf8mb4_unicode_ci;

--
-- Dumping data for table `ec_products_translations`
--


--
-- Table structure for table `ec_review_replies`
--

CREATE TABLE `ec_review_replies` (
  `id` bigint unsigned NOT NULL AUTO_INCREMENT,
  `user_id` bigint unsigned NOT NULL,
  `review_id` bigint unsigned NOT NULL,
  `message` text COLLATE utf8mb4_unicode_ci NOT NULL,
  `created_at` timestamp NULL DEFAULT NULL,
  `updated_at` timestamp NULL DEFAULT NULL,
  PRIMARY KEY (`id`),
  UNIQUE KEY `ec_review_replies_review_id_user_id_unique` (`review_id`,`user_id`)
) ENGINE=InnoDB DEFAULT CHARSET=utf8mb4 COLLATE=utf8mb4_unicode_ci;

--
-- Dumping data for table `ec_review_replies`
--


--
-- Table structure for table `ec_reviews`
--

CREATE TABLE `ec_reviews` (
  `id` bigint unsigned NOT NULL AUTO_INCREMENT,
  `customer_id` bigint unsigned NOT NULL,
  `product_id` bigint unsigned NOT NULL,
  `star` double(8,2) NOT NULL,
  `comment` text COLLATE utf8mb4_unicode_ci NOT NULL,
  `status` varchar(60) COLLATE utf8mb4_unicode_ci NOT NULL DEFAULT 'published',
  `created_at` timestamp NULL DEFAULT NULL,
  `updated_at` timestamp NULL DEFAULT NULL,
  `images` text COLLATE utf8mb4_unicode_ci,
  PRIMARY KEY (`id`),
  UNIQUE KEY `ec_reviews_product_id_customer_id_unique` (`product_id`,`customer_id`),
  KEY `ec_reviews_product_id_customer_id_status_created_at_index` (`product_id`,`customer_id`,`status`,`created_at`),
  KEY `review_relation_index` (`product_id`,`customer_id`,`status`)
) ENGINE=InnoDB AUTO_INCREMENT=1001 DEFAULT CHARSET=utf8mb4 COLLATE=utf8mb4_unicode_ci;

--
-- Dumping data for table `ec_reviews`
--

INSERT INTO `ec_reviews` VALUES (1,5,2,2.00,'Best ecommerce CMS online store!','published','2024-03-11 00:14:16','2024-03-11 00:14:16','[\"products\\/21.jpg\"]'),(2,10,11,2.00,'I Love this Script. I also found how to add other fees. Now I just wait the BIG update for the Marketplace with the Bulk Import. Just do not forget to make it to be Multi-language for us the Botble Fans.','published','2024-03-11 00:14:16','2024-03-11 00:14:16','[\"products\\/8-3.jpg\",\"products\\/9-1.jpg\",\"products\\/17-3.jpg\",\"products\\/20-3.jpg\"]'),(3,8,12,4.00,'Cool template. Excellent code quality. The support responds very quickly, which is very rare on themeforest and codecanyon.net, I buy a lot of templates, and everyone will have a response from technical support for two or three days. Thanks to tech support. I recommend to buy.','published','2024-03-11 00:14:16','2024-03-11 00:14:16','[\"products\\/4-1.jpg\",\"products\\/9-1.jpg\",\"products\\/12-3.jpg\",\"products\\/17-1.jpg\"]'),(4,8,2,2.00,'Customer Support are grade (A*), however the code is a way too over engineered for it\'s purpose.','published','2024-03-11 00:14:16','2024-03-11 00:14:16','[\"products\\/8-2.jpg\"]'),(5,9,14,2.00,'It\'s not my first experience here on Codecanyon and I can honestly tell you all that Botble puts a LOT of effort into the support. They answer so fast, they helped me tons of times. REALLY by far THE BEST EXPERIENCE on Codecanyon. Those guys at Botble are so good that they deserve 5 stars. I recommend them, I trust them and I can\'t wait to see what they will sell in a near future. Thank you Botble :)','published','2024-03-11 00:14:16','2024-03-11 00:14:16','[\"products\\/4-2.jpg\",\"products\\/16.jpg\",\"products\\/21-2.jpg\",\"products\\/22.jpg\"]'),(6,5,8,5.00,'Amazing code, amazing support. Overall, im really confident in Botble and im happy I made the right choice! Thank you so much guys for coding this masterpiece','published','2024-03-11 00:14:16','2024-03-11 00:14:16','[\"products\\/2.jpg\"]'),(7,2,5,3.00,'It\'s not my first experience here on Codecanyon and I can honestly tell you all that Botble puts a LOT of effort into the support. They answer so fast, they helped me tons of times. REALLY by far THE BEST EXPERIENCE on Codecanyon. Those guys at Botble are so good that they deserve 5 stars. I recommend them, I trust them and I can\'t wait to see what they will sell in a near future. Thank you Botble :)','published','2024-03-11 00:14:16','2024-03-11 00:14:16','[\"products\\/18-2.jpg\"]'),(8,8,11,1.00,'Amazing code, amazing support. Overall, im really confident in Botble and im happy I made the right choice! Thank you so much guys for coding this masterpiece','published','2024-03-11 00:14:16','2024-03-11 00:14:16','[\"products\\/14.jpg\",\"products\\/19-1.jpg\",\"products\\/19.jpg\",\"products\\/23-1.jpg\"]'),(9,5,1,3.00,'Clean & perfect source code','published','2024-03-11 00:14:16','2024-03-11 00:14:16','[\"products\\/3.jpg\",\"products\\/4-3.jpg\",\"products\\/8-2.jpg\"]'),(10,9,13,5.00,'These guys are amazing! Responses immediately, amazing support and help... I immediately feel at ease after Purchasing..','published','2024-03-11 00:14:16','2024-03-11 00:14:16','[\"products\\/11-1.jpg\"]'),(11,8,8,3.00,'Second or third time that I buy a Botble product, happy with the products and support. You guys do a good job :)','published','2024-03-11 00:14:16','2024-03-11 00:14:16','[\"products\\/5-1.jpg\",\"products\\/10.jpg\",\"products\\/23-3.jpg\"]'),(12,9,20,4.00,'It\'s not my first experience here on Codecanyon and I can honestly tell you all that Botble puts a LOT of effort into the support. They answer so fast, they helped me tons of times. REALLY by far THE BEST EXPERIENCE on Codecanyon. Those guys at Botble are so good that they deserve 5 stars. I recommend them, I trust them and I can\'t wait to see what they will sell in a near future. Thank you Botble :)','published','2024-03-11 00:14:16','2024-03-11 00:14:16','[\"products\\/8-1.jpg\",\"products\\/11-2.jpg\",\"products\\/11.jpg\"]'),(14,1,2,1.00,'We have received brilliant service support and will be expanding the features with the developer. Nice product!','published','2024-03-11 00:14:16','2024-03-11 00:14:16','[\"products\\/3.jpg\",\"products\\/9.jpg\"]'),(15,8,15,4.00,'We have received brilliant service support and will be expanding the features with the developer. Nice product!','published','2024-03-11 00:14:16','2024-03-11 00:14:16','[\"products\\/18-2.jpg\"]'),(16,10,13,5.00,'Those guys now what they are doing, the release such a good product that it\'s a pleasure to work with ! Even when I was stuck on the project, I created a ticket and the next day it was replied by the team. GOOD JOB guys. I love working with them :)','published','2024-03-11 00:14:16','2024-03-11 00:14:16','[\"products\\/17-2.jpg\",\"products\\/17.jpg\"]'),(17,5,5,5.00,'Best ecommerce CMS online store!','published','2024-03-11 00:14:16','2024-03-11 00:14:16','[\"products\\/7.jpg\",\"products\\/8-3.jpg\"]'),(18,4,18,5.00,'Cool template. Excellent code quality. The support responds very quickly, which is very rare on themeforest and codecanyon.net, I buy a lot of templates, and everyone will have a response from technical support for two or three days. Thanks to tech support. I recommend to buy.','published','2024-03-11 00:14:16','2024-03-11 00:14:16','[\"products\\/2-3.jpg\",\"products\\/21-2.jpg\",\"products\\/22-3.jpg\"]'),(19,2,15,2.00,'Great system, great support, good job Botble. I\'m looking forward to more great functional plugins.','published','2024-03-11 00:14:16','2024-03-11 00:14:16','[\"products\\/6.jpg\",\"products\\/10-1.jpg\"]'),(20,5,17,5.00,'The best ecommerce CMS! Excellent coding! best support service! Thank you so much..... I really like your hard work.','published','2024-03-11 00:14:16','2024-03-11 00:14:16','[\"products\\/10.jpg\",\"products\\/19.jpg\"]'),(21,9,15,5.00,'Great E-commerce system. And much more : Wonderful Customer Support.','published','2024-03-11 00:14:16','2024-03-11 00:14:16','[\"products\\/5-3.jpg\",\"products\\/15.jpg\"]'),(22,5,6,2.00,'The best store template! Excellent coding! Very good support! Thank you so much for all the help, I really appreciated.','published','2024-03-11 00:14:16','2024-03-11 00:14:16','[\"products\\/8.jpg\"]'),(23,6,8,3.00,'I Love this Script. I also found how to add other fees. Now I just wait the BIG update for the Marketplace with the Bulk Import. Just do not forget to make it to be Multi-language for us the Botble Fans.','published','2024-03-11 00:14:16','2024-03-11 00:14:16','[\"products\\/3.jpg\",\"products\\/17-3.jpg\",\"products\\/18-1.jpg\"]'),(24,2,22,5.00,'As a developer I reviewed this script. This is really awesome ecommerce script. I have convinced when I noticed that it\'s built on fully WordPress concept.','published','2024-03-11 00:14:16','2024-03-11 00:14:16','[\"products\\/9-1.jpg\",\"products\\/11-3.jpg\"]'),(25,10,6,5.00,'Ok good product. I have some issues in customizations. But its not correct to blame the developer. The product is good. Good luck for your business.','published','2024-03-11 00:14:16','2024-03-11 00:14:16','[\"products\\/15-1.jpg\",\"products\\/19.jpg\",\"products\\/22-1.jpg\"]'),(26,3,4,2.00,'These guys are amazing! Responses immediately, amazing support and help... I immediately feel at ease after Purchasing..','published','2024-03-11 00:14:16','2024-03-11 00:14:16','[\"products\\/17-1.jpg\"]'),(27,4,11,2.00,'Great system, great support, good job Botble. I\'m looking forward to more great functional plugins.','published','2024-03-11 00:14:16','2024-03-11 00:14:16','[\"products\\/1.jpg\",\"products\\/4-3.jpg\",\"products\\/8.jpg\"]'),(28,2,7,1.00,'The best store template! Excellent coding! Very good support! Thank you so much for all the help, I really appreciated.','published','2024-03-11 00:14:16','2024-03-11 00:14:16','[\"products\\/9-2.jpg\",\"products\\/11-3.jpg\",\"products\\/17-2.jpg\",\"products\\/18-3.jpg\"]'),(29,6,18,1.00,'This script is well coded and is super fast. The support is pretty quick. Very patient and helpful team. I strongly recommend it and they deserve more than 5 stars.','published','2024-03-11 00:14:16','2024-03-11 00:14:16','[\"products\\/2-1.jpg\",\"products\\/10.jpg\",\"products\\/19.jpg\"]'),(30,4,10,1.00,'Amazing code, amazing support. Overall, im really confident in Botble and im happy I made the right choice! Thank you so much guys for coding this masterpiece','published','2024-03-11 00:14:16','2024-03-11 00:14:16','[\"products\\/8-1.jpg\",\"products\\/8.jpg\",\"products\\/20-3.jpg\",\"products\\/23-1.jpg\"]'),(31,1,19,3.00,'We have received brilliant service support and will be expanding the features with the developer. Nice product!','published','2024-03-11 00:14:16','2024-03-11 00:14:16','[\"products\\/11-3.jpg\",\"products\\/17-3.jpg\"]'),(32,4,23,3.00,'For me the best eCommerce script on Envato at this moment: modern, clean code, a lot of great features. The customer support is great too: I always get an answer within hours!','published','2024-03-11 00:14:16','2024-03-11 00:14:16','[\"products\\/20-1.jpg\",\"products\\/21-2.jpg\"]'),(34,10,1,4.00,'Customer Support are grade (A*), however the code is a way too over engineered for it\'s purpose.','published','2024-03-11 00:14:16','2024-03-11 00:14:16','[\"products\\/2-3.jpg\",\"products\\/9.jpg\",\"products\\/11-3.jpg\",\"products\\/15-1.jpg\"]'),(35,10,3,4.00,'The best ecommerce CMS! Excellent coding! best support service! Thank you so much..... I really like your hard work.','published','2024-03-11 00:14:16','2024-03-11 00:14:16','[\"products\\/5-2.jpg\",\"products\\/8-1.jpg\",\"products\\/11.jpg\",\"products\\/23.jpg\"]'),(36,1,3,1.00,'Solution is too robust for our purpose so we didn\'t use it at the end. But I appreciate customer support during initial configuration.','published','2024-03-11 00:14:16','2024-03-11 00:14:16','[\"products\\/2-2.jpg\",\"products\\/5-2.jpg\",\"products\\/19-2.jpg\",\"products\\/21-2.jpg\"]'),(37,9,17,2.00,'This web app is really good in design, code quality & features. Besides, the customer support provided by the Botble team was really fast & helpful. You guys are awesome!','published','2024-03-11 00:14:16','2024-03-11 00:14:16','[\"products\\/13-1.jpg\",\"products\\/17-3.jpg\",\"products\\/18-3.jpg\",\"products\\/22.jpg\"]'),(39,3,9,4.00,'As a developer I reviewed this script. This is really awesome ecommerce script. I have convinced when I noticed that it\'s built on fully WordPress concept.','published','2024-03-11 00:14:16','2024-03-11 00:14:16','[\"products\\/11-2.jpg\",\"products\\/16.jpg\",\"products\\/18-3.jpg\",\"products\\/19-2.jpg\"]'),(40,8,14,2.00,'It\'s not my first experience here on Codecanyon and I can honestly tell you all that Botble puts a LOT of effort into the support. They answer so fast, they helped me tons of times. REALLY by far THE BEST EXPERIENCE on Codecanyon. Those guys at Botble are so good that they deserve 5 stars. I recommend them, I trust them and I can\'t wait to see what they will sell in a near future. Thank you Botble :)','published','2024-03-11 00:14:16','2024-03-11 00:14:16','[\"products\\/16.jpg\",\"products\\/23-3.jpg\"]'),(41,8,6,1.00,'The best ecommerce CMS! Excellent coding! best support service! Thank you so much..... I really like your hard work.','published','2024-03-11 00:14:16','2024-03-11 00:14:16','[\"products\\/20-2.jpg\"]'),(42,3,8,4.00,'The best store template! Excellent coding! Very good support! Thank you so much for all the help, I really appreciated.','published','2024-03-11 00:14:16','2024-03-11 00:14:16','[\"products\\/8-2.jpg\",\"products\\/12-1.jpg\",\"products\\/13.jpg\",\"products\\/21.jpg\"]'),(43,1,22,4.00,'The code is good, in general, if you like it, can you give it 5 stars?','published','2024-03-11 00:14:16','2024-03-11 00:14:16','[\"products\\/1.jpg\",\"products\\/13.jpg\",\"products\\/20.jpg\",\"products\\/21-2.jpg\"]'),(45,4,3,4.00,'I Love this Script. I also found how to add other fees. Now I just wait the BIG update for the Marketplace with the Bulk Import. Just do not forget to make it to be Multi-language for us the Botble Fans.','published','2024-03-11 00:14:16','2024-03-11 00:14:16','[\"products\\/21.jpg\"]'),(46,6,11,1.00,'Second or third time that I buy a Botble product, happy with the products and support. You guys do a good job :)','published','2024-03-11 00:14:16','2024-03-11 00:14:16','[\"products\\/3.jpg\"]'),(47,4,1,1.00,'Ok good product. I have some issues in customizations. But its not correct to blame the developer. The product is good. Good luck for your business.','published','2024-03-11 00:14:16','2024-03-11 00:14:16','[\"products\\/18-2.jpg\"]'),(48,7,11,3.00,'The code is good, in general, if you like it, can you give it 5 stars?','published','2024-03-11 00:14:16','2024-03-11 00:14:16','[\"products\\/21-2.jpg\"]'),(49,5,22,3.00,'Second or third time that I buy a Botble product, happy with the products and support. You guys do a good job :)','published','2024-03-11 00:14:16','2024-03-11 00:14:16','[\"products\\/9.jpg\",\"products\\/16.jpg\"]'),(50,4,7,5.00,'The best store template! Excellent coding! Very good support! Thank you so much for all the help, I really appreciated.','published','2024-03-11 00:14:16','2024-03-11 00:14:16','[\"products\\/21-1.jpg\"]'),(51,1,14,5.00,'Perfect +++++++++ i love it really also i get to fast ticket answers... Thanks Lot BOTBLE Teams','published','2024-03-11 00:14:16','2024-03-11 00:14:16','[\"products\\/13-1.jpg\"]'),(52,5,14,2.00,'This script is well coded and is super fast. The support is pretty quick. Very patient and helpful team. I strongly recommend it and they deserve more than 5 stars.','published','2024-03-11 00:14:16','2024-03-11 00:14:16','[\"products\\/9-1.jpg\",\"products\\/9.jpg\"]'),(53,10,5,5.00,'Clean & perfect source code','published','2024-03-11 00:14:16','2024-03-11 00:14:16','[\"products\\/3.jpg\",\"products\\/8.jpg\",\"products\\/21-2.jpg\",\"products\\/21.jpg\"]'),(55,10,2,1.00,'Amazing code, amazing support. Overall, im really confident in Botble and im happy I made the right choice! Thank you so much guys for coding this masterpiece','published','2024-03-11 00:14:16','2024-03-11 00:14:16','[\"products\\/4-3.jpg\",\"products\\/14.jpg\",\"products\\/16.jpg\"]'),(56,3,16,5.00,'Great system, great support, good job Botble. I\'m looking forward to more great functional plugins.','published','2024-03-11 00:14:16','2024-03-11 00:14:16','[\"products\\/2.jpg\",\"products\\/15-1.jpg\"]'),(57,7,10,1.00,'Clean & perfect source code','published','2024-03-11 00:14:16','2024-03-11 00:14:16','[\"products\\/5-1.jpg\",\"products\\/14.jpg\",\"products\\/19-2.jpg\"]'),(58,4,13,1.00,'Great E-commerce system. And much more : Wonderful Customer Support.','published','2024-03-11 00:14:16','2024-03-11 00:14:16','[\"products\\/16.jpg\",\"products\\/19-1.jpg\"]'),(59,2,11,1.00,'Perfect +++++++++ i love it really also i get to fast ticket answers... Thanks Lot BOTBLE Teams','published','2024-03-11 00:14:16','2024-03-11 00:14:16','[\"products\\/17-2.jpg\"]'),(60,6,7,4.00,'Good app, good backup service and support. Good documentation.','published','2024-03-11 00:14:16','2024-03-11 00:14:16','[\"products\\/19-2.jpg\",\"products\\/23-2.jpg\"]'),(64,4,8,2.00,'The best store template! Excellent coding! Very good support! Thank you so much for all the help, I really appreciated.','published','2024-03-11 00:14:16','2024-03-11 00:14:16','[\"products\\/5.jpg\",\"products\\/17-1.jpg\",\"products\\/21-1.jpg\"]'),(65,6,3,3.00,'We have received brilliant service support and will be expanding the features with the developer. Nice product!','published','2024-03-11 00:14:16','2024-03-11 00:14:16','[\"products\\/13-1.jpg\",\"products\\/15-1.jpg\"]'),(66,2,19,4.00,'Customer Support are grade (A*), however the code is a way too over engineered for it\'s purpose.','published','2024-03-11 00:14:16','2024-03-11 00:14:16','[\"products\\/9-2.jpg\",\"products\\/9.jpg\"]'),(67,1,15,5.00,'Ok good product. I have some issues in customizations. But its not correct to blame the developer. The product is good. Good luck for your business.','published','2024-03-11 00:14:16','2024-03-11 00:14:16','[\"products\\/20-3.jpg\",\"products\\/22-1.jpg\"]'),(69,10,18,3.00,'These guys are amazing! Responses immediately, amazing support and help... I immediately feel at ease after Purchasing..','published','2024-03-11 00:14:16','2024-03-11 00:14:16','[\"products\\/8-2.jpg\",\"products\\/8.jpg\",\"products\\/14.jpg\",\"products\\/19-2.jpg\"]'),(72,5,3,4.00,'Ok good product. I have some issues in customizations. But its not correct to blame the developer. The product is good. Good luck for your business.','published','2024-03-11 00:14:16','2024-03-11 00:14:16','[\"products\\/8-3.jpg\",\"products\\/12-3.jpg\",\"products\\/23-3.jpg\"]'),(73,9,8,3.00,'Amazing code, amazing support. Overall, im really confident in Botble and im happy I made the right choice! Thank you so much guys for coding this masterpiece','published','2024-03-11 00:14:16','2024-03-11 00:14:16','[\"products\\/4-2.jpg\",\"products\\/18-1.jpg\"]'),(74,3,10,3.00,'As a developer I reviewed this script. This is really awesome ecommerce script. I have convinced when I noticed that it\'s built on fully WordPress concept.','published','2024-03-11 00:14:16','2024-03-11 00:14:16','[\"products\\/13-1.jpg\"]'),(75,10,23,4.00,'Clean & perfect source code','published','2024-03-11 00:14:16','2024-03-11 00:14:16','[\"products\\/4.jpg\",\"products\\/11-3.jpg\",\"products\\/17-3.jpg\"]'),(76,1,12,5.00,'Best ecommerce CMS online store!','published','2024-03-11 00:14:16','2024-03-11 00:14:16','[\"products\\/16.jpg\",\"products\\/18-2.jpg\"]'),(77,7,23,3.00,'Solution is too robust for our purpose so we didn\'t use it at the end. But I appreciate customer support during initial configuration.','published','2024-03-11 00:14:16','2024-03-11 00:14:16','[\"products\\/2-2.jpg\",\"products\\/22-2.jpg\"]'),(78,8,19,4.00,'These guys are amazing! Responses immediately, amazing support and help... I immediately feel at ease after Purchasing..','published','2024-03-11 00:14:16','2024-03-11 00:14:16','[\"products\\/15-1.jpg\"]'),(79,8,17,1.00,'For me the best eCommerce script on Envato at this moment: modern, clean code, a lot of great features. The customer support is great too: I always get an answer within hours!','published','2024-03-11 00:14:16','2024-03-11 00:14:16','[\"products\\/2-2.jpg\",\"products\\/12-2.jpg\",\"products\\/17-1.jpg\",\"products\\/19-1.jpg\"]'),(80,7,12,2.00,'Solution is too robust for our purpose so we didn\'t use it at the end. But I appreciate customer support during initial configuration.','published','2024-03-11 00:14:16','2024-03-11 00:14:16','[\"products\\/12-1.jpg\",\"products\\/18-2.jpg\",\"products\\/18.jpg\"]'),(81,1,8,4.00,'Cool template. Excellent code quality. The support responds very quickly, which is very rare on themeforest and codecanyon.net, I buy a lot of templates, and everyone will have a response from technical support for two or three days. Thanks to tech support. I recommend to buy.','published','2024-03-11 00:14:16','2024-03-11 00:14:16','[\"products\\/4-2.jpg\",\"products\\/11-1.jpg\"]'),(82,5,4,2.00,'Great system, great support, good job Botble. I\'m looking forward to more great functional plugins.','published','2024-03-11 00:14:16','2024-03-11 00:14:16','[\"products\\/19-3.jpg\",\"products\\/21.jpg\"]'),(85,8,21,2.00,'Perfect +++++++++ i love it really also i get to fast ticket answers... Thanks Lot BOTBLE Teams','published','2024-03-11 00:14:16','2024-03-11 00:14:16','[\"products\\/2-2.jpg\",\"products\\/5-2.jpg\",\"products\\/17.jpg\",\"products\\/19-3.jpg\"]'),(86,3,11,4.00,'The script is the best of its class, fast, easy to implement and work with , and the most important thing is the great support team , Recommend with no doubt.','published','2024-03-11 00:14:16','2024-03-11 00:14:16','[\"products\\/3.jpg\",\"products\\/8-2.jpg\",\"products\\/10-1.jpg\",\"products\\/20-2.jpg\"]'),(87,6,15,5.00,'Great E-commerce system. And much more : Wonderful Customer Support.','published','2024-03-11 00:14:16','2024-03-11 00:14:16','[\"products\\/2-3.jpg\",\"products\\/16.jpg\",\"products\\/18-2.jpg\",\"products\\/23-3.jpg\"]'),(88,9,22,2.00,'Amazing code, amazing support. Overall, im really confident in Botble and im happy I made the right choice! Thank you so much guys for coding this masterpiece','published','2024-03-11 00:14:16','2024-03-11 00:14:16','[\"products\\/4.jpg\",\"products\\/15-1.jpg\",\"products\\/17-1.jpg\"]'),(89,4,14,4.00,'Second or third time that I buy a Botble product, happy with the products and support. You guys do a good job :)','published','2024-03-11 00:14:16','2024-03-11 00:14:16','[\"products\\/18-2.jpg\",\"products\\/18.jpg\",\"products\\/19-2.jpg\",\"products\\/19-3.jpg\"]'),(91,7,5,5.00,'Amazing code, amazing support. Overall, im really confident in Botble and im happy I made the right choice! Thank you so much guys for coding this masterpiece','published','2024-03-11 00:14:16','2024-03-11 00:14:16','[\"products\\/3.jpg\",\"products\\/23-3.jpg\"]'),(93,8,5,3.00,'It\'s not my first experience here on Codecanyon and I can honestly tell you all that Botble puts a LOT of effort into the support. They answer so fast, they helped me tons of times. REALLY by far THE BEST EXPERIENCE on Codecanyon. Those guys at Botble are so good that they deserve 5 stars. I recommend them, I trust them and I can\'t wait to see what they will sell in a near future. Thank you Botble :)','published','2024-03-11 00:14:16','2024-03-11 00:14:16','[\"products\\/17-1.jpg\",\"products\\/18-1.jpg\"]'),(94,3,14,5.00,'We have received brilliant service support and will be expanding the features with the developer. Nice product!','published','2024-03-11 00:14:16','2024-03-11 00:14:16','[\"products\\/5-3.jpg\",\"products\\/8-1.jpg\",\"products\\/11.jpg\"]'),(96,9,19,5.00,'Great E-commerce system. And much more : Wonderful Customer Support.','published','2024-03-11 00:14:16','2024-03-11 00:14:16','[\"products\\/18-1.jpg\"]'),(99,1,4,2.00,'Amazing code, amazing support. Overall, im really confident in Botble and im happy I made the right choice! Thank you so much guys for coding this masterpiece','published','2024-03-11 00:14:16','2024-03-11 00:14:16','[\"products\\/11-3.jpg\"]'),(100,8,1,3.00,'The script is the best of its class, fast, easy to implement and work with , and the most important thing is the great support team , Recommend with no doubt.','published','2024-03-11 00:14:16','2024-03-11 00:14:16','[\"products\\/23-1.jpg\"]'),(101,7,22,5.00,'Solution is too robust for our purpose so we didn\'t use it at the end. But I appreciate customer support during initial configuration.','published','2024-03-11 00:14:16','2024-03-11 00:14:16','[\"products\\/18.jpg\"]'),(102,2,10,5.00,'Solution is too robust for our purpose so we didn\'t use it at the end. But I appreciate customer support during initial configuration.','published','2024-03-11 00:14:16','2024-03-11 00:14:16','[\"products\\/9-2.jpg\",\"products\\/15.jpg\",\"products\\/19.jpg\",\"products\\/20.jpg\"]'),(106,3,2,5.00,'I Love this Script. I also found how to add other fees. Now I just wait the BIG update for the Marketplace with the Bulk Import. Just do not forget to make it to be Multi-language for us the Botble Fans.','published','2024-03-11 00:14:16','2024-03-11 00:14:16','[\"products\\/12-3.jpg\",\"products\\/13.jpg\"]'),(107,8,20,5.00,'Solution is too robust for our purpose so we didn\'t use it at the end. But I appreciate customer support during initial configuration.','published','2024-03-11 00:14:16','2024-03-11 00:14:16','[\"products\\/11-2.jpg\",\"products\\/21-2.jpg\"]'),(108,10,9,4.00,'Cool template. Excellent code quality. The support responds very quickly, which is very rare on themeforest and codecanyon.net, I buy a lot of templates, and everyone will have a response from technical support for two or three days. Thanks to tech support. I recommend to buy.','published','2024-03-11 00:14:16','2024-03-11 00:14:16','[\"products\\/2.jpg\",\"products\\/4.jpg\",\"products\\/10-2.jpg\"]'),(111,8,4,4.00,'Very enthusiastic support! Excellent code is written. It\'s a true pleasure working with.','published','2024-03-11 00:14:16','2024-03-11 00:14:16','[\"products\\/4-2.jpg\",\"products\\/10-2.jpg\",\"products\\/11-3.jpg\"]'),(113,6,20,3.00,'Good app, good backup service and support. Good documentation.','published','2024-03-11 00:14:16','2024-03-11 00:14:16','[\"products\\/19-3.jpg\",\"products\\/22-1.jpg\"]'),(115,3,17,3.00,'The script is the best of its class, fast, easy to implement and work with , and the most important thing is the great support team , Recommend with no doubt.','published','2024-03-11 00:14:16','2024-03-11 00:14:16','[\"products\\/17-2.jpg\"]'),(116,7,18,3.00,'Second or third time that I buy a Botble product, happy with the products and support. You guys do a good job :)','published','2024-03-11 00:14:16','2024-03-11 00:14:16','[\"products\\/18-1.jpg\",\"products\\/19-3.jpg\",\"products\\/20-1.jpg\"]'),(122,1,10,2.00,'Perfect +++++++++ i love it really also i get to fast ticket answers... Thanks Lot BOTBLE Teams','published','2024-03-11 00:14:16','2024-03-11 00:14:16','[\"products\\/20-1.jpg\",\"products\\/22-2.jpg\"]'),(124,3,18,1.00,'The code is good, in general, if you like it, can you give it 5 stars?','published','2024-03-11 00:14:16','2024-03-11 00:14:16','[\"products\\/2-1.jpg\"]'),(126,5,21,2.00,'Very enthusiastic support! Excellent code is written. It\'s a true pleasure working with.','published','2024-03-11 00:14:16','2024-03-11 00:14:16','[\"products\\/8-3.jpg\",\"products\\/11-3.jpg\",\"products\\/17.jpg\"]'),(127,5,16,1.00,'Very enthusiastic support! Excellent code is written. It\'s a true pleasure working with.','published','2024-03-11 00:14:16','2024-03-11 00:14:16','[\"products\\/11-1.jpg\",\"products\\/12-3.jpg\",\"products\\/16.jpg\"]'),(129,3,6,2.00,'It\'s not my first experience here on Codecanyon and I can honestly tell you all that Botble puts a LOT of effort into the support. They answer so fast, they helped me tons of times. REALLY by far THE BEST EXPERIENCE on Codecanyon. Those guys at Botble are so good that they deserve 5 stars. I recommend them, I trust them and I can\'t wait to see what they will sell in a near future. Thank you Botble :)','published','2024-03-11 00:14:16','2024-03-11 00:14:16','[\"products\\/8-1.jpg\",\"products\\/22-3.jpg\"]'),(130,7,7,4.00,'Great system, great support, good job Botble. I\'m looking forward to more great functional plugins.','published','2024-03-11 00:14:16','2024-03-11 00:14:16','[\"products\\/2-2.jpg\",\"products\\/7.jpg\",\"products\\/13.jpg\",\"products\\/22.jpg\"]'),(131,9,21,1.00,'Solution is too robust for our purpose so we didn\'t use it at the end. But I appreciate customer support during initial configuration.','published','2024-03-11 00:14:16','2024-03-11 00:14:16','[\"products\\/19-1.jpg\",\"products\\/20-3.jpg\",\"products\\/21-1.jpg\",\"products\\/23-1.jpg\"]'),(132,4,20,5.00,'These guys are amazing! Responses immediately, amazing support and help... I immediately feel at ease after Purchasing..','published','2024-03-11 00:14:16','2024-03-11 00:14:16','[\"products\\/2-1.jpg\",\"products\\/9.jpg\",\"products\\/12-2.jpg\",\"products\\/18-2.jpg\"]'),(133,4,19,5.00,'Great E-commerce system. And much more : Wonderful Customer Support.','published','2024-03-11 00:14:16','2024-03-11 00:14:16','[\"products\\/2.jpg\",\"products\\/4-1.jpg\"]'),(134,1,17,5.00,'For me the best eCommerce script on Envato at this moment: modern, clean code, a lot of great features. The customer support is great too: I always get an answer within hours!','published','2024-03-11 00:14:16','2024-03-11 00:14:16','[\"products\\/2-3.jpg\",\"products\\/19.jpg\",\"products\\/22-2.jpg\",\"products\\/22-3.jpg\"]'),(136,7,6,2.00,'Amazing code, amazing support. Overall, im really confident in Botble and im happy I made the right choice! Thank you so much guys for coding this masterpiece','published','2024-03-11 00:14:16','2024-03-11 00:14:16','[\"products\\/2-1.jpg\",\"products\\/5.jpg\",\"products\\/13.jpg\",\"products\\/22.jpg\"]'),(137,2,12,3.00,'For me the best eCommerce script on Envato at this moment: modern, clean code, a lot of great features. The customer support is great too: I always get an answer within hours!','published','2024-03-11 00:14:16','2024-03-11 00:14:16','[\"products\\/1.jpg\",\"products\\/20.jpg\"]'),(138,9,16,4.00,'Amazing code, amazing support. Overall, im really confident in Botble and im happy I made the right choice! Thank you so much guys for coding this masterpiece','published','2024-03-11 00:14:16','2024-03-11 00:14:16','[\"products\\/5-1.jpg\",\"products\\/13.jpg\",\"products\\/18-1.jpg\",\"products\\/21.jpg\"]'),(139,2,23,4.00,'Great E-commerce system. And much more : Wonderful Customer Support.','published','2024-03-11 00:14:16','2024-03-11 00:14:16','[\"products\\/11-3.jpg\",\"products\\/19-1.jpg\"]'),(141,9,5,2.00,'Clean & perfect source code','published','2024-03-11 00:14:16','2024-03-11 00:14:16','[\"products\\/5-1.jpg\"]'),(143,7,1,5.00,'Good app, good backup service and support. Good documentation.','published','2024-03-11 00:14:16','2024-03-11 00:14:16','[\"products\\/2-1.jpg\",\"products\\/9-1.jpg\",\"products\\/16.jpg\",\"products\\/18-1.jpg\"]'),(144,6,1,2.00,'Those guys now what they are doing, the release such a good product that it\'s a pleasure to work with ! Even when I was stuck on the project, I created a ticket and the next day it was replied by the team. GOOD JOB guys. I love working with them :)','published','2024-03-11 00:14:16','2024-03-11 00:14:16','[\"products\\/19-3.jpg\"]'),(146,3,19,5.00,'Very enthusiastic support! Excellent code is written. It\'s a true pleasure working with.','published','2024-03-11 00:14:16','2024-03-11 00:14:16','[\"products\\/5-1.jpg\",\"products\\/14.jpg\",\"products\\/20-1.jpg\",\"products\\/21-1.jpg\"]'),(149,2,1,4.00,'I Love this Script. I also found how to add other fees. Now I just wait the BIG update for the Marketplace with the Bulk Import. Just do not forget to make it to be Multi-language for us the Botble Fans.','published','2024-03-11 00:14:16','2024-03-11 00:14:16','[\"products\\/2-1.jpg\",\"products\\/12.jpg\",\"products\\/21-2.jpg\"]'),(150,1,16,1.00,'Great E-commerce system. And much more : Wonderful Customer Support.','published','2024-03-11 00:14:16','2024-03-11 00:14:16','[\"products\\/15.jpg\",\"products\\/22-1.jpg\"]'),(154,1,13,5.00,'Best ecommerce CMS online store!','published','2024-03-11 00:14:16','2024-03-11 00:14:16','[\"products\\/15.jpg\",\"products\\/18-2.jpg\",\"products\\/23-3.jpg\"]'),(156,7,3,4.00,'Cool template. Excellent code quality. The support responds very quickly, which is very rare on themeforest and codecanyon.net, I buy a lot of templates, and everyone will have a response from technical support for two or three days. Thanks to tech support. I recommend to buy.','published','2024-03-11 00:14:16','2024-03-11 00:14:16','[\"products\\/1.jpg\"]'),(158,6,14,1.00,'The best store template! Excellent coding! Very good support! Thank you so much for all the help, I really appreciated.','published','2024-03-11 00:14:16','2024-03-11 00:14:16','[\"products\\/1.jpg\",\"products\\/8-2.jpg\",\"products\\/9.jpg\"]'),(160,4,2,1.00,'Very enthusiastic support! Excellent code is written. It\'s a true pleasure working with.','published','2024-03-11 00:14:16','2024-03-11 00:14:16','[\"products\\/18.jpg\",\"products\\/23.jpg\"]'),(161,7,16,5.00,'This web app is really good in design, code quality & features. Besides, the customer support provided by the Botble team was really fast & helpful. You guys are awesome!','published','2024-03-11 00:14:16','2024-03-11 00:14:16','[\"products\\/7.jpg\",\"products\\/11-1.jpg\",\"products\\/18-1.jpg\",\"products\\/19-1.jpg\"]'),(162,5,12,1.00,'For me the best eCommerce script on Envato at this moment: modern, clean code, a lot of great features. The customer support is great too: I always get an answer within hours!','published','2024-03-11 00:14:16','2024-03-11 00:14:16','[\"products\\/8-2.jpg\",\"products\\/18-1.jpg\",\"products\\/23-2.jpg\"]'),(172,10,16,5.00,'It\'s not my first experience here on Codecanyon and I can honestly tell you all that Botble puts a LOT of effort into the support. They answer so fast, they helped me tons of times. REALLY by far THE BEST EXPERIENCE on Codecanyon. Those guys at Botble are so good that they deserve 5 stars. I recommend them, I trust them and I can\'t wait to see what they will sell in a near future. Thank you Botble :)','published','2024-03-11 00:14:16','2024-03-11 00:14:16','[\"products\\/11-1.jpg\",\"products\\/12-1.jpg\",\"products\\/12-3.jpg\",\"products\\/20.jpg\"]'),(178,7,15,3.00,'Great E-commerce system. And much more : Wonderful Customer Support.','published','2024-03-11 00:14:16','2024-03-11 00:14:16','[\"products\\/2-3.jpg\",\"products\\/12-3.jpg\",\"products\\/22-3.jpg\",\"products\\/23.jpg\"]'),(179,4,9,3.00,'The code is good, in general, if you like it, can you give it 5 stars?','published','2024-03-11 00:14:16','2024-03-11 00:14:16','[\"products\\/11-1.jpg\",\"products\\/17-2.jpg\",\"products\\/23-1.jpg\"]'),(185,10,20,3.00,'Very enthusiastic support! Excellent code is written. It\'s a true pleasure working with.','published','2024-03-11 00:14:16','2024-03-11 00:14:16','[\"products\\/10-2.jpg\",\"products\\/23-1.jpg\"]'),(186,6,13,2.00,'The best store template! Excellent coding! Very good support! Thank you so much for all the help, I really appreciated.','published','2024-03-11 00:14:16','2024-03-11 00:14:16','[\"products\\/2-1.jpg\"]'),(187,3,15,3.00,'As a developer I reviewed this script. This is really awesome ecommerce script. I have convinced when I noticed that it\'s built on fully WordPress concept.','published','2024-03-11 00:14:16','2024-03-11 00:14:16','[\"products\\/20-1.jpg\",\"products\\/22.jpg\"]'),(188,4,6,3.00,'It\'s not my first experience here on Codecanyon and I can honestly tell you all that Botble puts a LOT of effort into the support. They answer so fast, they helped me tons of times. REALLY by far THE BEST EXPERIENCE on Codecanyon. Those guys at Botble are so good that they deserve 5 stars. I recommend them, I trust them and I can\'t wait to see what they will sell in a near future. Thank you Botble :)','published','2024-03-11 00:14:16','2024-03-11 00:14:16','[\"products\\/9-2.jpg\",\"products\\/21.jpg\",\"products\\/23-1.jpg\",\"products\\/23-3.jpg\"]'),(189,5,15,3.00,'This script is well coded and is super fast. The support is pretty quick. Very patient and helpful team. I strongly recommend it and they deserve more than 5 stars.','published','2024-03-11 00:14:16','2024-03-11 00:14:16','[\"products\\/7.jpg\",\"products\\/12.jpg\",\"products\\/19-3.jpg\",\"products\\/21.jpg\"]'),(192,6,16,4.00,'This script is well coded and is super fast. The support is pretty quick. Very patient and helpful team. I strongly recommend it and they deserve more than 5 stars.','published','2024-03-11 00:14:16','2024-03-11 00:14:16','[\"products\\/6.jpg\",\"products\\/13.jpg\",\"products\\/18-3.jpg\",\"products\\/21-2.jpg\"]'),(195,10,10,5.00,'The code is good, in general, if you like it, can you give it 5 stars?','published','2024-03-11 00:14:16','2024-03-11 00:14:16','[\"products\\/11.jpg\",\"products\\/15-1.jpg\",\"products\\/18.jpg\"]'),(197,9,9,1.00,'Very enthusiastic support! Excellent code is written. It\'s a true pleasure working with.','published','2024-03-11 00:14:16','2024-03-11 00:14:16','[\"products\\/22-2.jpg\"]'),(198,1,7,2.00,'Ok good product. I have some issues in customizations. But its not correct to blame the developer. The product is good. Good luck for your business.','published','2024-03-11 00:14:16','2024-03-11 00:14:16','[\"products\\/17-1.jpg\"]'),(199,9,18,4.00,'Ok good product. I have some issues in customizations. But its not correct to blame the developer. The product is good. Good luck for your business.','published','2024-03-11 00:14:16','2024-03-11 00:14:16','[\"products\\/5-3.jpg\",\"products\\/18.jpg\",\"products\\/21-1.jpg\"]'),(203,4,17,3.00,'Perfect +++++++++ i love it really also i get to fast ticket answers... Thanks Lot BOTBLE Teams','published','2024-03-11 00:14:16','2024-03-11 00:14:16','[\"products\\/4.jpg\",\"products\\/17-2.jpg\",\"products\\/23-2.jpg\"]'),(207,8,3,5.00,'This web app is really good in design, code quality & features. Besides, the customer support provided by the Botble team was really fast & helpful. You guys are awesome!','published','2024-03-11 00:14:16','2024-03-11 00:14:16','[\"products\\/5-2.jpg\",\"products\\/18-3.jpg\"]'),(209,6,9,4.00,'The code is good, in general, if you like it, can you give it 5 stars?','published','2024-03-11 00:14:16','2024-03-11 00:14:16','[\"products\\/2-1.jpg\",\"products\\/9.jpg\"]'),(214,1,11,2.00,'I Love this Script. I also found how to add other fees. Now I just wait the BIG update for the Marketplace with the Bulk Import. Just do not forget to make it to be Multi-language for us the Botble Fans.','published','2024-03-11 00:14:16','2024-03-11 00:14:16','[\"products\\/15-1.jpg\",\"products\\/21-1.jpg\",\"products\\/22.jpg\"]'),(216,4,12,2.00,'These guys are amazing! Responses immediately, amazing support and help... I immediately feel at ease after Purchasing..','published','2024-03-11 00:14:16','2024-03-11 00:14:16','[\"products\\/3.jpg\",\"products\\/19-1.jpg\"]'),(217,2,6,1.00,'Very enthusiastic support! Excellent code is written. It\'s a true pleasure working with.','published','2024-03-11 00:14:16','2024-03-11 00:14:16','[\"products\\/21.jpg\"]'),(219,1,6,4.00,'Customer Support are grade (A*), however the code is a way too over engineered for it\'s purpose.','published','2024-03-11 00:14:16','2024-03-11 00:14:16','[\"products\\/2-1.jpg\",\"products\\/9-1.jpg\",\"products\\/9.jpg\",\"products\\/23-3.jpg\"]'),(224,5,18,4.00,'The code is good, in general, if you like it, can you give it 5 stars?','published','2024-03-11 00:14:16','2024-03-11 00:14:16','[\"products\\/10-2.jpg\",\"products\\/12.jpg\",\"products\\/13.jpg\",\"products\\/22.jpg\"]'),(225,7,8,3.00,'Solution is too robust for our purpose so we didn\'t use it at the end. But I appreciate customer support during initial configuration.','published','2024-03-11 00:14:16','2024-03-11 00:14:16','[\"products\\/4-2.jpg\",\"products\\/11-3.jpg\",\"products\\/17.jpg\",\"products\\/19-1.jpg\"]'),(230,3,22,4.00,'This web app is really good in design, code quality & features. Besides, the customer support provided by the Botble team was really fast & helpful. You guys are awesome!','published','2024-03-11 00:14:16','2024-03-11 00:14:16','[\"products\\/10-2.jpg\",\"products\\/13-1.jpg\"]'),(234,6,4,5.00,'Ok good product. I have some issues in customizations. But its not correct to blame the developer. The product is good. Good luck for your business.','published','2024-03-11 00:14:16','2024-03-11 00:14:16','[\"products\\/5-2.jpg\",\"products\\/12.jpg\",\"products\\/17.jpg\",\"products\\/18-2.jpg\"]'),(235,1,18,3.00,'Second or third time that I buy a Botble product, happy with the products and support. You guys do a good job :)','published','2024-03-11 00:14:16','2024-03-11 00:14:16','[\"products\\/9-1.jpg\",\"products\\/20-2.jpg\",\"products\\/22-3.jpg\"]'),(237,8,18,4.00,'I Love this Script. I also found how to add other fees. Now I just wait the BIG update for the Marketplace with the Bulk Import. Just do not forget to make it to be Multi-language for us the Botble Fans.','published','2024-03-11 00:14:16','2024-03-11 00:14:16','[\"products\\/2-1.jpg\"]'),(238,4,4,4.00,'Second or third time that I buy a Botble product, happy with the products and support. You guys do a good job :)','published','2024-03-11 00:14:16','2024-03-11 00:14:16','[\"products\\/2-1.jpg\",\"products\\/12-1.jpg\",\"products\\/23.jpg\"]'),(239,8,22,3.00,'We have received brilliant service support and will be expanding the features with the developer. Nice product!','published','2024-03-11 00:14:16','2024-03-11 00:14:16','[\"products\\/1.jpg\"]'),(242,6,5,2.00,'Great system, great support, good job Botble. I\'m looking forward to more great functional plugins.','published','2024-03-11 00:14:16','2024-03-11 00:14:16','[\"products\\/2.jpg\"]'),(255,8,10,3.00,'Solution is too robust for our purpose so we didn\'t use it at the end. But I appreciate customer support during initial configuration.','published','2024-03-11 00:14:16','2024-03-11 00:14:16','[\"products\\/3.jpg\",\"products\\/17-2.jpg\",\"products\\/22-2.jpg\"]'),(259,1,20,3.00,'It\'s not my first experience here on Codecanyon and I can honestly tell you all that Botble puts a LOT of effort into the support. They answer so fast, they helped me tons of times. REALLY by far THE BEST EXPERIENCE on Codecanyon. Those guys at Botble are so good that they deserve 5 stars. I recommend them, I trust them and I can\'t wait to see what they will sell in a near future. Thank you Botble :)','published','2024-03-11 00:14:16','2024-03-11 00:14:16','[\"products\\/10-1.jpg\",\"products\\/18.jpg\",\"products\\/20.jpg\"]'),(260,1,1,4.00,'Amazing code, amazing support. Overall, im really confident in Botble and im happy I made the right choice! Thank you so much guys for coding this masterpiece','published','2024-03-11 00:14:16','2024-03-11 00:14:16','[\"products\\/4.jpg\",\"products\\/19-2.jpg\"]'),(262,10,22,5.00,'Best ecommerce CMS online store!','published','2024-03-11 00:14:16','2024-03-11 00:14:16','[\"products\\/10-2.jpg\",\"products\\/11-3.jpg\",\"products\\/12-2.jpg\",\"products\\/20-1.jpg\"]'),(264,7,9,1.00,'Amazing code, amazing support. Overall, im really confident in Botble and im happy I made the right choice! Thank you so much guys for coding this masterpiece','published','2024-03-11 00:14:16','2024-03-11 00:14:16','[\"products\\/8-2.jpg\"]'),(266,2,21,4.00,'These guys are amazing! Responses immediately, amazing support and help... I immediately feel at ease after Purchasing..','published','2024-03-11 00:14:16','2024-03-11 00:14:16','[\"products\\/14.jpg\",\"products\\/16.jpg\",\"products\\/18.jpg\"]'),(267,5,11,2.00,'Clean & perfect source code','published','2024-03-11 00:14:16','2024-03-11 00:14:16','[\"products\\/4.jpg\"]'),(268,3,21,5.00,'Great E-commerce system. And much more : Wonderful Customer Support.','published','2024-03-11 00:14:16','2024-03-11 00:14:16','[\"products\\/9-1.jpg\",\"products\\/19-2.jpg\"]'),(269,2,17,5.00,'The best store template! Excellent coding! Very good support! Thank you so much for all the help, I really appreciated.','published','2024-03-11 00:14:16','2024-03-11 00:14:16','[\"products\\/4-1.jpg\",\"products\\/6.jpg\",\"products\\/7.jpg\",\"products\\/12.jpg\"]'),(270,4,15,3.00,'Those guys now what they are doing, the release such a good product that it\'s a pleasure to work with ! Even when I was stuck on the project, I created a ticket and the next day it was replied by the team. GOOD JOB guys. I love working with them :)','published','2024-03-11 00:14:16','2024-03-11 00:14:16','[\"products\\/12-3.jpg\",\"products\\/14.jpg\",\"products\\/20-2.jpg\",\"products\\/22-1.jpg\"]'),(277,4,21,2.00,'Great system, great support, good job Botble. I\'m looking forward to more great functional plugins.','published','2024-03-11 00:14:16','2024-03-11 00:14:16','[\"products\\/13-1.jpg\",\"products\\/23-3.jpg\"]'),(281,5,23,4.00,'Good app, good backup service and support. Good documentation.','published','2024-03-11 00:14:16','2024-03-11 00:14:16','[\"products\\/5-2.jpg\",\"products\\/17-2.jpg\"]'),(290,9,23,2.00,'Customer Support are grade (A*), however the code is a way too over engineered for it\'s purpose.','published','2024-03-11 00:14:16','2024-03-11 00:14:16','[\"products\\/11-2.jpg\",\"products\\/20-1.jpg\"]'),(295,7,13,2.00,'The code is good, in general, if you like it, can you give it 5 stars?','published','2024-03-11 00:14:16','2024-03-11 00:14:16','[\"products\\/4-2.jpg\",\"products\\/11-3.jpg\",\"products\\/17-3.jpg\"]'),(296,9,11,1.00,'The best store template! Excellent coding! Very good support! Thank you so much for all the help, I really appreciated.','published','2024-03-11 00:14:16','2024-03-11 00:14:16','[\"products\\/5-1.jpg\",\"products\\/8-1.jpg\",\"products\\/15-1.jpg\"]'),(297,8,16,3.00,'Cool template. Excellent code quality. The support responds very quickly, which is very rare on themeforest and codecanyon.net, I buy a lot of templates, and everyone will have a response from technical support for two or three days. Thanks to tech support. I recommend to buy.','published','2024-03-11 00:14:16','2024-03-11 00:14:16','[\"products\\/2-2.jpg\",\"products\\/9-1.jpg\",\"products\\/9-2.jpg\",\"products\\/22-2.jpg\"]'),(299,2,16,1.00,'Very enthusiastic support! Excellent code is written. It\'s a true pleasure working with.','published','2024-03-11 00:14:16','2024-03-11 00:14:16','[\"products\\/18-3.jpg\"]'),(300,7,21,2.00,'Best ecommerce CMS online store!','published','2024-03-11 00:14:16','2024-03-11 00:14:16','[\"products\\/11-1.jpg\",\"products\\/23-3.jpg\"]'),(301,1,23,1.00,'Those guys now what they are doing, the release such a good product that it\'s a pleasure to work with ! Even when I was stuck on the project, I created a ticket and the next day it was replied by the team. GOOD JOB guys. I love working with them :)','published','2024-03-11 00:14:16','2024-03-11 00:14:16','[\"products\\/2-1.jpg\",\"products\\/5.jpg\",\"products\\/13.jpg\"]'),(302,3,1,3.00,'It\'s not my first experience here on Codecanyon and I can honestly tell you all that Botble puts a LOT of effort into the support. They answer so fast, they helped me tons of times. REALLY by far THE BEST EXPERIENCE on Codecanyon. Those guys at Botble are so good that they deserve 5 stars. I recommend them, I trust them and I can\'t wait to see what they will sell in a near future. Thank you Botble :)','published','2024-03-11 00:14:16','2024-03-11 00:14:16','[\"products\\/2.jpg\",\"products\\/5-1.jpg\",\"products\\/10-2.jpg\",\"products\\/11-2.jpg\"]'),(311,9,7,1.00,'Very enthusiastic support! Excellent code is written. It\'s a true pleasure working with.','published','2024-03-11 00:14:16','2024-03-11 00:14:16','[\"products\\/15.jpg\",\"products\\/22.jpg\"]'),(316,2,2,4.00,'The code is good, in general, if you like it, can you give it 5 stars?','published','2024-03-11 00:14:16','2024-03-11 00:14:16','[\"products\\/17.jpg\"]'),(317,2,9,3.00,'For me the best eCommerce script on Envato at this moment: modern, clean code, a lot of great features. The customer support is great too: I always get an answer within hours!','published','2024-03-11 00:14:16','2024-03-11 00:14:16','[\"products\\/4-3.jpg\",\"products\\/10.jpg\",\"products\\/21-1.jpg\"]'),(322,3,13,3.00,'Second or third time that I buy a Botble product, happy with the products and support. You guys do a good job :)','published','2024-03-11 00:14:16','2024-03-11 00:14:16','[\"products\\/22.jpg\"]'),(323,10,7,4.00,'Cool template. Excellent code quality. The support responds very quickly, which is very rare on themeforest and codecanyon.net, I buy a lot of templates, and everyone will have a response from technical support for two or three days. Thanks to tech support. I recommend to buy.','published','2024-03-11 00:14:16','2024-03-11 00:14:16','[\"products\\/4.jpg\",\"products\\/12.jpg\",\"products\\/15-1.jpg\",\"products\\/19-3.jpg\"]'),(325,8,9,3.00,'These guys are amazing! Responses immediately, amazing support and help... I immediately feel at ease after Purchasing..','published','2024-03-11 00:14:16','2024-03-11 00:14:16','[\"products\\/10.jpg\"]'),(331,1,21,3.00,'This web app is really good in design, code quality & features. Besides, the customer support provided by the Botble team was really fast & helpful. You guys are awesome!','published','2024-03-11 00:14:16','2024-03-11 00:14:16','[\"products\\/5-3.jpg\",\"products\\/18-1.jpg\"]'),(336,9,4,5.00,'The script is the best of its class, fast, easy to implement and work with , and the most important thing is the great support team , Recommend with no doubt.','published','2024-03-11 00:14:16','2024-03-11 00:14:16','[\"products\\/2-1.jpg\",\"products\\/19-1.jpg\"]'),(339,6,23,5.00,'This script is well coded and is super fast. The support is pretty quick. Very patient and helpful team. I strongly recommend it and they deserve more than 5 stars.','published','2024-03-11 00:14:16','2024-03-11 00:14:16','[\"products\\/4-2.jpg\",\"products\\/8.jpg\",\"products\\/11-1.jpg\",\"products\\/22.jpg\"]'),(344,5,13,4.00,'These guys are amazing! Responses immediately, amazing support and help... I immediately feel at ease after Purchasing..','published','2024-03-11 00:14:16','2024-03-11 00:14:16','[\"products\\/13.jpg\",\"products\\/22-1.jpg\",\"products\\/22.jpg\"]'),(347,10,17,1.00,'We have received brilliant service support and will be expanding the features with the developer. Nice product!','published','2024-03-11 00:14:16','2024-03-11 00:14:16','[\"products\\/1.jpg\",\"products\\/5.jpg\",\"products\\/12-2.jpg\",\"products\\/14.jpg\"]'),(355,6,19,2.00,'The best store template! Excellent coding! Very good support! Thank you so much for all the help, I really appreciated.','published','2024-03-11 00:14:16','2024-03-11 00:14:16','[\"products\\/4-1.jpg\",\"products\\/20-2.jpg\",\"products\\/21.jpg\"]'),(356,10,15,5.00,'It\'s not my first experience here on Codecanyon and I can honestly tell you all that Botble puts a LOT of effort into the support. They answer so fast, they helped me tons of times. REALLY by far THE BEST EXPERIENCE on Codecanyon. Those guys at Botble are so good that they deserve 5 stars. I recommend them, I trust them and I can\'t wait to see what they will sell in a near future. Thank you Botble :)','published','2024-03-11 00:14:16','2024-03-11 00:14:16','[\"products\\/12-1.jpg\"]'),(360,10,8,2.00,'The script is the best of its class, fast, easy to implement and work with , and the most important thing is the great support team , Recommend with no doubt.','published','2024-03-11 00:14:16','2024-03-11 00:14:16','[\"products\\/10-2.jpg\"]'),(370,4,22,3.00,'As a developer I reviewed this script. This is really awesome ecommerce script. I have convinced when I noticed that it\'s built on fully WordPress concept.','published','2024-03-11 00:14:16','2024-03-11 00:14:16','[\"products\\/10-2.jpg\",\"products\\/12-3.jpg\",\"products\\/16.jpg\",\"products\\/22-3.jpg\"]'),(377,10,12,2.00,'As a developer I reviewed this script. This is really awesome ecommerce script. I have convinced when I noticed that it\'s built on fully WordPress concept.','published','2024-03-11 00:14:16','2024-03-11 00:14:16','[\"products\\/4.jpg\",\"products\\/7.jpg\",\"products\\/8-3.jpg\",\"products\\/16.jpg\"]'),(380,7,17,4.00,'It\'s not my first experience here on Codecanyon and I can honestly tell you all that Botble puts a LOT of effort into the support. They answer so fast, they helped me tons of times. REALLY by far THE BEST EXPERIENCE on Codecanyon. Those guys at Botble are so good that they deserve 5 stars. I recommend them, I trust them and I can\'t wait to see what they will sell in a near future. Thank you Botble :)','published','2024-03-11 00:14:16','2024-03-11 00:14:16','[\"products\\/2.jpg\",\"products\\/8-2.jpg\",\"products\\/8-3.jpg\",\"products\\/22-2.jpg\"]'),(393,4,5,1.00,'As a developer I reviewed this script. This is really awesome ecommerce script. I have convinced when I noticed that it\'s built on fully WordPress concept.','published','2024-03-11 00:14:16','2024-03-11 00:14:16','[\"products\\/2-3.jpg\"]'),(399,2,3,3.00,'I Love this Script. I also found how to add other fees. Now I just wait the BIG update for the Marketplace with the Bulk Import. Just do not forget to make it to be Multi-language for us the Botble Fans.','published','2024-03-11 00:14:16','2024-03-11 00:14:16','[\"products\\/8-3.jpg\"]'),(403,5,9,4.00,'For me the best eCommerce script on Envato at this moment: modern, clean code, a lot of great features. The customer support is great too: I always get an answer within hours!','published','2024-03-11 00:14:16','2024-03-11 00:14:16','[\"products\\/2-1.jpg\",\"products\\/18-2.jpg\",\"products\\/18-3.jpg\"]'),(409,2,4,5.00,'As a developer I reviewed this script. This is really awesome ecommerce script. I have convinced when I noticed that it\'s built on fully WordPress concept.','published','2024-03-11 00:14:16','2024-03-11 00:14:16','[\"products\\/5-2.jpg\",\"products\\/12-1.jpg\"]'),(424,8,7,1.00,'Clean & perfect source code','published','2024-03-11 00:14:16','2024-03-11 00:14:16','[\"products\\/15-1.jpg\",\"products\\/17.jpg\"]'),(431,10,19,4.00,'The best ecommerce CMS! Excellent coding! best support service! Thank you so much..... I really like your hard work.','published','2024-03-11 00:14:16','2024-03-11 00:14:16','[\"products\\/9-1.jpg\",\"products\\/18.jpg\",\"products\\/20-1.jpg\"]'),(444,9,12,3.00,'This web app is really good in design, code quality & features. Besides, the customer support provided by the Botble team was really fast & helpful. You guys are awesome!','published','2024-03-11 00:14:16','2024-03-11 00:14:16','[\"products\\/8-2.jpg\",\"products\\/10-2.jpg\",\"products\\/18-3.jpg\",\"products\\/20-1.jpg\"]'),(458,3,12,3.00,'We have received brilliant service support and will be expanding the features with the developer. Nice product!','published','2024-03-11 00:14:16','2024-03-11 00:14:16','[\"products\\/7.jpg\",\"products\\/12-1.jpg\",\"products\\/22-3.jpg\"]'),(460,2,13,5.00,'Cool template. Excellent code quality. The support responds very quickly, which is very rare on themeforest and codecanyon.net, I buy a lot of templates, and everyone will have a response from technical support for two or three days. Thanks to tech support. I recommend to buy.','published','2024-03-11 00:14:16','2024-03-11 00:14:16','[\"products\\/17.jpg\"]'),(468,2,8,2.00,'Cool template. Excellent code quality. The support responds very quickly, which is very rare on themeforest and codecanyon.net, I buy a lot of templates, and everyone will have a response from technical support for two or three days. Thanks to tech support. I recommend to buy.','published','2024-03-11 00:14:16','2024-03-11 00:14:16','[\"products\\/21-1.jpg\"]'),(478,10,4,2.00,'These guys are amazing! Responses immediately, amazing support and help... I immediately feel at ease after Purchasing..','published','2024-03-11 00:14:16','2024-03-11 00:14:16','[\"products\\/5-3.jpg\",\"products\\/19-3.jpg\"]'),(482,5,19,5.00,'Good app, good backup service and support. Good documentation.','published','2024-03-11 00:14:16','2024-03-11 00:14:16','[\"products\\/10.jpg\"]'),(501,10,14,2.00,'As a developer I reviewed this script. This is really awesome ecommerce script. I have convinced when I noticed that it\'s built on fully WordPress concept.','published','2024-03-11 00:14:16','2024-03-11 00:14:16','[\"products\\/2.jpg\",\"products\\/7.jpg\",\"products\\/8-3.jpg\",\"products\\/22-3.jpg\"]'),(508,1,5,5.00,'Clean & perfect source code','published','2024-03-11 00:14:16','2024-03-11 00:14:16','[\"products\\/3.jpg\",\"products\\/5-1.jpg\",\"products\\/18-3.jpg\"]'),(510,9,10,4.00,'Customer Support are grade (A*), however the code is a way too over engineered for it\'s purpose.','published','2024-03-11 00:14:16','2024-03-11 00:14:16','[\"products\\/20-1.jpg\"]'),(518,9,6,1.00,'We have received brilliant service support and will be expanding the features with the developer. Nice product!','published','2024-03-11 00:14:16','2024-03-11 00:14:16','[\"products\\/5-3.jpg\",\"products\\/22-2.jpg\"]'),(523,7,2,2.00,'Amazing code, amazing support. Overall, im really confident in Botble and im happy I made the right choice! Thank you so much guys for coding this masterpiece','published','2024-03-11 00:14:16','2024-03-11 00:14:16','[\"products\\/19-2.jpg\"]'),(536,5,10,3.00,'The script is the best of its class, fast, easy to implement and work with , and the most important thing is the great support team , Recommend with no doubt.','published','2024-03-11 00:14:16','2024-03-11 00:14:16','[\"products\\/20.jpg\"]'),(545,9,3,4.00,'These guys are amazing! Responses immediately, amazing support and help... I immediately feel at ease after Purchasing..','published','2024-03-11 00:14:16','2024-03-11 00:14:16','[\"products\\/15-1.jpg\",\"products\\/15.jpg\",\"products\\/17-3.jpg\"]'),(556,3,23,4.00,'Very enthusiastic support! Excellent code is written. It\'s a true pleasure working with.','published','2024-03-11 00:14:16','2024-03-11 00:14:16','[\"products\\/17-3.jpg\",\"products\\/20-3.jpg\",\"products\\/22-2.jpg\"]'),(558,6,21,2.00,'Perfect +++++++++ i love it really also i get to fast ticket answers... Thanks Lot BOTBLE Teams','published','2024-03-11 00:14:16','2024-03-11 00:14:16','[\"products\\/18-2.jpg\"]'),(559,7,14,3.00,'Customer Support are grade (A*), however the code is a way too over engineered for it\'s purpose.','published','2024-03-11 00:14:16','2024-03-11 00:14:16','[\"products\\/15.jpg\",\"products\\/17.jpg\"]'),(571,9,2,4.00,'This web app is really good in design, code quality & features. Besides, the customer support provided by the Botble team was really fast & helpful. You guys are awesome!','published','2024-03-11 00:14:16','2024-03-11 00:14:16','[\"products\\/11-1.jpg\",\"products\\/12-3.jpg\"]'),(586,6,22,5.00,'Solution is too robust for our purpose so we didn\'t use it at the end. But I appreciate customer support during initial configuration.','published','2024-03-11 00:14:16','2024-03-11 00:14:16','[\"products\\/2-1.jpg\"]'),(587,5,20,5.00,'Customer Support are grade (A*), however the code is a way too over engineered for it\'s purpose.','published','2024-03-11 00:14:16','2024-03-11 00:14:16','[\"products\\/12-3.jpg\",\"products\\/18.jpg\",\"products\\/22.jpg\"]'),(598,3,5,1.00,'Perfect +++++++++ i love it really also i get to fast ticket answers... Thanks Lot BOTBLE Teams','published','2024-03-11 00:14:16','2024-03-11 00:14:16','[\"products\\/4.jpg\",\"products\\/8-1.jpg\",\"products\\/19-1.jpg\"]'),(602,6,10,1.00,'Solution is too robust for our purpose so we didn\'t use it at the end. But I appreciate customer support during initial configuration.','published','2024-03-11 00:14:16','2024-03-11 00:14:16','[\"products\\/4-1.jpg\",\"products\\/22-2.jpg\"]'),(613,2,18,3.00,'Cool template. Excellent code quality. The support responds very quickly, which is very rare on themeforest and codecanyon.net, I buy a lot of templates, and everyone will have a response from technical support for two or three days. Thanks to tech support. I recommend to buy.','published','2024-03-11 00:14:16','2024-03-11 00:14:16','[\"products\\/4-3.jpg\",\"products\\/8-1.jpg\"]'),(633,1,9,4.00,'The code is good, in general, if you like it, can you give it 5 stars?','published','2024-03-11 00:14:16','2024-03-11 00:14:16','[\"products\\/4-1.jpg\",\"products\\/9-2.jpg\",\"products\\/17-3.jpg\"]'),(638,7,20,1.00,'Amazing code, amazing support. Overall, im really confident in Botble and im happy I made the right choice! Thank you so much guys for coding this masterpiece','published','2024-03-11 00:14:16','2024-03-11 00:14:16','[\"products\\/19.jpg\"]'),(641,8,13,4.00,'Those guys now what they are doing, the release such a good product that it\'s a pleasure to work with ! Even when I was stuck on the project, I created a ticket and the next day it was replied by the team. GOOD JOB guys. I love working with them :)','published','2024-03-11 00:14:16','2024-03-11 00:14:16','[\"products\\/2.jpg\",\"products\\/17-3.jpg\"]'),(677,10,21,4.00,'Solution is too robust for our purpose so we didn\'t use it at the end. But I appreciate customer support during initial configuration.','published','2024-03-11 00:14:16','2024-03-11 00:14:16','[\"products\\/8-3.jpg\"]'),(726,6,6,3.00,'Best ecommerce CMS online store!','published','2024-03-11 00:14:16','2024-03-11 00:14:16','[\"products\\/2-2.jpg\",\"products\\/5-1.jpg\",\"products\\/6.jpg\",\"products\\/18-3.jpg\"]'),(736,3,20,5.00,'The best store template! Excellent coding! Very good support! Thank you so much for all the help, I really appreciated.','published','2024-03-11 00:14:16','2024-03-11 00:14:16','[\"products\\/2-2.jpg\",\"products\\/4-2.jpg\",\"products\\/16.jpg\"]'),(745,6,12,2.00,'Great E-commerce system. And much more : Wonderful Customer Support.','published','2024-03-11 00:14:16','2024-03-11 00:14:16','[\"products\\/17.jpg\",\"products\\/21-2.jpg\",\"products\\/23-2.jpg\"]'),(774,7,4,3.00,'The best ecommerce CMS! Excellent coding! best support service! Thank you so much..... I really like your hard work.','published','2024-03-11 00:14:16','2024-03-11 00:14:16','[\"products\\/6.jpg\",\"products\\/11-1.jpg\",\"products\\/22-3.jpg\"]'),(823,8,23,2.00,'I Love this Script. I also found how to add other fees. Now I just wait the BIG update for the Marketplace with the Bulk Import. Just do not forget to make it to be Multi-language for us the Botble Fans.','published','2024-03-11 00:14:16','2024-03-11 00:14:16','[\"products\\/11.jpg\",\"products\\/13.jpg\",\"products\\/22-2.jpg\"]'),(839,6,17,1.00,'Cool template. Excellent code quality. The support responds very quickly, which is very rare on themeforest and codecanyon.net, I buy a lot of templates, and everyone will have a response from technical support for two or three days. Thanks to tech support. I recommend to buy.','published','2024-03-11 00:14:16','2024-03-11 00:14:16','[\"products\\/2-3.jpg\",\"products\\/8-1.jpg\",\"products\\/15.jpg\",\"products\\/19.jpg\"]'),(874,2,20,3.00,'Great system, great support, good job Botble. I\'m looking forward to more great functional plugins.','published','2024-03-11 00:14:16','2024-03-11 00:14:16','[\"products\\/1.jpg\",\"products\\/2-1.jpg\",\"products\\/19-2.jpg\"]'),(905,2,14,5.00,'Second or third time that I buy a Botble product, happy with the products and support. You guys do a good job :)','published','2024-03-11 00:14:16','2024-03-11 00:14:16','[\"products\\/8-3.jpg\"]'),(975,9,1,2.00,'Great E-commerce system. And much more : Wonderful Customer Support.','published','2024-03-11 00:14:16','2024-03-11 00:14:16','[\"products\\/8-3.jpg\",\"products\\/17-3.jpg\",\"products\\/20-2.jpg\",\"products\\/23-1.jpg\"]');

--
-- Table structure for table `ec_shipment_histories`
--

CREATE TABLE `ec_shipment_histories` (
  `id` bigint unsigned NOT NULL AUTO_INCREMENT,
  `action` varchar(120) COLLATE utf8mb4_unicode_ci NOT NULL,
  `description` varchar(400) COLLATE utf8mb4_unicode_ci DEFAULT NULL,
  `user_id` bigint unsigned DEFAULT NULL,
  `shipment_id` bigint unsigned NOT NULL,
  `order_id` bigint unsigned NOT NULL,
  `created_at` timestamp NULL DEFAULT NULL,
  `updated_at` timestamp NULL DEFAULT NULL,
  `user_type` varchar(255) COLLATE utf8mb4_unicode_ci NOT NULL DEFAULT 'Botble\\ACL\\Models\\User',
  PRIMARY KEY (`id`)
) ENGINE=InnoDB AUTO_INCREMENT=92 DEFAULT CHARSET=utf8mb4 COLLATE=utf8mb4_unicode_ci;

--
-- Dumping data for table `ec_shipment_histories`
--

INSERT INTO `ec_shipment_histories` VALUES (1,'create_from_order','Shipping was created from order %order_id%',0,1,1,'2024-02-28 08:14:21','2024-02-28 08:14:21','Botble\\ACL\\Models\\User'),(2,'update_status','Changed status of shipping to: Approved. Updated by: %user_name%',0,1,1,'2024-03-09 08:14:22','2024-03-11 00:14:22','Botble\\ACL\\Models\\User'),(3,'create_from_order','Shipping was created from order %order_id%',0,2,2,'2024-03-01 00:14:22','2024-03-01 00:14:22','Botble\\ACL\\Models\\User'),(4,'update_status','Changed status of shipping to: Approved. Updated by: %user_name%',0,2,2,'2024-03-09 08:14:22','2024-03-11 00:14:22','Botble\\ACL\\Models\\User'),(5,'create_from_order','Shipping was created from order %order_id%',0,3,3,'2024-03-07 20:14:22','2024-03-07 20:14:22','Botble\\ACL\\Models\\User'),(6,'update_status','Changed status of shipping to: Approved. Updated by: %user_name%',0,3,3,'2024-03-09 10:14:22','2024-03-11 00:14:22','Botble\\ACL\\Models\\User'),(7,'create_from_order','Shipping was created from order %order_id%',0,4,4,'2024-03-01 12:14:22','2024-03-01 12:14:22','Botble\\ACL\\Models\\User'),(8,'update_status','Changed status of shipping to: Approved. Updated by: %user_name%',0,4,4,'2024-03-09 10:14:22','2024-03-11 00:14:22','Botble\\ACL\\Models\\User'),(9,'update_status','Changed status of shipping to: Delivered. Updated by: %user_name%',0,4,4,'2024-03-11 00:14:22','2024-03-11 00:14:22','Botble\\ACL\\Models\\User'),(10,'create_from_order','Shipping was created from order %order_id%',0,5,5,'2024-02-25 00:14:22','2024-02-25 00:14:22','Botble\\ACL\\Models\\User'),(11,'update_status','Changed status of shipping to: Approved. Updated by: %user_name%',0,5,5,'2024-03-09 12:14:22','2024-03-11 00:14:22','Botble\\ACL\\Models\\User'),(12,'update_status','Changed status of shipping to: Delivered. Updated by: %user_name%',0,5,5,'2024-03-11 00:14:22','2024-03-11 00:14:22','Botble\\ACL\\Models\\User'),(13,'create_from_order','Shipping was created from order %order_id%',0,6,7,'2024-03-08 04:14:23','2024-03-08 04:14:23','Botble\\ACL\\Models\\User'),(14,'update_status','Changed status of shipping to: Approved. Updated by: %user_name%',0,6,7,'2024-03-09 14:14:23','2024-03-11 00:14:23','Botble\\ACL\\Models\\User'),(15,'update_status','Changed status of shipping to: Delivered. Updated by: %user_name%',0,6,7,'2024-03-11 00:14:23','2024-03-11 00:14:23','Botble\\ACL\\Models\\User'),(16,'create_from_order','Shipping was created from order %order_id%',0,7,9,'2024-03-08 08:14:23','2024-03-08 08:14:23','Botble\\ACL\\Models\\User'),(17,'update_status','Changed status of shipping to: Approved. Updated by: %user_name%',0,7,9,'2024-03-09 16:14:23','2024-03-11 00:14:23','Botble\\ACL\\Models\\User'),(18,'create_from_order','Shipping was created from order %order_id%',0,8,10,'2024-03-05 16:14:23','2024-03-05 16:14:23','Botble\\ACL\\Models\\User'),(19,'update_status','Changed status of shipping to: Approved. Updated by: %user_name%',0,8,10,'2024-03-09 16:14:23','2024-03-11 00:14:23','Botble\\ACL\\Models\\User'),(20,'create_from_order','Shipping was created from order %order_id%',0,9,11,'2024-02-28 18:14:23','2024-02-28 18:14:23','Botble\\ACL\\Models\\User'),(21,'update_status','Changed status of shipping to: Approved. Updated by: %user_name%',0,9,11,'2024-03-09 18:14:23','2024-03-11 00:14:23','Botble\\ACL\\Models\\User'),(22,'update_status','Changed status of shipping to: Delivered. Updated by: %user_name%',0,9,11,'2024-03-11 00:14:24','2024-03-11 00:14:24','Botble\\ACL\\Models\\User'),(23,'create_from_order','Shipping was created from order %order_id%',0,10,13,'2024-03-01 16:14:24','2024-03-01 16:14:24','Botble\\ACL\\Models\\User'),(24,'update_status','Changed status of shipping to: Approved. Updated by: %user_name%',0,10,13,'2024-03-09 20:14:24','2024-03-11 00:14:24','Botble\\ACL\\Models\\User'),(25,'create_from_order','Shipping was created from order %order_id%',0,11,15,'2024-03-01 16:14:24','2024-03-01 16:14:24','Botble\\ACL\\Models\\User'),(26,'update_status','Changed status of shipping to: Approved. Updated by: %user_name%',0,11,15,'2024-03-09 20:14:24','2024-03-11 00:14:24','Botble\\ACL\\Models\\User'),(27,'update_status','Changed status of shipping to: Delivered. Updated by: %user_name%',0,11,15,'2024-03-11 00:14:24','2024-03-11 00:14:24','Botble\\ACL\\Models\\User'),(28,'create_from_order','Shipping was created from order %order_id%',0,12,16,'2024-03-01 06:14:24','2024-03-01 06:14:24','Botble\\ACL\\Models\\User'),(29,'update_status','Changed status of shipping to: Approved. Updated by: %user_name%',0,12,16,'2024-03-09 22:14:24','2024-03-11 00:14:24','Botble\\ACL\\Models\\User'),(30,'create_from_order','Shipping was created from order %order_id%',0,13,17,'2024-03-03 10:14:24','2024-03-03 10:14:24','Botble\\ACL\\Models\\User'),(31,'update_status','Changed status of shipping to: Approved. Updated by: %user_name%',0,13,17,'2024-03-09 22:14:25','2024-03-11 00:14:25','Botble\\ACL\\Models\\User'),(32,'create_from_order','Shipping was created from order %order_id%',0,14,19,'2024-03-10 00:14:25','2024-03-10 00:14:25','Botble\\ACL\\Models\\User'),(33,'update_status','Changed status of shipping to: Approved. Updated by: %user_name%',0,14,19,'2024-03-10 00:14:25','2024-03-11 00:14:25','Botble\\ACL\\Models\\User'),(34,'create_from_order','Shipping was created from order %order_id%',0,15,21,'2024-03-05 12:14:25','2024-03-05 12:14:25','Botble\\ACL\\Models\\User'),(35,'update_status','Changed status of shipping to: Approved. Updated by: %user_name%',0,15,21,'2024-03-10 02:14:25','2024-03-11 00:14:25','Botble\\ACL\\Models\\User'),(36,'create_from_order','Shipping was created from order %order_id%',0,16,22,'2024-03-09 04:14:25','2024-03-09 04:14:25','Botble\\ACL\\Models\\User'),(37,'update_status','Changed status of shipping to: Approved. Updated by: %user_name%',0,16,22,'2024-03-10 02:14:26','2024-03-11 00:14:26','Botble\\ACL\\Models\\User'),(38,'create_from_order','Shipping was created from order %order_id%',0,17,23,'2024-03-05 12:14:26','2024-03-05 12:14:26','Botble\\ACL\\Models\\User'),(39,'update_status','Changed status of shipping to: Approved. Updated by: %user_name%',0,17,23,'2024-03-10 02:14:26','2024-03-11 00:14:26','Botble\\ACL\\Models\\User'),(40,'create_from_order','Shipping was created from order %order_id%',0,18,24,'2024-03-09 08:14:26','2024-03-09 08:14:26','Botble\\ACL\\Models\\User'),(41,'update_status','Changed status of shipping to: Approved. Updated by: %user_name%',0,18,24,'2024-03-10 04:14:26','2024-03-11 00:14:26','Botble\\ACL\\Models\\User'),(42,'create_from_order','Shipping was created from order %order_id%',0,19,25,'2024-03-09 12:14:26','2024-03-09 12:14:26','Botble\\ACL\\Models\\User'),(43,'update_status','Changed status of shipping to: Approved. Updated by: %user_name%',0,19,25,'2024-03-10 06:14:26','2024-03-11 00:14:26','Botble\\ACL\\Models\\User'),(44,'update_status','Changed status of shipping to: Delivered. Updated by: %user_name%',0,19,25,'2024-03-11 00:14:26','2024-03-11 00:14:26','Botble\\ACL\\Models\\User'),(45,'create_from_order','Shipping was created from order %order_id%',0,20,26,'2024-03-08 00:14:26','2024-03-08 00:14:26','Botble\\ACL\\Models\\User'),(46,'update_status','Changed status of shipping to: Approved. Updated by: %user_name%',0,20,26,'2024-03-10 06:14:26','2024-03-11 00:14:26','Botble\\ACL\\Models\\User'),(47,'update_status','Changed status of shipping to: Delivered. Updated by: %user_name%',0,20,26,'2024-03-11 00:14:26','2024-03-11 00:14:26','Botble\\ACL\\Models\\User'),(48,'create_from_order','Shipping was created from order %order_id%',0,21,27,'2024-03-08 00:14:26','2024-03-08 00:14:26','Botble\\ACL\\Models\\User'),(49,'update_status','Changed status of shipping to: Approved. Updated by: %user_name%',0,21,27,'2024-03-10 06:14:27','2024-03-11 00:14:27','Botble\\ACL\\Models\\User'),(50,'update_status','Changed status of shipping to: Delivered. Updated by: %user_name%',0,21,27,'2024-03-11 00:14:27','2024-03-11 00:14:27','Botble\\ACL\\Models\\User'),(51,'create_from_order','Shipping was created from order %order_id%',0,22,28,'2024-03-07 16:14:27','2024-03-07 16:14:27','Botble\\ACL\\Models\\User'),(52,'update_status','Changed status of shipping to: Approved. Updated by: %user_name%',0,22,28,'2024-03-10 08:14:27','2024-03-11 00:14:27','Botble\\ACL\\Models\\User'),(53,'update_status','Changed status of shipping to: Delivered. Updated by: %user_name%',0,22,28,'2024-03-11 00:14:27','2024-03-11 00:14:27','Botble\\ACL\\Models\\User'),(54,'create_from_order','Shipping was created from order %order_id%',0,23,29,'2024-03-08 08:14:27','2024-03-08 08:14:27','Botble\\ACL\\Models\\User'),(55,'update_status','Changed status of shipping to: Approved. Updated by: %user_name%',0,23,29,'2024-03-10 08:14:27','2024-03-11 00:14:27','Botble\\ACL\\Models\\User'),(56,'create_from_order','Shipping was created from order %order_id%',0,24,30,'2024-03-05 16:14:27','2024-03-05 16:14:27','Botble\\ACL\\Models\\User'),(57,'update_status','Changed status of shipping to: Approved. Updated by: %user_name%',0,24,30,'2024-03-10 08:14:27','2024-03-11 00:14:27','Botble\\ACL\\Models\\User'),(58,'create_from_order','Shipping was created from order %order_id%',0,25,31,'2024-03-07 12:14:27','2024-03-07 12:14:27','Botble\\ACL\\Models\\User'),(59,'update_status','Changed status of shipping to: Approved. Updated by: %user_name%',0,25,31,'2024-03-10 10:14:27','2024-03-11 00:14:27','Botble\\ACL\\Models\\User'),(60,'update_status','Changed status of shipping to: Delivered. Updated by: %user_name%',0,25,31,'2024-03-11 00:14:27','2024-03-11 00:14:27','Botble\\ACL\\Models\\User'),(61,'create_from_order','Shipping was created from order %order_id%',0,26,32,'2024-03-10 10:14:27','2024-03-10 10:14:27','Botble\\ACL\\Models\\User'),(62,'update_status','Changed status of shipping to: Approved. Updated by: %user_name%',0,26,32,'2024-03-10 10:14:27','2024-03-11 00:14:27','Botble\\ACL\\Models\\User'),(63,'update_status','Changed status of shipping to: Delivered. Updated by: %user_name%',0,26,32,'2024-03-11 00:14:27','2024-03-11 00:14:27','Botble\\ACL\\Models\\User'),(64,'create_from_order','Shipping was created from order %order_id%',0,27,35,'2024-03-09 12:14:28','2024-03-09 12:14:28','Botble\\ACL\\Models\\User'),(65,'update_status','Changed status of shipping to: Approved. Updated by: %user_name%',0,27,35,'2024-03-10 12:14:28','2024-03-11 00:14:28','Botble\\ACL\\Models\\User'),(66,'create_from_order','Shipping was created from order %order_id%',0,28,36,'2024-03-08 22:14:28','2024-03-08 22:14:28','Botble\\ACL\\Models\\User'),(67,'update_status','Changed status of shipping to: Approved. Updated by: %user_name%',0,28,36,'2024-03-10 14:14:28','2024-03-11 00:14:28','Botble\\ACL\\Models\\User'),(68,'update_cod_status','Updated COD status to Completed . Updated by: %user_name%',0,28,36,'2024-03-11 00:14:28','2024-03-11 00:14:28','Botble\\ACL\\Models\\User'),(69,'update_status','Changed status of shipping to: Delivered. Updated by: %user_name%',0,28,36,'2024-03-11 00:14:28','2024-03-11 00:14:28','Botble\\ACL\\Models\\User'),(70,'create_from_order','Shipping was created from order %order_id%',0,29,37,'2024-03-06 20:14:28','2024-03-06 20:14:28','Botble\\ACL\\Models\\User'),(71,'update_status','Changed status of shipping to: Approved. Updated by: %user_name%',0,29,37,'2024-03-10 14:14:28','2024-03-11 00:14:28','Botble\\ACL\\Models\\User'),(72,'update_status','Changed status of shipping to: Delivered. Updated by: %user_name%',0,29,37,'2024-03-11 00:14:28','2024-03-11 00:14:28','Botble\\ACL\\Models\\User'),(73,'create_from_order','Shipping was created from order %order_id%',0,30,38,'2024-03-09 16:14:28','2024-03-09 16:14:28','Botble\\ACL\\Models\\User'),(74,'update_status','Changed status of shipping to: Approved. Updated by: %user_name%',0,30,38,'2024-03-10 16:14:29','2024-03-11 00:14:29','Botble\\ACL\\Models\\User'),(75,'update_status','Changed status of shipping to: Delivered. Updated by: %user_name%',0,30,38,'2024-03-11 00:14:29','2024-03-11 00:14:29','Botble\\ACL\\Models\\User'),(76,'create_from_order','Shipping was created from order %order_id%',0,31,39,'2024-03-07 16:14:29','2024-03-07 16:14:29','Botble\\ACL\\Models\\User'),(77,'update_status','Changed status of shipping to: Approved. Updated by: %user_name%',0,31,39,'2024-03-10 16:14:29','2024-03-11 00:14:29','Botble\\ACL\\Models\\User'),(78,'create_from_order','Shipping was created from order %order_id%',0,32,40,'2024-03-10 00:14:29','2024-03-10 00:14:29','Botble\\ACL\\Models\\User'),(79,'update_status','Changed status of shipping to: Approved. Updated by: %user_name%',0,32,40,'2024-03-10 18:14:29','2024-03-11 00:14:29','Botble\\ACL\\Models\\User'),(80,'update_status','Changed status of shipping to: Delivered. Updated by: %user_name%',0,32,40,'2024-03-11 00:14:29','2024-03-11 00:14:29','Botble\\ACL\\Models\\User'),(81,'create_from_order','Shipping was created from order %order_id%',0,33,41,'2024-03-09 12:14:29','2024-03-09 12:14:29','Botble\\ACL\\Models\\User'),(82,'update_status','Changed status of shipping to: Approved. Updated by: %user_name%',0,33,41,'2024-03-10 18:14:29','2024-03-11 00:14:29','Botble\\ACL\\Models\\User'),(83,'update_status','Changed status of shipping to: Delivered. Updated by: %user_name%',0,33,41,'2024-03-11 00:14:29','2024-03-11 00:14:29','Botble\\ACL\\Models\\User'),(84,'create_from_order','Shipping was created from order %order_id%',0,34,42,'2024-03-09 16:14:29','2024-03-09 16:14:29','Botble\\ACL\\Models\\User'),(85,'update_status','Changed status of shipping to: Approved. Updated by: %user_name%',0,34,42,'2024-03-10 20:14:29','2024-03-11 00:14:29','Botble\\ACL\\Models\\User'),(86,'update_status','Changed status of shipping to: Delivered. Updated by: %user_name%',0,34,42,'2024-03-11 00:14:29','2024-03-11 00:14:29','Botble\\ACL\\Models\\User'),(87,'create_from_order','Shipping was created from order %order_id%',0,35,43,'2024-03-10 08:14:29','2024-03-10 08:14:29','Botble\\ACL\\Models\\User'),(88,'update_status','Changed status of shipping to: Approved. Updated by: %user_name%',0,35,43,'2024-03-10 20:14:30','2024-03-11 00:14:30','Botble\\ACL\\Models\\User'),(89,'update_status','Changed status of shipping to: Delivered. Updated by: %user_name%',0,35,43,'2024-03-11 00:14:30','2024-03-11 00:14:30','Botble\\ACL\\Models\\User'),(90,'create_from_order','Shipping was created from order %order_id%',0,36,45,'2024-03-10 08:14:30','2024-03-10 08:14:30','Botble\\ACL\\Models\\User'),(91,'update_status','Changed status of shipping to: Approved. Updated by: %user_name%',0,36,45,'2024-03-10 22:14:30','2024-03-11 00:14:30','Botble\\ACL\\Models\\User');

--
-- Table structure for table `ec_shipments`
--

CREATE TABLE `ec_shipments` (
  `id` bigint unsigned NOT NULL AUTO_INCREMENT,
  `order_id` bigint unsigned NOT NULL,
  `user_id` bigint unsigned DEFAULT NULL,
  `weight` double(8,2) DEFAULT '0.00',
  `shipment_id` varchar(120) COLLATE utf8mb4_unicode_ci DEFAULT NULL,
  `rate_id` varchar(120) COLLATE utf8mb4_unicode_ci DEFAULT NULL,
  `note` varchar(120) COLLATE utf8mb4_unicode_ci DEFAULT NULL,
  `status` varchar(120) COLLATE utf8mb4_unicode_ci NOT NULL DEFAULT 'pending',
  `cod_amount` decimal(15,2) DEFAULT '0.00',
  `cod_status` varchar(60) COLLATE utf8mb4_unicode_ci NOT NULL DEFAULT 'pending',
  `cross_checking_status` varchar(60) COLLATE utf8mb4_unicode_ci NOT NULL DEFAULT 'pending',
  `price` decimal(15,2) DEFAULT '0.00',
  `store_id` bigint unsigned DEFAULT NULL,
  `created_at` timestamp NULL DEFAULT NULL,
  `updated_at` timestamp NULL DEFAULT NULL,
  `tracking_id` varchar(255) COLLATE utf8mb4_unicode_ci DEFAULT NULL,
  `shipping_company_name` varchar(255) COLLATE utf8mb4_unicode_ci DEFAULT NULL,
  `tracking_link` varchar(255) COLLATE utf8mb4_unicode_ci DEFAULT NULL,
  `estimate_date_shipped` datetime DEFAULT NULL,
  `date_shipped` datetime DEFAULT NULL,
  `label_url` text COLLATE utf8mb4_unicode_ci,
  `metadata` mediumtext COLLATE utf8mb4_unicode_ci,
  PRIMARY KEY (`id`)
) ENGINE=InnoDB AUTO_INCREMENT=37 DEFAULT CHARSET=utf8mb4 COLLATE=utf8mb4_unicode_ci;

--
-- Dumping data for table `ec_shipments`
--

INSERT INTO `ec_shipments` VALUES (1,1,NULL,3971.00,NULL,NULL,'','approved',0.00,'completed','pending',0.00,0,'2024-03-11 00:14:22','2024-03-11 00:14:22','JJD004291957','AliExpress','https://mydhl.express.dhl/us/en/tracking.html#/track-by-reference','2024-03-12 07:14:22',NULL,NULL,NULL),(2,2,NULL,681.00,NULL,NULL,'','approved',0.00,'completed','pending',0.00,0,'2024-03-11 00:14:22','2024-03-11 00:14:22','JJD0037931715','FastShipping','https://mydhl.express.dhl/us/en/tracking.html#/track-by-reference','2024-03-14 07:14:22',NULL,NULL,NULL),(3,3,NULL,1184.00,NULL,NULL,'','approved',1266.00,'pending','pending',0.00,0,'2024-03-11 00:14:22','2024-03-11 00:14:22','JJD009480915','GHN','https://mydhl.express.dhl/us/en/tracking.html#/track-by-reference','2024-03-15 07:14:22',NULL,NULL,NULL),(4,4,NULL,3781.00,NULL,NULL,'','delivered',0.00,'completed','pending',0.00,0,'2024-03-11 00:14:22','2024-03-11 00:14:22','JJD0077578425','AliExpress','https://mydhl.express.dhl/us/en/tracking.html#/track-by-reference','2024-03-14 07:14:22','2024-03-11 07:14:22',NULL,NULL),(5,5,NULL,4808.00,NULL,NULL,'','delivered',0.00,'completed','pending',0.00,0,'2024-03-11 00:14:22','2024-03-11 00:14:22','JJD0049233970','GHN','https://mydhl.express.dhl/us/en/tracking.html#/track-by-reference','2024-03-14 07:14:22','2024-03-11 07:14:22',NULL,NULL),(6,7,NULL,1228.00,NULL,NULL,'','delivered',0.00,'completed','pending',0.00,0,'2024-03-11 00:14:23','2024-03-11 00:14:23','JJD0074706647','AliExpress','https://mydhl.express.dhl/us/en/tracking.html#/track-by-reference','2024-03-20 07:14:23','2024-03-11 07:14:23',NULL,NULL),(7,9,NULL,1166.00,NULL,NULL,'','approved',0.00,'completed','pending',0.00,0,'2024-03-11 00:14:23','2024-03-11 00:14:23','JJD0062547118','FastShipping','https://mydhl.express.dhl/us/en/tracking.html#/track-by-reference','2024-03-17 07:14:23',NULL,NULL,NULL),(8,10,NULL,3842.00,NULL,NULL,'','approved',0.00,'completed','pending',0.00,0,'2024-03-11 00:14:23','2024-03-11 00:14:23','JJD0017213737','AliExpress','https://mydhl.express.dhl/us/en/tracking.html#/track-by-reference','2024-03-20 07:14:23',NULL,NULL,NULL),(9,11,NULL,3556.00,NULL,NULL,'','delivered',0.00,'completed','pending',0.00,0,'2024-03-11 00:14:23','2024-03-11 00:14:23','JJD0083987708','FastShipping','https://mydhl.express.dhl/us/en/tracking.html#/track-by-reference','2024-03-15 07:14:23','2024-03-11 07:14:23',NULL,NULL),(10,13,NULL,2699.00,NULL,NULL,'','approved',0.00,'completed','pending',0.00,0,'2024-03-11 00:14:24','2024-03-11 00:14:24','JJD0097881054','FastShipping','https://mydhl.express.dhl/us/en/tracking.html#/track-by-reference','2024-03-21 07:14:24',NULL,NULL,NULL),(11,15,NULL,556.00,NULL,NULL,'','delivered',0.00,'completed','pending',0.00,0,'2024-03-11 00:14:24','2024-03-11 00:14:24','JJD0067020374','FastShipping','https://mydhl.express.dhl/us/en/tracking.html#/track-by-reference','2024-03-13 07:14:24','2024-03-11 07:14:24',NULL,NULL),(12,16,NULL,3266.00,NULL,NULL,'','approved',0.00,'completed','pending',0.00,0,'2024-03-11 00:14:24','2024-03-11 00:14:24','JJD0062883732','DHL','https://mydhl.express.dhl/us/en/tracking.html#/track-by-reference','2024-03-19 07:14:24',NULL,NULL,NULL),(13,17,NULL,712.00,NULL,NULL,'','approved',0.00,'completed','pending',0.00,0,'2024-03-11 00:14:25','2024-03-11 00:14:25','JJD0097771641','DHL','https://mydhl.express.dhl/us/en/tracking.html#/track-by-reference','2024-03-16 07:14:25',NULL,NULL,NULL),(14,19,NULL,2724.00,NULL,NULL,'','approved',0.00,'completed','pending',0.00,0,'2024-03-11 00:14:25','2024-03-11 00:14:25','JJD0020578702','FastShipping','https://mydhl.express.dhl/us/en/tracking.html#/track-by-reference','2024-03-16 07:14:25',NULL,NULL,NULL),(15,21,NULL,779.00,NULL,NULL,'','approved',0.00,'completed','pending',0.00,0,'2024-03-11 00:14:25','2024-03-11 00:14:25','JJD0090516459','FastShipping','https://mydhl.express.dhl/us/en/tracking.html#/track-by-reference','2024-03-20 07:14:25',NULL,NULL,NULL),(16,22,NULL,2883.00,NULL,NULL,'','approved',0.00,'completed','pending',0.00,0,'2024-03-11 00:14:26','2024-03-11 00:14:26','JJD0030564417','GHN','https://mydhl.express.dhl/us/en/tracking.html#/track-by-reference','2024-03-13 07:14:26',NULL,NULL,NULL),(17,23,NULL,1668.00,NULL,NULL,'','approved',2808.00,'pending','pending',0.00,0,'2024-03-11 00:14:26','2024-03-11 00:14:26','JJD0056310086','GHN','https://mydhl.express.dhl/us/en/tracking.html#/track-by-reference','2024-03-19 07:14:26',NULL,NULL,NULL),(18,24,NULL,3030.00,NULL,NULL,'','approved',0.00,'completed','pending',0.00,0,'2024-03-11 00:14:26','2024-03-11 00:14:26','JJD0052962829','FastShipping','https://mydhl.express.dhl/us/en/tracking.html#/track-by-reference','2024-03-12 07:14:26',NULL,NULL,NULL),(19,25,NULL,2232.00,NULL,NULL,'','delivered',0.00,'completed','pending',0.00,0,'2024-03-11 00:14:26','2024-03-11 00:14:26','JJD0099161073','DHL','https://mydhl.express.dhl/us/en/tracking.html#/track-by-reference','2024-03-16 07:14:26','2024-03-11 07:14:26',NULL,NULL),(20,26,NULL,1482.00,NULL,NULL,'','delivered',0.00,'completed','pending',0.00,0,'2024-03-11 00:14:26','2024-03-11 00:14:26','JJD0023778532','AliExpress','https://mydhl.express.dhl/us/en/tracking.html#/track-by-reference','2024-03-19 07:14:26','2024-03-11 07:14:26',NULL,NULL),(21,27,NULL,1006.00,NULL,NULL,'','delivered',0.00,'completed','pending',0.00,0,'2024-03-11 00:14:27','2024-03-11 00:14:27','JJD0032421506','AliExpress','https://mydhl.express.dhl/us/en/tracking.html#/track-by-reference','2024-03-20 07:14:27','2024-03-11 07:14:27',NULL,NULL),(22,28,NULL,1166.00,NULL,NULL,'','delivered',0.00,'completed','pending',0.00,0,'2024-03-11 00:14:27','2024-03-11 00:14:27','JJD0077706411','FastShipping','https://mydhl.express.dhl/us/en/tracking.html#/track-by-reference','2024-03-12 07:14:27','2024-03-11 07:14:27',NULL,NULL),(23,29,NULL,1710.00,NULL,NULL,'','approved',0.00,'completed','pending',0.00,0,'2024-03-11 00:14:27','2024-03-11 00:14:27','JJD0080149879','FastShipping','https://mydhl.express.dhl/us/en/tracking.html#/track-by-reference','2024-03-14 07:14:27',NULL,NULL,NULL),(24,30,NULL,701.00,NULL,NULL,'','approved',0.00,'completed','pending',0.00,0,'2024-03-11 00:14:27','2024-03-11 00:14:27','JJD0051368917','DHL','https://mydhl.express.dhl/us/en/tracking.html#/track-by-reference','2024-03-17 07:14:27',NULL,NULL,NULL),(25,31,NULL,2136.00,NULL,NULL,'','delivered',0.00,'completed','pending',0.00,0,'2024-03-11 00:14:27','2024-03-11 00:14:27','JJD0032158348','DHL','https://mydhl.express.dhl/us/en/tracking.html#/track-by-reference','2024-03-12 07:14:27','2024-03-11 07:14:27',NULL,NULL),(26,32,NULL,2662.00,NULL,NULL,'','delivered',0.00,'completed','pending',0.00,0,'2024-03-11 00:14:27','2024-03-11 00:14:27','JJD0055020497','FastShipping','https://mydhl.express.dhl/us/en/tracking.html#/track-by-reference','2024-03-13 07:14:27','2024-03-11 07:14:27',NULL,NULL),(27,35,NULL,1788.00,NULL,NULL,'','approved',0.00,'completed','pending',0.00,0,'2024-03-11 00:14:28','2024-03-11 00:14:28','JJD0078476179','DHL','https://mydhl.express.dhl/us/en/tracking.html#/track-by-reference','2024-03-15 07:14:28',NULL,NULL,NULL),(28,36,NULL,3123.00,NULL,NULL,'','delivered',2702.00,'completed','pending',0.00,0,'2024-03-11 00:14:28','2024-03-11 00:14:28','JJD002914764','GHN','https://mydhl.express.dhl/us/en/tracking.html#/track-by-reference','2024-03-19 07:14:28','2024-03-11 07:14:28',NULL,NULL),(29,37,NULL,2280.00,NULL,NULL,'','delivered',0.00,'completed','pending',0.00,0,'2024-03-11 00:14:28','2024-03-11 00:14:28','JJD0076353106','DHL','https://mydhl.express.dhl/us/en/tracking.html#/track-by-reference','2024-03-17 07:14:28','2024-03-11 07:14:28',NULL,NULL),(30,38,NULL,1104.00,NULL,NULL,'','delivered',0.00,'completed','pending',0.00,0,'2024-03-11 00:14:29','2024-03-11 00:14:29','JJD0090455937','GHN','https://mydhl.express.dhl/us/en/tracking.html#/track-by-reference','2024-03-19 07:14:29','2024-03-11 07:14:29',NULL,NULL),(31,39,NULL,3067.00,NULL,NULL,'','approved',0.00,'completed','pending',0.00,0,'2024-03-11 00:14:29','2024-03-11 00:14:29','JJD0086086681','GHN','https://mydhl.express.dhl/us/en/tracking.html#/track-by-reference','2024-03-16 07:14:29',NULL,NULL,NULL),(32,40,NULL,2007.00,NULL,NULL,'','delivered',0.00,'completed','pending',0.00,0,'2024-03-11 00:14:29','2024-03-11 00:14:29','JJD0026420370','FastShipping','https://mydhl.express.dhl/us/en/tracking.html#/track-by-reference','2024-03-21 07:14:29','2024-03-11 07:14:29',NULL,NULL),(33,41,NULL,556.00,NULL,NULL,'','delivered',0.00,'completed','pending',0.00,0,'2024-03-11 00:14:29','2024-03-11 00:14:29','JJD0082185150','DHL','https://mydhl.express.dhl/us/en/tracking.html#/track-by-reference','2024-03-14 07:14:29','2024-03-11 07:14:29',NULL,NULL),(34,42,NULL,2267.00,NULL,NULL,'','delivered',0.00,'completed','pending',0.00,0,'2024-03-11 00:14:29','2024-03-11 00:14:29','JJD002053057','AliExpress','https://mydhl.express.dhl/us/en/tracking.html#/track-by-reference','2024-03-18 07:14:29','2024-03-11 07:14:29',NULL,NULL),(35,43,NULL,3215.00,NULL,NULL,'','delivered',0.00,'completed','pending',0.00,0,'2024-03-11 00:14:30','2024-03-11 00:14:30','JJD0056541622','FastShipping','https://mydhl.express.dhl/us/en/tracking.html#/track-by-reference','2024-03-21 07:14:30','2024-03-11 07:14:30',NULL,NULL),(36,45,NULL,503.00,NULL,NULL,'','approved',0.00,'completed','pending',0.00,0,'2024-03-11 00:14:30','2024-03-11 00:14:30','JJD0013285045','DHL','https://mydhl.express.dhl/us/en/tracking.html#/track-by-reference','2024-03-16 07:14:30',NULL,NULL,NULL);

--
-- Table structure for table `ec_shipping`
--

CREATE TABLE `ec_shipping` (
  `id` bigint unsigned NOT NULL AUTO_INCREMENT,
  `title` varchar(255) COLLATE utf8mb4_unicode_ci DEFAULT NULL,
  `country` varchar(120) COLLATE utf8mb4_unicode_ci DEFAULT NULL,
  `created_at` timestamp NULL DEFAULT NULL,
  `updated_at` timestamp NULL DEFAULT NULL,
  PRIMARY KEY (`id`)
) ENGINE=InnoDB AUTO_INCREMENT=2 DEFAULT CHARSET=utf8mb4 COLLATE=utf8mb4_unicode_ci;

--
-- Dumping data for table `ec_shipping`
--

INSERT INTO `ec_shipping` VALUES (1,'All',NULL,'2024-03-11 00:14:16','2024-03-11 00:14:16');

--
-- Table structure for table `ec_shipping_rule_items`
--

CREATE TABLE `ec_shipping_rule_items` (
  `id` bigint unsigned NOT NULL AUTO_INCREMENT,
  `shipping_rule_id` bigint unsigned NOT NULL,
  `country` varchar(120) COLLATE utf8mb4_unicode_ci DEFAULT NULL,
  `state` varchar(120) COLLATE utf8mb4_unicode_ci DEFAULT NULL,
  `city` varchar(120) COLLATE utf8mb4_unicode_ci DEFAULT NULL,
  `zip_code` varchar(20) COLLATE utf8mb4_unicode_ci DEFAULT NULL,
  `adjustment_price` decimal(15,2) DEFAULT '0.00',
  `is_enabled` tinyint(1) NOT NULL DEFAULT '1',
  `created_at` timestamp NULL DEFAULT NULL,
  `updated_at` timestamp NULL DEFAULT NULL,
  PRIMARY KEY (`id`)
) ENGINE=InnoDB DEFAULT CHARSET=utf8mb4 COLLATE=utf8mb4_unicode_ci;

--
-- Dumping data for table `ec_shipping_rule_items`
--


--
-- Table structure for table `ec_shipping_rules`
--

CREATE TABLE `ec_shipping_rules` (
  `id` bigint unsigned NOT NULL AUTO_INCREMENT,
  `name` varchar(120) COLLATE utf8mb4_unicode_ci NOT NULL,
  `shipping_id` bigint unsigned NOT NULL,
  `type` varchar(24) COLLATE utf8mb4_unicode_ci DEFAULT 'based_on_price',
  `from` decimal(15,2) DEFAULT '0.00',
  `to` decimal(15,2) DEFAULT '0.00',
  `price` decimal(15,2) DEFAULT '0.00',
  `created_at` timestamp NULL DEFAULT NULL,
  `updated_at` timestamp NULL DEFAULT NULL,
  PRIMARY KEY (`id`)
) ENGINE=InnoDB AUTO_INCREMENT=2 DEFAULT CHARSET=utf8mb4 COLLATE=utf8mb4_unicode_ci;

--
-- Dumping data for table `ec_shipping_rules`
--

INSERT INTO `ec_shipping_rules` VALUES (1,'Free delivery',1,'based_on_price',0.00,NULL,0.00,'2024-03-11 00:14:16','2024-03-11 00:14:16');

--
-- Table structure for table `ec_store_locators`
--

CREATE TABLE `ec_store_locators` (
  `id` bigint unsigned NOT NULL AUTO_INCREMENT,
  `name` varchar(60) COLLATE utf8mb4_unicode_ci NOT NULL,
  `email` varchar(60) COLLATE utf8mb4_unicode_ci DEFAULT NULL,
  `phone` varchar(20) COLLATE utf8mb4_unicode_ci NOT NULL,
  `address` varchar(255) COLLATE utf8mb4_unicode_ci NOT NULL,
  `country` varchar(120) COLLATE utf8mb4_unicode_ci DEFAULT NULL,
  `state` varchar(120) COLLATE utf8mb4_unicode_ci DEFAULT NULL,
  `city` varchar(120) COLLATE utf8mb4_unicode_ci DEFAULT NULL,
  `is_primary` tinyint(1) DEFAULT '0',
  `is_shipping_location` tinyint(1) DEFAULT '1',
  `created_at` timestamp NULL DEFAULT NULL,
  `updated_at` timestamp NULL DEFAULT NULL,
  PRIMARY KEY (`id`)
) ENGINE=InnoDB AUTO_INCREMENT=2 DEFAULT CHARSET=utf8mb4 COLLATE=utf8mb4_unicode_ci;

--
-- Dumping data for table `ec_store_locators`
--

INSERT INTO `ec_store_locators` VALUES (1,'Martfury','sales@botble.com','1800979769','502 New Street','AU','Brighton VIC','Brighton VIC',1,1,'2024-03-11 00:14:19','2024-03-11 00:14:19');

--
-- Table structure for table `ec_tax_products`
--

CREATE TABLE `ec_tax_products` (
  `tax_id` bigint unsigned NOT NULL,
  `product_id` bigint unsigned NOT NULL,
  PRIMARY KEY (`product_id`,`tax_id`),
  KEY `ec_tax_products_tax_id_index` (`tax_id`),
  KEY `ec_tax_products_product_id_index` (`product_id`)
) ENGINE=InnoDB DEFAULT CHARSET=utf8mb4 COLLATE=utf8mb4_unicode_ci;

--
-- Dumping data for table `ec_tax_products`
--

INSERT INTO `ec_tax_products` VALUES (1,1),(1,2),(1,3),(1,4),(1,5),(1,6),(1,7),(1,8),(1,9),(1,10),(1,11),(1,12),(1,13),(1,14),(1,15),(1,16),(1,17),(1,18),(1,19),(1,20),(1,21),(1,22),(1,23);

--
-- Table structure for table `ec_tax_rules`
--

CREATE TABLE `ec_tax_rules` (
  `id` bigint unsigned NOT NULL AUTO_INCREMENT,
  `tax_id` bigint unsigned NOT NULL,
  `country` varchar(120) COLLATE utf8mb4_unicode_ci DEFAULT NULL,
  `state` varchar(120) COLLATE utf8mb4_unicode_ci DEFAULT NULL,
  `city` varchar(120) COLLATE utf8mb4_unicode_ci DEFAULT NULL,
  `zip_code` varchar(20) COLLATE utf8mb4_unicode_ci DEFAULT NULL,
  `priority` int DEFAULT NULL,
  `is_enabled` tinyint(1) NOT NULL DEFAULT '1',
  `created_at` timestamp NULL DEFAULT NULL,
  `updated_at` timestamp NULL DEFAULT NULL,
  PRIMARY KEY (`id`)
) ENGINE=InnoDB DEFAULT CHARSET=utf8mb4 COLLATE=utf8mb4_unicode_ci;

--
-- Dumping data for table `ec_tax_rules`
--


--
-- Table structure for table `ec_taxes`
--

CREATE TABLE `ec_taxes` (
  `id` bigint unsigned NOT NULL AUTO_INCREMENT,
  `title` varchar(255) COLLATE utf8mb4_unicode_ci DEFAULT NULL,
  `percentage` double(8,6) DEFAULT NULL,
  `priority` int DEFAULT NULL,
  `status` varchar(60) COLLATE utf8mb4_unicode_ci NOT NULL DEFAULT 'published',
  `created_at` timestamp NULL DEFAULT NULL,
  `updated_at` timestamp NULL DEFAULT NULL,
  PRIMARY KEY (`id`)
) ENGINE=InnoDB AUTO_INCREMENT=4 DEFAULT CHARSET=utf8mb4 COLLATE=utf8mb4_unicode_ci;

--
-- Dumping data for table `ec_taxes`
--

INSERT INTO `ec_taxes` VALUES (1,'VAT',10.000000,1,'published','2024-03-11 00:14:16','2024-03-11 00:14:16'),(2,'None',0.000000,2,'published','2024-03-11 00:14:16','2024-03-11 00:14:16'),(3,'Import Tax',15.000000,3,'published','2024-03-11 00:14:16','2024-03-11 00:14:16');

--
-- Table structure for table `ec_wish_lists`
--

CREATE TABLE `ec_wish_lists` (
  `id` bigint unsigned NOT NULL AUTO_INCREMENT,
  `customer_id` bigint unsigned NOT NULL,
  `product_id` bigint unsigned NOT NULL,
  `created_at` timestamp NULL DEFAULT NULL,
  `updated_at` timestamp NULL DEFAULT NULL,
  PRIMARY KEY (`id`),
  KEY `wishlist_relation_index` (`product_id`,`customer_id`)
) ENGINE=InnoDB DEFAULT CHARSET=utf8mb4 COLLATE=utf8mb4_unicode_ci;

--
-- Dumping data for table `ec_wish_lists`
--


--
-- Table structure for table `failed_jobs`
--

CREATE TABLE `failed_jobs` (
  `id` bigint unsigned NOT NULL AUTO_INCREMENT,
  `uuid` varchar(255) COLLATE utf8mb4_unicode_ci NOT NULL,
  `connection` text COLLATE utf8mb4_unicode_ci NOT NULL,
  `queue` text COLLATE utf8mb4_unicode_ci NOT NULL,
  `payload` longtext COLLATE utf8mb4_unicode_ci NOT NULL,
  `exception` longtext COLLATE utf8mb4_unicode_ci NOT NULL,
  `failed_at` timestamp NOT NULL DEFAULT CURRENT_TIMESTAMP,
  PRIMARY KEY (`id`),
  UNIQUE KEY `failed_jobs_uuid_unique` (`uuid`)
) ENGINE=InnoDB DEFAULT CHARSET=utf8mb4 COLLATE=utf8mb4_unicode_ci;

--
-- Dumping data for table `failed_jobs`
--


--
-- Table structure for table `faq_categories`
--

CREATE TABLE `faq_categories` (
  `id` bigint unsigned NOT NULL AUTO_INCREMENT,
  `name` varchar(120) COLLATE utf8mb4_unicode_ci NOT NULL,
  `order` tinyint NOT NULL DEFAULT '0',
  `status` varchar(60) COLLATE utf8mb4_unicode_ci NOT NULL DEFAULT 'published',
  `created_at` timestamp NULL DEFAULT NULL,
  `updated_at` timestamp NULL DEFAULT NULL,
  `description` varchar(400) COLLATE utf8mb4_unicode_ci DEFAULT NULL,
  PRIMARY KEY (`id`)
) ENGINE=InnoDB AUTO_INCREMENT=4 DEFAULT CHARSET=utf8mb4 COLLATE=utf8mb4_unicode_ci;

--
-- Dumping data for table `faq_categories`
--

INSERT INTO `faq_categories` VALUES (1,'SHIPPING',0,'published','2024-03-11 00:14:19','2024-03-11 00:14:19',NULL),(2,'PAYMENT',1,'published','2024-03-11 00:14:19','2024-03-11 00:14:19',NULL),(3,'ORDER &amp; RETURNS',2,'published','2024-03-11 00:14:19','2024-03-11 00:14:19',NULL);

--
-- Table structure for table `faq_categories_translations`
--

CREATE TABLE `faq_categories_translations` (
  `lang_code` varchar(20) COLLATE utf8mb4_unicode_ci NOT NULL,
  `faq_categories_id` bigint unsigned NOT NULL,
  `name` varchar(120) COLLATE utf8mb4_unicode_ci DEFAULT NULL,
  PRIMARY KEY (`lang_code`,`faq_categories_id`)
) ENGINE=InnoDB DEFAULT CHARSET=utf8mb4 COLLATE=utf8mb4_unicode_ci;

--
-- Dumping data for table `faq_categories_translations`
--


--
-- Table structure for table `faqs`
--

CREATE TABLE `faqs` (
  `id` bigint unsigned NOT NULL AUTO_INCREMENT,
  `question` text COLLATE utf8mb4_unicode_ci NOT NULL,
  `answer` text COLLATE utf8mb4_unicode_ci NOT NULL,
  `category_id` bigint unsigned NOT NULL,
  `status` varchar(60) COLLATE utf8mb4_unicode_ci NOT NULL DEFAULT 'published',
  `created_at` timestamp NULL DEFAULT NULL,
  `updated_at` timestamp NULL DEFAULT NULL,
  PRIMARY KEY (`id`)
) ENGINE=InnoDB AUTO_INCREMENT=11 DEFAULT CHARSET=utf8mb4 COLLATE=utf8mb4_unicode_ci;

--
-- Dumping data for table `faqs`
--

INSERT INTO `faqs` VALUES (1,'What Shipping Methods Are Available?','Ex Portland Pitchfork irure mustache. Eutra fap before they sold out literally. Aliquip ugh bicycle rights actually mlkshk, seitan squid craft beer tempor.',1,'published','2024-03-11 00:14:19','2024-03-11 00:14:19'),(2,'Do You Ship Internationally?','Hoodie tote bag mixtape tofu. Typewriter jean shorts wolf quinoa, messenger bag organic freegan cray.',1,'published','2024-03-11 00:14:19','2024-03-11 00:14:19'),(3,'How Long Will It Take To Get My Package?','Swag slow-carb quinoa VHS typewriter pork belly brunch, paleo single-origin coffee Wes Anderson. Flexitarian Pitchfork forage, literally paleo fap pour-over. Wes Anderson Pinterest YOLO fanny pack meggings, deep v XOXO chambray sustainable slow-carb raw denim church-key fap chillwave Etsy. +1 typewriter kitsch, American Apparel tofu Banksy Vice.',1,'published','2024-03-11 00:14:19','2024-03-11 00:14:19'),(4,'What Payment Methods Are Accepted?','Fashion axe DIY jean shorts, swag kale chips meh polaroid kogi butcher Wes Anderson chambray next level semiotics gentrify yr. Voluptate photo booth fugiat Vice. Austin sed Williamsburg, ea labore raw denim voluptate cred proident mixtape excepteur mustache. Twee chia photo booth readymade food truck, hoodie roof party swag keytar PBR DIY.',2,'published','2024-03-11 00:14:19','2024-03-11 00:14:19'),(5,'Is Buying On-Line Safe?','Art party authentic freegan semiotics jean shorts chia cred. Neutra Austin roof party Brooklyn, synth Thundercats swag 8-bit photo booth. Plaid letterpress leggings craft beer meh ethical Pinterest.',2,'published','2024-03-11 00:14:19','2024-03-11 00:14:19'),(6,'How do I place an Order?','Keytar cray slow-carb, Godard banh mi salvia pour-over. Slow-carb Odd Future seitan normcore. Master cleanse American Apparel gentrify flexitarian beard slow-carb next level. Raw denim polaroid paleo farm-to-table, put a bird on it lo-fi tattooed Wes Anderson Pinterest letterpress. Fingerstache McSweeney’s pour-over, letterpress Schlitz photo booth master cleanse bespoke hashtag chillwave gentrify.',3,'published','2024-03-11 00:14:19','2024-03-11 00:14:19'),(7,'How Can I Cancel Or Change My Order?','Plaid letterpress leggings craft beer meh ethical Pinterest. Art party authentic freegan semiotics jean shorts chia cred. Neutra Austin roof party Brooklyn, synth Thundercats swag 8-bit photo booth.',3,'published','2024-03-11 00:14:19','2024-03-11 00:14:19'),(8,'Do I need an account to place an order?','Thundercats swag 8-bit photo booth. Plaid letterpress leggings craft beer meh ethical Pinterest. Twee chia photo booth readymade food truck, hoodie roof party swag keytar PBR DIY. Cray ugh 3 wolf moon fap, fashion axe irony butcher cornhole typewriter chambray VHS banjo street art.',3,'published','2024-03-11 00:14:19','2024-03-11 00:14:19'),(9,'How Do I Track My Order?','Keytar cray slow-carb, Godard banh mi salvia pour-over. Slow-carb @Odd Future seitan normcore. Master cleanse American Apparel gentrify flexitarian beard slow-carb next level.',3,'published','2024-03-11 00:14:19','2024-03-11 00:14:19'),(10,'How Can I Return a Product?','Kale chips Truffaut Williamsburg, hashtag fixie Pinterest raw denim c hambray drinking vinegar Carles street art Bushwick gastropub. Wolf Tumblr paleo church-key. Plaid food truck Echo Park YOLO bitters hella, direct trade Thundercats leggings quinoa before they sold out. You probably haven’t heard of them wayfarers authentic umami drinking vinegar Pinterest Cosby sweater, fingerstache fap High Life.',3,'published','2024-03-11 00:14:19','2024-03-11 00:14:19');

--
-- Table structure for table `faqs_translations`
--

CREATE TABLE `faqs_translations` (
  `lang_code` varchar(20) COLLATE utf8mb4_unicode_ci NOT NULL,
  `faqs_id` bigint unsigned NOT NULL,
  `question` text COLLATE utf8mb4_unicode_ci,
  `answer` text COLLATE utf8mb4_unicode_ci,
  PRIMARY KEY (`lang_code`,`faqs_id`)
) ENGINE=InnoDB DEFAULT CHARSET=utf8mb4 COLLATE=utf8mb4_unicode_ci;

--
-- Dumping data for table `faqs_translations`
--


--
-- Table structure for table `jobs`
--

CREATE TABLE `jobs` (
  `id` bigint unsigned NOT NULL AUTO_INCREMENT,
  `queue` varchar(255) COLLATE utf8mb4_unicode_ci NOT NULL,
  `payload` longtext COLLATE utf8mb4_unicode_ci NOT NULL,
  `attempts` tinyint unsigned NOT NULL,
  `reserved_at` int unsigned DEFAULT NULL,
  `available_at` int unsigned NOT NULL,
  `created_at` int unsigned NOT NULL,
  PRIMARY KEY (`id`),
  KEY `jobs_queue_index` (`queue`)
) ENGINE=InnoDB DEFAULT CHARSET=utf8mb4 COLLATE=utf8mb4_unicode_ci;

--
-- Dumping data for table `jobs`
--


--
-- Table structure for table `language_meta`
--

CREATE TABLE `language_meta` (
  `lang_meta_id` bigint unsigned NOT NULL AUTO_INCREMENT,
  `lang_meta_code` varchar(20) COLLATE utf8mb4_unicode_ci DEFAULT NULL,
  `lang_meta_origin` varchar(32) COLLATE utf8mb4_unicode_ci NOT NULL,
  `reference_id` bigint unsigned NOT NULL,
  `reference_type` varchar(120) COLLATE utf8mb4_unicode_ci NOT NULL,
  PRIMARY KEY (`lang_meta_id`),
  KEY `language_meta_reference_id_index` (`reference_id`),
  KEY `meta_code_index` (`lang_meta_code`),
  KEY `meta_origin_index` (`lang_meta_origin`),
  KEY `meta_reference_type_index` (`reference_type`)
) ENGINE=InnoDB AUTO_INCREMENT=7 DEFAULT CHARSET=utf8mb4 COLLATE=utf8mb4_unicode_ci;

--
-- Dumping data for table `language_meta`
--

INSERT INTO `language_meta` VALUES (1,'en_US','ba0ab508b5b5f641b7245a902c741f73',1,'Botble\\SimpleSlider\\Models\\SimpleSlider'),(2,'en_US','c4264ce9c3dc358205f053f8ed99a5b3',1,'Botble\\Menu\\Models\\MenuLocation'),(3,'en_US','8d8edd71792642c763cb1b612567471e',1,'Botble\\Menu\\Models\\Menu'),(4,'en_US','141f1a1d9afdc2de048775507243c7f8',2,'Botble\\Menu\\Models\\Menu'),(5,'en_US','8d5449f2d8d70385c8ce1d942e1abdd1',3,'Botble\\Menu\\Models\\Menu'),(6,'en_US','5a2545d4566d027f56d6ae5fd78a6709',4,'Botble\\Menu\\Models\\Menu');

--
-- Table structure for table `languages`
--

CREATE TABLE `languages` (
  `lang_id` bigint unsigned NOT NULL AUTO_INCREMENT,
  `lang_name` varchar(120) COLLATE utf8mb4_unicode_ci NOT NULL,
  `lang_locale` varchar(20) COLLATE utf8mb4_unicode_ci NOT NULL,
  `lang_code` varchar(20) COLLATE utf8mb4_unicode_ci NOT NULL,
  `lang_flag` varchar(20) COLLATE utf8mb4_unicode_ci DEFAULT NULL,
  `lang_is_default` tinyint unsigned NOT NULL DEFAULT '0',
  `lang_order` int NOT NULL DEFAULT '0',
  `lang_is_rtl` tinyint unsigned NOT NULL DEFAULT '0',
  PRIMARY KEY (`lang_id`),
  KEY `lang_locale_index` (`lang_locale`),
  KEY `lang_code_index` (`lang_code`),
  KEY `lang_is_default_index` (`lang_is_default`)
) ENGINE=InnoDB AUTO_INCREMENT=2 DEFAULT CHARSET=utf8mb4 COLLATE=utf8mb4_unicode_ci;

--
-- Dumping data for table `languages`
--

INSERT INTO `languages` VALUES (1,'English','en','en_US','us',1,0,0);

--
-- Table structure for table `media_files`
--

CREATE TABLE `media_files` (
  `id` bigint unsigned NOT NULL AUTO_INCREMENT,
  `user_id` bigint unsigned NOT NULL,
  `name` varchar(255) COLLATE utf8mb4_unicode_ci NOT NULL,
  `alt` varchar(255) COLLATE utf8mb4_unicode_ci DEFAULT NULL,
  `folder_id` bigint unsigned NOT NULL DEFAULT '0',
  `mime_type` varchar(120) COLLATE utf8mb4_unicode_ci NOT NULL,
  `size` int NOT NULL,
  `url` varchar(255) COLLATE utf8mb4_unicode_ci NOT NULL,
  `options` text COLLATE utf8mb4_unicode_ci,
  `created_at` timestamp NULL DEFAULT NULL,
  `updated_at` timestamp NULL DEFAULT NULL,
  `deleted_at` timestamp NULL DEFAULT NULL,
  PRIMARY KEY (`id`),
  KEY `media_files_user_id_index` (`user_id`),
  KEY `media_files_index` (`folder_id`,`user_id`,`created_at`)
) ENGINE=InnoDB AUTO_INCREMENT=151 DEFAULT CHARSET=utf8mb4 COLLATE=utf8mb4_unicode_ci;

--
-- Dumping data for table `media_files`
--

INSERT INTO `media_files` VALUES (1,0,'1','1',1,'image/jpeg',1613,'brands/1.jpg','[]','2024-03-11 00:14:06','2024-03-11 00:14:06',NULL),(2,0,'2','2',1,'image/jpeg',1613,'brands/2.jpg','[]','2024-03-11 00:14:06','2024-03-11 00:14:06',NULL),(3,0,'3','3',1,'image/jpeg',1613,'brands/3.jpg','[]','2024-03-11 00:14:06','2024-03-11 00:14:06',NULL),(4,0,'4','4',1,'image/jpeg',1613,'brands/4.jpg','[]','2024-03-11 00:14:06','2024-03-11 00:14:06',NULL),(5,0,'5','5',1,'image/jpeg',1613,'brands/5.jpg','[]','2024-03-11 00:14:06','2024-03-11 00:14:06',NULL),(6,0,'6','6',1,'image/jpeg',1613,'brands/6.jpg','[]','2024-03-11 00:14:06','2024-03-11 00:14:06',NULL),(7,0,'7','7',1,'image/jpeg',1613,'brands/7.jpg','[]','2024-03-11 00:14:06','2024-03-11 00:14:06',NULL),(8,0,'1','1',2,'image/jpeg',9803,'product-categories/1.jpg','[]','2024-03-11 00:14:06','2024-03-11 00:14:06',NULL),(9,0,'2','2',2,'image/jpeg',9803,'product-categories/2.jpg','[]','2024-03-11 00:14:06','2024-03-11 00:14:06',NULL),(10,0,'3','3',2,'image/jpeg',9803,'product-categories/3.jpg','[]','2024-03-11 00:14:06','2024-03-11 00:14:06',NULL),(11,0,'4','4',2,'image/jpeg',9803,'product-categories/4.jpg','[]','2024-03-11 00:14:06','2024-03-11 00:14:06',NULL),(12,0,'5','5',2,'image/jpeg',9803,'product-categories/5.jpg','[]','2024-03-11 00:14:06','2024-03-11 00:14:06',NULL),(13,0,'6','6',2,'image/jpeg',9803,'product-categories/6.jpg','[]','2024-03-11 00:14:06','2024-03-11 00:14:06',NULL),(14,0,'7','7',2,'image/jpeg',9803,'product-categories/7.jpg','[]','2024-03-11 00:14:06','2024-03-11 00:14:06',NULL),(15,0,'8','8',2,'image/jpeg',9803,'product-categories/8.jpg','[]','2024-03-11 00:14:06','2024-03-11 00:14:06',NULL),(16,0,'1','1',3,'image/jpeg',9803,'products/1.jpg','[]','2024-03-11 00:14:07','2024-03-11 00:14:07',NULL),(17,0,'10-1','10-1',3,'image/jpeg',9803,'products/10-1.jpg','[]','2024-03-11 00:14:07','2024-03-11 00:14:07',NULL),(18,0,'10-2','10-2',3,'image/jpeg',9803,'products/10-2.jpg','[]','2024-03-11 00:14:07','2024-03-11 00:14:07',NULL),(19,0,'10','10',3,'image/jpeg',9803,'products/10.jpg','[]','2024-03-11 00:14:07','2024-03-11 00:14:07',NULL),(20,0,'11-1','11-1',3,'image/jpeg',9803,'products/11-1.jpg','[]','2024-03-11 00:14:07','2024-03-11 00:14:07',NULL),(21,0,'11-2','11-2',3,'image/jpeg',9803,'products/11-2.jpg','[]','2024-03-11 00:14:07','2024-03-11 00:14:07',NULL),(22,0,'11-3','11-3',3,'image/jpeg',9803,'products/11-3.jpg','[]','2024-03-11 00:14:07','2024-03-11 00:14:07',NULL),(23,0,'11','11',3,'image/jpeg',9803,'products/11.jpg','[]','2024-03-11 00:14:07','2024-03-11 00:14:07',NULL),(24,0,'12-1','12-1',3,'image/jpeg',9803,'products/12-1.jpg','[]','2024-03-11 00:14:07','2024-03-11 00:14:07',NULL),(25,0,'12-2','12-2',3,'image/jpeg',9803,'products/12-2.jpg','[]','2024-03-11 00:14:07','2024-03-11 00:14:07',NULL),(26,0,'12-3','12-3',3,'image/jpeg',9803,'products/12-3.jpg','[]','2024-03-11 00:14:07','2024-03-11 00:14:07',NULL),(27,0,'12','12',3,'image/jpeg',9803,'products/12.jpg','[]','2024-03-11 00:14:07','2024-03-11 00:14:07',NULL),(28,0,'13-1','13-1',3,'image/jpeg',9803,'products/13-1.jpg','[]','2024-03-11 00:14:07','2024-03-11 00:14:07',NULL),(29,0,'13','13',3,'image/jpeg',9803,'products/13.jpg','[]','2024-03-11 00:14:07','2024-03-11 00:14:07',NULL),(30,0,'14','14',3,'image/jpeg',9803,'products/14.jpg','[]','2024-03-11 00:14:07','2024-03-11 00:14:07',NULL),(31,0,'15-1','15-1',3,'image/jpeg',9803,'products/15-1.jpg','[]','2024-03-11 00:14:08','2024-03-11 00:14:08',NULL),(32,0,'15','15',3,'image/jpeg',9803,'products/15.jpg','[]','2024-03-11 00:14:08','2024-03-11 00:14:08',NULL),(33,0,'16','16',3,'image/jpeg',9803,'products/16.jpg','[]','2024-03-11 00:14:08','2024-03-11 00:14:08',NULL),(34,0,'17-1','17-1',3,'image/jpeg',9803,'products/17-1.jpg','[]','2024-03-11 00:14:08','2024-03-11 00:14:08',NULL),(35,0,'17-2','17-2',3,'image/jpeg',9803,'products/17-2.jpg','[]','2024-03-11 00:14:08','2024-03-11 00:14:08',NULL),(36,0,'17-3','17-3',3,'image/jpeg',9803,'products/17-3.jpg','[]','2024-03-11 00:14:08','2024-03-11 00:14:08',NULL),(37,0,'17','17',3,'image/jpeg',9803,'products/17.jpg','[]','2024-03-11 00:14:08','2024-03-11 00:14:08',NULL),(38,0,'18-1','18-1',3,'image/jpeg',9803,'products/18-1.jpg','[]','2024-03-11 00:14:08','2024-03-11 00:14:08',NULL),(39,0,'18-2','18-2',3,'image/jpeg',9803,'products/18-2.jpg','[]','2024-03-11 00:14:08','2024-03-11 00:14:08',NULL),(40,0,'18-3','18-3',3,'image/jpeg',9803,'products/18-3.jpg','[]','2024-03-11 00:14:08','2024-03-11 00:14:08',NULL),(41,0,'18','18',3,'image/jpeg',9803,'products/18.jpg','[]','2024-03-11 00:14:08','2024-03-11 00:14:08',NULL),(42,0,'19-1','19-1',3,'image/jpeg',9803,'products/19-1.jpg','[]','2024-03-11 00:14:08','2024-03-11 00:14:08',NULL),(43,0,'19-2','19-2',3,'image/jpeg',9803,'products/19-2.jpg','[]','2024-03-11 00:14:08','2024-03-11 00:14:08',NULL),(44,0,'19-3','19-3',3,'image/jpeg',9803,'products/19-3.jpg','[]','2024-03-11 00:14:08','2024-03-11 00:14:08',NULL),(45,0,'19','19',3,'image/jpeg',9803,'products/19.jpg','[]','2024-03-11 00:14:08','2024-03-11 00:14:08',NULL),(46,0,'2-1','2-1',3,'image/jpeg',9803,'products/2-1.jpg','[]','2024-03-11 00:14:08','2024-03-11 00:14:08',NULL),(47,0,'2-2','2-2',3,'image/jpeg',9803,'products/2-2.jpg','[]','2024-03-11 00:14:08','2024-03-11 00:14:08',NULL),(48,0,'2-3','2-3',3,'image/jpeg',9803,'products/2-3.jpg','[]','2024-03-11 00:14:09','2024-03-11 00:14:09',NULL),(49,0,'2','2',3,'image/jpeg',9803,'products/2.jpg','[]','2024-03-11 00:14:09','2024-03-11 00:14:09',NULL),(50,0,'20-1','20-1',3,'image/jpeg',9803,'products/20-1.jpg','[]','2024-03-11 00:14:09','2024-03-11 00:14:09',NULL),(51,0,'20-2','20-2',3,'image/jpeg',9803,'products/20-2.jpg','[]','2024-03-11 00:14:09','2024-03-11 00:14:09',NULL),(52,0,'20-3','20-3',3,'image/jpeg',9803,'products/20-3.jpg','[]','2024-03-11 00:14:09','2024-03-11 00:14:09',NULL),(53,0,'20','20',3,'image/jpeg',9803,'products/20.jpg','[]','2024-03-11 00:14:09','2024-03-11 00:14:09',NULL),(54,0,'21-1','21-1',3,'image/jpeg',9803,'products/21-1.jpg','[]','2024-03-11 00:14:09','2024-03-11 00:14:09',NULL),(55,0,'21-2','21-2',3,'image/jpeg',9803,'products/21-2.jpg','[]','2024-03-11 00:14:09','2024-03-11 00:14:09',NULL),(56,0,'21','21',3,'image/jpeg',9803,'products/21.jpg','[]','2024-03-11 00:14:09','2024-03-11 00:14:09',NULL),(57,0,'22-1','22-1',3,'image/jpeg',9803,'products/22-1.jpg','[]','2024-03-11 00:14:09','2024-03-11 00:14:09',NULL),(58,0,'22-2','22-2',3,'image/jpeg',9803,'products/22-2.jpg','[]','2024-03-11 00:14:09','2024-03-11 00:14:09',NULL),(59,0,'22-3','22-3',3,'image/jpeg',9803,'products/22-3.jpg','[]','2024-03-11 00:14:09','2024-03-11 00:14:09',NULL),(60,0,'22','22',3,'image/jpeg',9803,'products/22.jpg','[]','2024-03-11 00:14:09','2024-03-11 00:14:09',NULL),(61,0,'23-1','23-1',3,'image/jpeg',9803,'products/23-1.jpg','[]','2024-03-11 00:14:09','2024-03-11 00:14:09',NULL),(62,0,'23-2','23-2',3,'image/jpeg',9803,'products/23-2.jpg','[]','2024-03-11 00:14:09','2024-03-11 00:14:09',NULL),(63,0,'23-3','23-3',3,'image/jpeg',9803,'products/23-3.jpg','[]','2024-03-11 00:14:09','2024-03-11 00:14:09',NULL),(64,0,'23','23',3,'image/jpeg',9803,'products/23.jpg','[]','2024-03-11 00:14:09','2024-03-11 00:14:09',NULL),(65,0,'3','3',3,'image/jpeg',9803,'products/3.jpg','[]','2024-03-11 00:14:10','2024-03-11 00:14:10',NULL),(66,0,'4-1','4-1',3,'image/jpeg',9803,'products/4-1.jpg','[]','2024-03-11 00:14:10','2024-03-11 00:14:10',NULL),(67,0,'4-2','4-2',3,'image/jpeg',9803,'products/4-2.jpg','[]','2024-03-11 00:14:10','2024-03-11 00:14:10',NULL),(68,0,'4-3','4-3',3,'image/jpeg',9803,'products/4-3.jpg','[]','2024-03-11 00:14:10','2024-03-11 00:14:10',NULL),(69,0,'4','4',3,'image/jpeg',9803,'products/4.jpg','[]','2024-03-11 00:14:10','2024-03-11 00:14:10',NULL),(70,0,'5-1','5-1',3,'image/jpeg',9803,'products/5-1.jpg','[]','2024-03-11 00:14:10','2024-03-11 00:14:10',NULL),(71,0,'5-2','5-2',3,'image/jpeg',9803,'products/5-2.jpg','[]','2024-03-11 00:14:10','2024-03-11 00:14:10',NULL),(72,0,'5-3','5-3',3,'image/jpeg',9803,'products/5-3.jpg','[]','2024-03-11 00:14:10','2024-03-11 00:14:10',NULL),(73,0,'5','5',3,'image/jpeg',9803,'products/5.jpg','[]','2024-03-11 00:14:10','2024-03-11 00:14:10',NULL),(74,0,'6','6',3,'image/jpeg',9803,'products/6.jpg','[]','2024-03-11 00:14:10','2024-03-11 00:14:10',NULL),(75,0,'7','7',3,'image/jpeg',9803,'products/7.jpg','[]','2024-03-11 00:14:10','2024-03-11 00:14:10',NULL),(76,0,'8-1','8-1',3,'image/jpeg',9803,'products/8-1.jpg','[]','2024-03-11 00:14:10','2024-03-11 00:14:10',NULL),(77,0,'8-2','8-2',3,'image/jpeg',9803,'products/8-2.jpg','[]','2024-03-11 00:14:10','2024-03-11 00:14:10',NULL),(78,0,'8-3','8-3',3,'image/jpeg',9803,'products/8-3.jpg','[]','2024-03-11 00:14:10','2024-03-11 00:14:10',NULL),(79,0,'8','8',3,'image/jpeg',9803,'products/8.jpg','[]','2024-03-11 00:14:10','2024-03-11 00:14:10',NULL),(80,0,'9-1','9-1',3,'image/jpeg',9803,'products/9-1.jpg','[]','2024-03-11 00:14:10','2024-03-11 00:14:10',NULL),(81,0,'9-2','9-2',3,'image/jpeg',9803,'products/9-2.jpg','[]','2024-03-11 00:14:10','2024-03-11 00:14:10',NULL),(82,0,'9','9',3,'image/jpeg',9803,'products/9.jpg','[]','2024-03-11 00:14:10','2024-03-11 00:14:10',NULL),(83,0,'1','1',4,'image/jpeg',9803,'customers/1.jpg','[]','2024-03-11 00:14:13','2024-03-11 00:14:13',NULL),(84,0,'10','10',4,'image/jpeg',9803,'customers/10.jpg','[]','2024-03-11 00:14:13','2024-03-11 00:14:13',NULL),(85,0,'2','2',4,'image/jpeg',9803,'customers/2.jpg','[]','2024-03-11 00:14:13','2024-03-11 00:14:13',NULL),(86,0,'3','3',4,'image/jpeg',9803,'customers/3.jpg','[]','2024-03-11 00:14:13','2024-03-11 00:14:13',NULL),(87,0,'4','4',4,'image/jpeg',9803,'customers/4.jpg','[]','2024-03-11 00:14:13','2024-03-11 00:14:13',NULL),(88,0,'5','5',4,'image/jpeg',9803,'customers/5.jpg','[]','2024-03-11 00:14:13','2024-03-11 00:14:13',NULL),(89,0,'6','6',4,'image/jpeg',9803,'customers/6.jpg','[]','2024-03-11 00:14:13','2024-03-11 00:14:13',NULL),(90,0,'7','7',4,'image/jpeg',9803,'customers/7.jpg','[]','2024-03-11 00:14:13','2024-03-11 00:14:13',NULL),(91,0,'8','8',4,'image/jpeg',9803,'customers/8.jpg','[]','2024-03-11 00:14:13','2024-03-11 00:14:13',NULL),(92,0,'9','9',4,'image/jpeg',9803,'customers/9.jpg','[]','2024-03-11 00:14:13','2024-03-11 00:14:13',NULL),(93,0,'1','1',5,'image/jpeg',9803,'news/1.jpg','[]','2024-03-11 00:14:17','2024-03-11 00:14:17',NULL),(94,0,'10','10',5,'image/jpeg',9803,'news/10.jpg','[]','2024-03-11 00:14:17','2024-03-11 00:14:17',NULL),(95,0,'11','11',5,'image/jpeg',9803,'news/11.jpg','[]','2024-03-11 00:14:17','2024-03-11 00:14:17',NULL),(96,0,'2','2',5,'image/jpeg',9803,'news/2.jpg','[]','2024-03-11 00:14:17','2024-03-11 00:14:17',NULL),(97,0,'3','3',5,'image/jpeg',9803,'news/3.jpg','[]','2024-03-11 00:14:17','2024-03-11 00:14:17',NULL),(98,0,'4','4',5,'image/jpeg',9803,'news/4.jpg','[]','2024-03-11 00:14:17','2024-03-11 00:14:17',NULL),(99,0,'5','5',5,'image/jpeg',9803,'news/5.jpg','[]','2024-03-11 00:14:17','2024-03-11 00:14:17',NULL),(100,0,'6','6',5,'image/jpeg',9803,'news/6.jpg','[]','2024-03-11 00:14:17','2024-03-11 00:14:17',NULL),(101,0,'7','7',5,'image/jpeg',9803,'news/7.jpg','[]','2024-03-11 00:14:17','2024-03-11 00:14:17',NULL),(102,0,'8','8',5,'image/jpeg',9803,'news/8.jpg','[]','2024-03-11 00:14:17','2024-03-11 00:14:17',NULL),(103,0,'9','9',5,'image/jpeg',9803,'news/9.jpg','[]','2024-03-11 00:14:17','2024-03-11 00:14:17',NULL),(104,0,'1-lg','1-lg',6,'image/jpeg',8828,'sliders/1-lg.jpg','[]','2024-03-11 00:14:18','2024-03-11 00:14:18',NULL),(105,0,'1-md','1-md',6,'image/jpeg',8828,'sliders/1-md.jpg','[]','2024-03-11 00:14:18','2024-03-11 00:14:18',NULL),(106,0,'1-sm','1-sm',6,'image/jpeg',8828,'sliders/1-sm.jpg','[]','2024-03-11 00:14:18','2024-03-11 00:14:18',NULL),(107,0,'2-lg','2-lg',6,'image/jpeg',8828,'sliders/2-lg.jpg','[]','2024-03-11 00:14:18','2024-03-11 00:14:18',NULL),(108,0,'2-md','2-md',6,'image/jpeg',8828,'sliders/2-md.jpg','[]','2024-03-11 00:14:18','2024-03-11 00:14:18',NULL),(109,0,'2-sm','2-sm',6,'image/jpeg',8828,'sliders/2-sm.jpg','[]','2024-03-11 00:14:18','2024-03-11 00:14:18',NULL),(110,0,'3-lg','3-lg',6,'image/jpeg',8828,'sliders/3-lg.jpg','[]','2024-03-11 00:14:18','2024-03-11 00:14:18',NULL),(111,0,'3-md','3-md',6,'image/jpeg',8828,'sliders/3-md.jpg','[]','2024-03-11 00:14:18','2024-03-11 00:14:18',NULL),(112,0,'3-sm','3-sm',6,'image/jpeg',8828,'sliders/3-sm.jpg','[]','2024-03-11 00:14:18','2024-03-11 00:14:18',NULL),(113,0,'1','1',7,'image/jpeg',3613,'promotion/1.jpg','[]','2024-03-11 00:14:18','2024-03-11 00:14:18',NULL),(114,0,'2','2',7,'image/jpeg',3613,'promotion/2.jpg','[]','2024-03-11 00:14:18','2024-03-11 00:14:18',NULL),(115,0,'3','3',7,'image/jpeg',5391,'promotion/3.jpg','[]','2024-03-11 00:14:18','2024-03-11 00:14:18',NULL),(116,0,'4','4',7,'image/jpeg',5391,'promotion/4.jpg','[]','2024-03-11 00:14:18','2024-03-11 00:14:18',NULL),(117,0,'5','5',7,'image/jpeg',5391,'promotion/5.jpg','[]','2024-03-11 00:14:19','2024-03-11 00:14:19',NULL),(118,0,'6','6',7,'image/jpeg',5391,'promotion/6.jpg','[]','2024-03-11 00:14:19','2024-03-11 00:14:19',NULL),(119,0,'7','7',7,'image/jpeg',5391,'promotion/7.jpg','[]','2024-03-11 00:14:19','2024-03-11 00:14:19',NULL),(120,0,'8','8',7,'image/jpeg',5391,'promotion/8.jpg','[]','2024-03-11 00:14:19','2024-03-11 00:14:19',NULL),(121,0,'9','9',7,'image/jpeg',5391,'promotion/9.jpg','[]','2024-03-11 00:14:19','2024-03-11 00:14:19',NULL),(122,0,'app','app',8,'image/png',8667,'general/app.png','[]','2024-03-11 00:14:19','2024-03-11 00:14:19',NULL),(123,0,'coming-soon','coming-soon',8,'image/jpeg',22253,'general/coming-soon.jpg','[]','2024-03-11 00:14:19','2024-03-11 00:14:19',NULL),(124,0,'favicon','favicon',8,'image/png',5060,'general/favicon.png','[]','2024-03-11 00:14:19','2024-03-11 00:14:19',NULL),(125,0,'logo-dark','logo-dark',8,'image/png',1484,'general/logo-dark.png','[]','2024-03-11 00:14:19','2024-03-11 00:14:19',NULL),(126,0,'logo-light','logo-light',8,'image/png',1572,'general/logo-light.png','[]','2024-03-11 00:14:19','2024-03-11 00:14:19',NULL),(127,0,'logo','logo',8,'image/png',1363,'general/logo.png','[]','2024-03-11 00:14:19','2024-03-11 00:14:19',NULL),(128,0,'newsletter','newsletter',8,'image/jpeg',9778,'general/newsletter.jpg','[]','2024-03-11 00:14:19','2024-03-11 00:14:19',NULL),(129,0,'payment-method-1','payment-method-1',8,'image/jpeg',1128,'general/payment-method-1.jpg','[]','2024-03-11 00:14:19','2024-03-11 00:14:19',NULL),(130,0,'payment-method-2','payment-method-2',8,'image/jpeg',1184,'general/payment-method-2.jpg','[]','2024-03-11 00:14:19','2024-03-11 00:14:19',NULL),(131,0,'payment-method-3','payment-method-3',8,'image/jpeg',1109,'general/payment-method-3.jpg','[]','2024-03-11 00:14:19','2024-03-11 00:14:19',NULL),(132,0,'payment-method-4','payment-method-4',8,'image/jpeg',944,'general/payment-method-4.jpg','[]','2024-03-11 00:14:19','2024-03-11 00:14:19',NULL),(133,0,'payment-method-5','payment-method-5',8,'image/jpeg',964,'general/payment-method-5.jpg','[]','2024-03-11 00:14:19','2024-03-11 00:14:19',NULL),(134,0,'1','1',9,'image/png',9133,'stores/1.png','[]','2024-03-11 00:14:19','2024-03-11 00:14:19',NULL),(135,0,'10','10',9,'image/png',4263,'stores/10.png','[]','2024-03-11 00:14:19','2024-03-11 00:14:19',NULL),(136,0,'11','11',9,'image/png',4420,'stores/11.png','[]','2024-03-11 00:14:20','2024-03-11 00:14:20',NULL),(137,0,'12','12',9,'image/png',4908,'stores/12.png','[]','2024-03-11 00:14:20','2024-03-11 00:14:20',NULL),(138,0,'13','13',9,'image/png',3441,'stores/13.png','[]','2024-03-11 00:14:20','2024-03-11 00:14:20',NULL),(139,0,'14','14',9,'image/png',4209,'stores/14.png','[]','2024-03-11 00:14:20','2024-03-11 00:14:20',NULL),(140,0,'15','15',9,'image/png',5113,'stores/15.png','[]','2024-03-11 00:14:20','2024-03-11 00:14:20',NULL),(141,0,'16','16',9,'image/png',4563,'stores/16.png','[]','2024-03-11 00:14:20','2024-03-11 00:14:20',NULL),(142,0,'17','17',9,'image/png',4896,'stores/17.png','[]','2024-03-11 00:14:20','2024-03-11 00:14:20',NULL),(143,0,'2','2',9,'image/png',9008,'stores/2.png','[]','2024-03-11 00:14:20','2024-03-11 00:14:20',NULL),(144,0,'3','3',9,'image/png',8006,'stores/3.png','[]','2024-03-11 00:14:20','2024-03-11 00:14:20',NULL),(145,0,'4','4',9,'image/png',8728,'stores/4.png','[]','2024-03-11 00:14:20','2024-03-11 00:14:20',NULL),(146,0,'5','5',9,'image/png',10689,'stores/5.png','[]','2024-03-11 00:14:20','2024-03-11 00:14:20',NULL),(147,0,'6','6',9,'image/png',10989,'stores/6.png','[]','2024-03-11 00:14:20','2024-03-11 00:14:20',NULL),(148,0,'7','7',9,'image/png',3730,'stores/7.png','[]','2024-03-11 00:14:20','2024-03-11 00:14:20',NULL),(149,0,'8','8',9,'image/png',4030,'stores/8.png','[]','2024-03-11 00:14:20','2024-03-11 00:14:20',NULL),(150,0,'9','9',9,'image/png',3810,'stores/9.png','[]','2024-03-11 00:14:20','2024-03-11 00:14:20',NULL);

--
-- Table structure for table `media_folders`
--

CREATE TABLE `media_folders` (
  `id` bigint unsigned NOT NULL AUTO_INCREMENT,
  `user_id` bigint unsigned NOT NULL,
  `name` varchar(255) COLLATE utf8mb4_unicode_ci DEFAULT NULL,
  `color` varchar(255) COLLATE utf8mb4_unicode_ci DEFAULT NULL,
  `slug` varchar(255) COLLATE utf8mb4_unicode_ci DEFAULT NULL,
  `parent_id` bigint unsigned NOT NULL DEFAULT '0',
  `created_at` timestamp NULL DEFAULT NULL,
  `updated_at` timestamp NULL DEFAULT NULL,
  `deleted_at` timestamp NULL DEFAULT NULL,
  PRIMARY KEY (`id`),
  KEY `media_folders_user_id_index` (`user_id`),
  KEY `media_folders_index` (`parent_id`,`user_id`,`created_at`)
) ENGINE=InnoDB AUTO_INCREMENT=10 DEFAULT CHARSET=utf8mb4 COLLATE=utf8mb4_unicode_ci;

--
-- Dumping data for table `media_folders`
--

INSERT INTO `media_folders` VALUES (1,0,'brands',NULL,'brands',0,'2024-03-11 00:14:06','2024-03-11 00:14:06',NULL),(2,0,'product-categories',NULL,'product-categories',0,'2024-03-11 00:14:06','2024-03-11 00:14:06',NULL),(3,0,'products',NULL,'products',0,'2024-03-11 00:14:07','2024-03-11 00:14:07',NULL),(4,0,'customers',NULL,'customers',0,'2024-03-11 00:14:13','2024-03-11 00:14:13',NULL),(5,0,'news',NULL,'news',0,'2024-03-11 00:14:17','2024-03-11 00:14:17',NULL),(6,0,'sliders',NULL,'sliders',0,'2024-03-11 00:14:18','2024-03-11 00:14:18',NULL),(7,0,'promotion',NULL,'promotion',0,'2024-03-11 00:14:18','2024-03-11 00:14:18',NULL),(8,0,'general',NULL,'general',0,'2024-03-11 00:14:19','2024-03-11 00:14:19',NULL),(9,0,'stores',NULL,'stores',0,'2024-03-11 00:14:19','2024-03-11 00:14:19',NULL);

--
-- Table structure for table `media_settings`
--

CREATE TABLE `media_settings` (
  `id` bigint unsigned NOT NULL AUTO_INCREMENT,
  `key` varchar(120) COLLATE utf8mb4_unicode_ci NOT NULL,
  `value` text COLLATE utf8mb4_unicode_ci,
  `media_id` bigint unsigned DEFAULT NULL,
  `user_id` bigint unsigned DEFAULT NULL,
  `created_at` timestamp NULL DEFAULT NULL,
  `updated_at` timestamp NULL DEFAULT NULL,
  PRIMARY KEY (`id`)
) ENGINE=InnoDB DEFAULT CHARSET=utf8mb4 COLLATE=utf8mb4_unicode_ci;

--
-- Dumping data for table `media_settings`
--


--
-- Table structure for table `menu_locations`
--

CREATE TABLE `menu_locations` (
  `id` bigint unsigned NOT NULL AUTO_INCREMENT,
  `menu_id` bigint unsigned NOT NULL,
  `location` varchar(120) COLLATE utf8mb4_unicode_ci NOT NULL,
  `created_at` timestamp NULL DEFAULT NULL,
  `updated_at` timestamp NULL DEFAULT NULL,
  PRIMARY KEY (`id`),
  KEY `menu_locations_menu_id_created_at_index` (`menu_id`,`created_at`)
) ENGINE=InnoDB AUTO_INCREMENT=2 DEFAULT CHARSET=utf8mb4 COLLATE=utf8mb4_unicode_ci;

--
-- Dumping data for table `menu_locations`
--

INSERT INTO `menu_locations` VALUES (1,1,'main-menu','2024-03-11 00:14:19','2024-03-11 00:14:19');

--
-- Table structure for table `menu_nodes`
--

CREATE TABLE `menu_nodes` (
  `id` bigint unsigned NOT NULL AUTO_INCREMENT,
  `menu_id` bigint unsigned NOT NULL,
  `parent_id` bigint unsigned NOT NULL DEFAULT '0',
  `reference_id` bigint unsigned DEFAULT NULL,
  `reference_type` varchar(255) COLLATE utf8mb4_unicode_ci DEFAULT NULL,
  `url` varchar(120) COLLATE utf8mb4_unicode_ci DEFAULT NULL,
  `icon_font` varchar(50) COLLATE utf8mb4_unicode_ci DEFAULT NULL,
  `position` tinyint unsigned NOT NULL DEFAULT '0',
  `title` varchar(120) COLLATE utf8mb4_unicode_ci DEFAULT NULL,
  `css_class` varchar(120) COLLATE utf8mb4_unicode_ci DEFAULT NULL,
  `target` varchar(20) COLLATE utf8mb4_unicode_ci NOT NULL DEFAULT '_self',
  `has_child` tinyint unsigned NOT NULL DEFAULT '0',
  `created_at` timestamp NULL DEFAULT NULL,
  `updated_at` timestamp NULL DEFAULT NULL,
  PRIMARY KEY (`id`),
  KEY `menu_nodes_menu_id_index` (`menu_id`),
  KEY `menu_nodes_parent_id_index` (`parent_id`),
  KEY `reference_id` (`reference_id`),
  KEY `reference_type` (`reference_type`)
) ENGINE=InnoDB AUTO_INCREMENT=29 DEFAULT CHARSET=utf8mb4 COLLATE=utf8mb4_unicode_ci;

--
-- Dumping data for table `menu_nodes`
--

INSERT INTO `menu_nodes` VALUES (1,1,0,NULL,NULL,'/',NULL,0,'Home',NULL,'_self',0,'2024-03-11 00:14:19','2024-03-11 00:14:19'),(2,1,0,NULL,NULL,'#',NULL,0,'Pages',NULL,'_self',1,'2024-03-11 00:14:19','2024-03-11 00:14:19'),(3,1,2,2,'Botble\\Page\\Models\\Page','/about-us',NULL,0,'About us',NULL,'_self',0,'2024-03-11 00:14:19','2024-03-11 00:14:19'),(4,1,2,3,'Botble\\Page\\Models\\Page','/terms-of-use',NULL,0,'Terms Of Use',NULL,'_self',0,'2024-03-11 00:14:19','2024-03-11 00:14:19'),(5,1,2,4,'Botble\\Page\\Models\\Page','/terms-conditions',NULL,0,'Terms & Conditions',NULL,'_self',0,'2024-03-11 00:14:19','2024-03-11 00:14:19'),(6,1,2,5,'Botble\\Page\\Models\\Page','/refund-policy',NULL,0,'Refund Policy',NULL,'_self',0,'2024-03-11 00:14:19','2024-03-11 00:14:19'),(7,1,2,12,'Botble\\Page\\Models\\Page','/coming-soon',NULL,0,'Coming soon',NULL,'_self',0,'2024-03-11 00:14:19','2024-03-11 00:14:19'),(8,1,0,NULL,NULL,'/products',NULL,0,'Shop',NULL,'_self',1,'2024-03-11 00:14:19','2024-03-11 00:14:19'),(9,1,8,NULL,NULL,'/products',NULL,0,'All products',NULL,'_self',0,'2024-03-11 00:14:19','2024-03-11 00:14:19'),(10,1,8,15,'Botble\\Ecommerce\\Models\\ProductCategory','/product-categories/batteries',NULL,0,'Products Of Category',NULL,'_self',0,'2024-03-11 00:14:19','2024-03-11 00:14:19'),(11,1,8,NULL,NULL,'/products/beat-headphone',NULL,0,'Product Single',NULL,'_self',0,'2024-03-11 00:14:19','2024-03-11 00:14:19'),(12,1,0,NULL,NULL,'/stores',NULL,0,'Stores',NULL,'_self',0,'2024-03-11 00:14:19','2024-03-11 00:14:19'),(13,1,0,6,'Botble\\Page\\Models\\Page','/blog',NULL,0,'Blog',NULL,'_self',0,'2024-03-11 00:14:19','2024-03-11 00:14:19'),(14,1,0,7,'Botble\\Page\\Models\\Page','/faqs',NULL,0,'FAQs',NULL,'_self',0,'2024-03-11 00:14:19','2024-03-11 00:14:19'),(15,1,0,8,'Botble\\Page\\Models\\Page','/contact',NULL,0,'Contact',NULL,'_self',0,'2024-03-11 00:14:19','2024-03-11 00:14:19'),(16,2,0,3,'Botble\\Page\\Models\\Page','/terms-of-use',NULL,0,'Terms Of Use',NULL,'_self',0,'2024-03-11 00:14:19','2024-03-11 00:14:19'),(17,2,0,4,'Botble\\Page\\Models\\Page','/terms-conditions',NULL,0,'Terms & Conditions',NULL,'_self',0,'2024-03-11 00:14:19','2024-03-11 00:14:19'),(18,2,0,5,'Botble\\Page\\Models\\Page','/refund-policy',NULL,0,'Refund Policy',NULL,'_self',0,'2024-03-11 00:14:19','2024-03-11 00:14:19'),(19,2,0,7,'Botble\\Page\\Models\\Page','/faqs',NULL,0,'FAQs',NULL,'_self',0,'2024-03-11 00:14:19','2024-03-11 00:14:19'),(20,2,0,NULL,NULL,'/nothing',NULL,0,'404 Page',NULL,'_self',0,'2024-03-11 00:14:19','2024-03-11 00:14:19'),(21,3,0,2,'Botble\\Page\\Models\\Page','/about-us',NULL,0,'About us',NULL,'_self',0,'2024-03-11 00:14:19','2024-03-11 00:14:19'),(22,3,0,10,'Botble\\Page\\Models\\Page','/affiliate',NULL,0,'Affiliate',NULL,'_self',0,'2024-03-11 00:14:19','2024-03-11 00:14:19'),(23,3,0,11,'Botble\\Page\\Models\\Page','/career',NULL,0,'Career',NULL,'_self',0,'2024-03-11 00:14:19','2024-03-11 00:14:19'),(24,3,0,8,'Botble\\Page\\Models\\Page','/contact',NULL,0,'Contact us',NULL,'_self',0,'2024-03-11 00:14:19','2024-03-11 00:14:19'),(25,4,0,6,'Botble\\Page\\Models\\Page','/blog',NULL,0,'Our blog',NULL,'_self',0,'2024-03-11 00:14:19','2024-03-11 00:14:19'),(26,4,0,NULL,NULL,'/cart',NULL,0,'Cart',NULL,'_self',0,'2024-03-11 00:14:19','2024-03-11 00:14:19'),(27,4,0,NULL,NULL,'/customer/overview',NULL,0,'My account',NULL,'_self',0,'2024-03-11 00:14:19','2024-03-11 00:14:19'),(28,4,0,NULL,NULL,'/products',NULL,0,'Shop',NULL,'_self',0,'2024-03-11 00:14:19','2024-03-11 00:14:19');

--
-- Table structure for table `menus`
--

CREATE TABLE `menus` (
  `id` bigint unsigned NOT NULL AUTO_INCREMENT,
  `name` varchar(120) COLLATE utf8mb4_unicode_ci NOT NULL,
  `slug` varchar(120) COLLATE utf8mb4_unicode_ci DEFAULT NULL,
  `status` varchar(60) COLLATE utf8mb4_unicode_ci NOT NULL DEFAULT 'published',
  `created_at` timestamp NULL DEFAULT NULL,
  `updated_at` timestamp NULL DEFAULT NULL,
  PRIMARY KEY (`id`),
  UNIQUE KEY `menus_slug_unique` (`slug`)
) ENGINE=InnoDB AUTO_INCREMENT=5 DEFAULT CHARSET=utf8mb4 COLLATE=utf8mb4_unicode_ci;

--
-- Dumping data for table `menus`
--

INSERT INTO `menus` VALUES (1,'Main menu','main-menu','published','2024-03-11 00:14:19','2024-03-11 00:14:19'),(2,'Quick links','quick-links','published','2024-03-11 00:14:19','2024-03-11 00:14:19'),(3,'Company','company','published','2024-03-11 00:14:19','2024-03-11 00:14:19'),(4,'Business','business','published','2024-03-11 00:14:19','2024-03-11 00:14:19');

--
-- Table structure for table `meta_boxes`
--

CREATE TABLE `meta_boxes` (
  `id` bigint unsigned NOT NULL AUTO_INCREMENT,
  `meta_key` varchar(255) COLLATE utf8mb4_unicode_ci NOT NULL,
  `meta_value` text COLLATE utf8mb4_unicode_ci,
  `reference_id` bigint unsigned NOT NULL,
  `reference_type` varchar(120) COLLATE utf8mb4_unicode_ci NOT NULL,
  `created_at` timestamp NULL DEFAULT NULL,
  `updated_at` timestamp NULL DEFAULT NULL,
  PRIMARY KEY (`id`),
  KEY `meta_boxes_reference_id_index` (`reference_id`)
) ENGINE=InnoDB AUTO_INCREMENT=44 DEFAULT CHARSET=utf8mb4 COLLATE=utf8mb4_unicode_ci;

--
-- Dumping data for table `meta_boxes`
--

INSERT INTO `meta_boxes` VALUES (1,'icon','[\"icon-star\"]',1,'Botble\\Ecommerce\\Models\\ProductCategory','2024-03-11 00:14:06','2024-03-11 00:14:06'),(2,'icon','[\"icon-laundry\"]',2,'Botble\\Ecommerce\\Models\\ProductCategory','2024-03-11 00:14:06','2024-03-11 00:14:06'),(3,'icon','[\"icon-shirt\"]',16,'Botble\\Ecommerce\\Models\\ProductCategory','2024-03-11 00:14:06','2024-03-11 00:14:06'),(4,'icon','[\"icon-desktop\"]',17,'Botble\\Ecommerce\\Models\\ProductCategory','2024-03-11 00:14:06','2024-03-11 00:14:06'),(5,'icon','[\"icon-lampshade\"]',28,'Botble\\Ecommerce\\Models\\ProductCategory','2024-03-11 00:14:06','2024-03-11 00:14:06'),(6,'icon','[\"icon-heart-pulse\"]',29,'Botble\\Ecommerce\\Models\\ProductCategory','2024-03-11 00:14:06','2024-03-11 00:14:06'),(7,'icon','[\"icon-diamond2\"]',30,'Botble\\Ecommerce\\Models\\ProductCategory','2024-03-11 00:14:06','2024-03-11 00:14:06'),(8,'icon','[\"icon-desktop\"]',31,'Botble\\Ecommerce\\Models\\ProductCategory','2024-03-11 00:14:06','2024-03-11 00:14:06'),(9,'icon','[\"icon-smartphone\"]',32,'Botble\\Ecommerce\\Models\\ProductCategory','2024-03-11 00:14:06','2024-03-11 00:14:06'),(10,'icon','[\"icon-baby-bottle\"]',33,'Botble\\Ecommerce\\Models\\ProductCategory','2024-03-11 00:14:06','2024-03-11 00:14:06'),(11,'icon','[\"icon-baseball\"]',34,'Botble\\Ecommerce\\Models\\ProductCategory','2024-03-11 00:14:06','2024-03-11 00:14:06'),(12,'icon','[\"icon-book2\"]',35,'Botble\\Ecommerce\\Models\\ProductCategory','2024-03-11 00:14:06','2024-03-11 00:14:06'),(13,'icon','[\"icon-car-siren\"]',36,'Botble\\Ecommerce\\Models\\ProductCategory','2024-03-11 00:14:07','2024-03-11 00:14:07'),(14,'icon','[\"icon-wrench\"]',37,'Botble\\Ecommerce\\Models\\ProductCategory','2024-03-11 00:14:07','2024-03-11 00:14:07'),(15,'faq_schema_config','[[[{\"key\":\"question\",\"value\":\"What Shipping Methods Are Available?\"},{\"key\":\"answer\",\"value\":\"Ex Portland Pitchfork irure mustache. Eutra fap before they sold out literally. Aliquip ugh bicycle rights actually mlkshk, seitan squid craft beer tempor.\"}],[{\"key\":\"question\",\"value\":\"Do You Ship Internationally?\"},{\"key\":\"answer\",\"value\":\"Hoodie tote bag mixtape tofu. Typewriter jean shorts wolf quinoa, messenger bag organic freegan cray.\"}],[{\"key\":\"question\",\"value\":\"How Long Will It Take To Get My Package?\"},{\"key\":\"answer\",\"value\":\"Swag slow-carb quinoa VHS typewriter pork belly brunch, paleo single-origin coffee Wes Anderson. Flexitarian Pitchfork forage, literally paleo fap pour-over. Wes Anderson Pinterest YOLO fanny pack meggings, deep v XOXO chambray sustainable slow-carb raw denim church-key fap chillwave Etsy. +1 typewriter kitsch, American Apparel tofu Banksy Vice.\"}],[{\"key\":\"question\",\"value\":\"What Payment Methods Are Accepted?\"},{\"key\":\"answer\",\"value\":\"Fashion axe DIY jean shorts, swag kale chips meh polaroid kogi butcher Wes Anderson chambray next level semiotics gentrify yr. Voluptate photo booth fugiat Vice. Austin sed Williamsburg, ea labore raw denim voluptate cred proident mixtape excepteur mustache. Twee chia photo booth readymade food truck, hoodie roof party swag keytar PBR DIY.\"}],[{\"key\":\"question\",\"value\":\"Is Buying On-Line Safe?\"},{\"key\":\"answer\",\"value\":\"Art party authentic freegan semiotics jean shorts chia cred. Neutra Austin roof party Brooklyn, synth Thundercats swag 8-bit photo booth. Plaid letterpress leggings craft beer meh ethical Pinterest.\"}]]]',1,'Botble\\Ecommerce\\Models\\Product','2024-03-11 00:14:11','2024-03-11 00:14:11'),(16,'faq_schema_config','[[[{\"key\":\"question\",\"value\":\"What Shipping Methods Are Available?\"},{\"key\":\"answer\",\"value\":\"Ex Portland Pitchfork irure mustache. Eutra fap before they sold out literally. Aliquip ugh bicycle rights actually mlkshk, seitan squid craft beer tempor.\"}],[{\"key\":\"question\",\"value\":\"Do You Ship Internationally?\"},{\"key\":\"answer\",\"value\":\"Hoodie tote bag mixtape tofu. Typewriter jean shorts wolf quinoa, messenger bag organic freegan cray.\"}],[{\"key\":\"question\",\"value\":\"How Long Will It Take To Get My Package?\"},{\"key\":\"answer\",\"value\":\"Swag slow-carb quinoa VHS typewriter pork belly brunch, paleo single-origin coffee Wes Anderson. Flexitarian Pitchfork forage, literally paleo fap pour-over. Wes Anderson Pinterest YOLO fanny pack meggings, deep v XOXO chambray sustainable slow-carb raw denim church-key fap chillwave Etsy. +1 typewriter kitsch, American Apparel tofu Banksy Vice.\"}],[{\"key\":\"question\",\"value\":\"What Payment Methods Are Accepted?\"},{\"key\":\"answer\",\"value\":\"Fashion axe DIY jean shorts, swag kale chips meh polaroid kogi butcher Wes Anderson chambray next level semiotics gentrify yr. Voluptate photo booth fugiat Vice. Austin sed Williamsburg, ea labore raw denim voluptate cred proident mixtape excepteur mustache. Twee chia photo booth readymade food truck, hoodie roof party swag keytar PBR DIY.\"}],[{\"key\":\"question\",\"value\":\"Is Buying On-Line Safe?\"},{\"key\":\"answer\",\"value\":\"Art party authentic freegan semiotics jean shorts chia cred. Neutra Austin roof party Brooklyn, synth Thundercats swag 8-bit photo booth. Plaid letterpress leggings craft beer meh ethical Pinterest.\"}]]]',2,'Botble\\Ecommerce\\Models\\Product','2024-03-11 00:14:11','2024-03-11 00:14:11'),(17,'faq_schema_config','[[[{\"key\":\"question\",\"value\":\"What Shipping Methods Are Available?\"},{\"key\":\"answer\",\"value\":\"Ex Portland Pitchfork irure mustache. Eutra fap before they sold out literally. Aliquip ugh bicycle rights actually mlkshk, seitan squid craft beer tempor.\"}],[{\"key\":\"question\",\"value\":\"Do You Ship Internationally?\"},{\"key\":\"answer\",\"value\":\"Hoodie tote bag mixtape tofu. Typewriter jean shorts wolf quinoa, messenger bag organic freegan cray.\"}],[{\"key\":\"question\",\"value\":\"How Long Will It Take To Get My Package?\"},{\"key\":\"answer\",\"value\":\"Swag slow-carb quinoa VHS typewriter pork belly brunch, paleo single-origin coffee Wes Anderson. Flexitarian Pitchfork forage, literally paleo fap pour-over. Wes Anderson Pinterest YOLO fanny pack meggings, deep v XOXO chambray sustainable slow-carb raw denim church-key fap chillwave Etsy. +1 typewriter kitsch, American Apparel tofu Banksy Vice.\"}],[{\"key\":\"question\",\"value\":\"What Payment Methods Are Accepted?\"},{\"key\":\"answer\",\"value\":\"Fashion axe DIY jean shorts, swag kale chips meh polaroid kogi butcher Wes Anderson chambray next level semiotics gentrify yr. Voluptate photo booth fugiat Vice. Austin sed Williamsburg, ea labore raw denim voluptate cred proident mixtape excepteur mustache. Twee chia photo booth readymade food truck, hoodie roof party swag keytar PBR DIY.\"}],[{\"key\":\"question\",\"value\":\"Is Buying On-Line Safe?\"},{\"key\":\"answer\",\"value\":\"Art party authentic freegan semiotics jean shorts chia cred. Neutra Austin roof party Brooklyn, synth Thundercats swag 8-bit photo booth. Plaid letterpress leggings craft beer meh ethical Pinterest.\"}]]]',3,'Botble\\Ecommerce\\Models\\Product','2024-03-11 00:14:11','2024-03-11 00:14:11'),(18,'faq_schema_config','[[[{\"key\":\"question\",\"value\":\"What Shipping Methods Are Available?\"},{\"key\":\"answer\",\"value\":\"Ex Portland Pitchfork irure mustache. Eutra fap before they sold out literally. Aliquip ugh bicycle rights actually mlkshk, seitan squid craft beer tempor.\"}],[{\"key\":\"question\",\"value\":\"Do You Ship Internationally?\"},{\"key\":\"answer\",\"value\":\"Hoodie tote bag mixtape tofu. Typewriter jean shorts wolf quinoa, messenger bag organic freegan cray.\"}],[{\"key\":\"question\",\"value\":\"How Long Will It Take To Get My Package?\"},{\"key\":\"answer\",\"value\":\"Swag slow-carb quinoa VHS typewriter pork belly brunch, paleo single-origin coffee Wes Anderson. Flexitarian Pitchfork forage, literally paleo fap pour-over. Wes Anderson Pinterest YOLO fanny pack meggings, deep v XOXO chambray sustainable slow-carb raw denim church-key fap chillwave Etsy. +1 typewriter kitsch, American Apparel tofu Banksy Vice.\"}],[{\"key\":\"question\",\"value\":\"What Payment Methods Are Accepted?\"},{\"key\":\"answer\",\"value\":\"Fashion axe DIY jean shorts, swag kale chips meh polaroid kogi butcher Wes Anderson chambray next level semiotics gentrify yr. Voluptate photo booth fugiat Vice. Austin sed Williamsburg, ea labore raw denim voluptate cred proident mixtape excepteur mustache. Twee chia photo booth readymade food truck, hoodie roof party swag keytar PBR DIY.\"}],[{\"key\":\"question\",\"value\":\"Is Buying On-Line Safe?\"},{\"key\":\"answer\",\"value\":\"Art party authentic freegan semiotics jean shorts chia cred. Neutra Austin roof party Brooklyn, synth Thundercats swag 8-bit photo booth. Plaid letterpress leggings craft beer meh ethical Pinterest.\"}]]]',4,'Botble\\Ecommerce\\Models\\Product','2024-03-11 00:14:11','2024-03-11 00:14:11'),(19,'faq_schema_config','[[[{\"key\":\"question\",\"value\":\"What Shipping Methods Are Available?\"},{\"key\":\"answer\",\"value\":\"Ex Portland Pitchfork irure mustache. Eutra fap before they sold out literally. Aliquip ugh bicycle rights actually mlkshk, seitan squid craft beer tempor.\"}],[{\"key\":\"question\",\"value\":\"Do You Ship Internationally?\"},{\"key\":\"answer\",\"value\":\"Hoodie tote bag mixtape tofu. Typewriter jean shorts wolf quinoa, messenger bag organic freegan cray.\"}],[{\"key\":\"question\",\"value\":\"How Long Will It Take To Get My Package?\"},{\"key\":\"answer\",\"value\":\"Swag slow-carb quinoa VHS typewriter pork belly brunch, paleo single-origin coffee Wes Anderson. Flexitarian Pitchfork forage, literally paleo fap pour-over. Wes Anderson Pinterest YOLO fanny pack meggings, deep v XOXO chambray sustainable slow-carb raw denim church-key fap chillwave Etsy. +1 typewriter kitsch, American Apparel tofu Banksy Vice.\"}],[{\"key\":\"question\",\"value\":\"What Payment Methods Are Accepted?\"},{\"key\":\"answer\",\"value\":\"Fashion axe DIY jean shorts, swag kale chips meh polaroid kogi butcher Wes Anderson chambray next level semiotics gentrify yr. Voluptate photo booth fugiat Vice. Austin sed Williamsburg, ea labore raw denim voluptate cred proident mixtape excepteur mustache. Twee chia photo booth readymade food truck, hoodie roof party swag keytar PBR DIY.\"}],[{\"key\":\"question\",\"value\":\"Is Buying On-Line Safe?\"},{\"key\":\"answer\",\"value\":\"Art party authentic freegan semiotics jean shorts chia cred. Neutra Austin roof party Brooklyn, synth Thundercats swag 8-bit photo booth. Plaid letterpress leggings craft beer meh ethical Pinterest.\"}]]]',5,'Botble\\Ecommerce\\Models\\Product','2024-03-11 00:14:11','2024-03-11 00:14:11'),(20,'faq_schema_config','[[[{\"key\":\"question\",\"value\":\"What Shipping Methods Are Available?\"},{\"key\":\"answer\",\"value\":\"Ex Portland Pitchfork irure mustache. Eutra fap before they sold out literally. Aliquip ugh bicycle rights actually mlkshk, seitan squid craft beer tempor.\"}],[{\"key\":\"question\",\"value\":\"Do You Ship Internationally?\"},{\"key\":\"answer\",\"value\":\"Hoodie tote bag mixtape tofu. Typewriter jean shorts wolf quinoa, messenger bag organic freegan cray.\"}],[{\"key\":\"question\",\"value\":\"How Long Will It Take To Get My Package?\"},{\"key\":\"answer\",\"value\":\"Swag slow-carb quinoa VHS typewriter pork belly brunch, paleo single-origin coffee Wes Anderson. Flexitarian Pitchfork forage, literally paleo fap pour-over. Wes Anderson Pinterest YOLO fanny pack meggings, deep v XOXO chambray sustainable slow-carb raw denim church-key fap chillwave Etsy. +1 typewriter kitsch, American Apparel tofu Banksy Vice.\"}],[{\"key\":\"question\",\"value\":\"What Payment Methods Are Accepted?\"},{\"key\":\"answer\",\"value\":\"Fashion axe DIY jean shorts, swag kale chips meh polaroid kogi butcher Wes Anderson chambray next level semiotics gentrify yr. Voluptate photo booth fugiat Vice. Austin sed Williamsburg, ea labore raw denim voluptate cred proident mixtape excepteur mustache. Twee chia photo booth readymade food truck, hoodie roof party swag keytar PBR DIY.\"}],[{\"key\":\"question\",\"value\":\"Is Buying On-Line Safe?\"},{\"key\":\"answer\",\"value\":\"Art party authentic freegan semiotics jean shorts chia cred. Neutra Austin roof party Brooklyn, synth Thundercats swag 8-bit photo booth. Plaid letterpress leggings craft beer meh ethical Pinterest.\"}]]]',6,'Botble\\Ecommerce\\Models\\Product','2024-03-11 00:14:11','2024-03-11 00:14:11'),(21,'faq_schema_config','[[[{\"key\":\"question\",\"value\":\"What Shipping Methods Are Available?\"},{\"key\":\"answer\",\"value\":\"Ex Portland Pitchfork irure mustache. Eutra fap before they sold out literally. Aliquip ugh bicycle rights actually mlkshk, seitan squid craft beer tempor.\"}],[{\"key\":\"question\",\"value\":\"Do You Ship Internationally?\"},{\"key\":\"answer\",\"value\":\"Hoodie tote bag mixtape tofu. Typewriter jean shorts wolf quinoa, messenger bag organic freegan cray.\"}],[{\"key\":\"question\",\"value\":\"How Long Will It Take To Get My Package?\"},{\"key\":\"answer\",\"value\":\"Swag slow-carb quinoa VHS typewriter pork belly brunch, paleo single-origin coffee Wes Anderson. Flexitarian Pitchfork forage, literally paleo fap pour-over. Wes Anderson Pinterest YOLO fanny pack meggings, deep v XOXO chambray sustainable slow-carb raw denim church-key fap chillwave Etsy. +1 typewriter kitsch, American Apparel tofu Banksy Vice.\"}],[{\"key\":\"question\",\"value\":\"What Payment Methods Are Accepted?\"},{\"key\":\"answer\",\"value\":\"Fashion axe DIY jean shorts, swag kale chips meh polaroid kogi butcher Wes Anderson chambray next level semiotics gentrify yr. Voluptate photo booth fugiat Vice. Austin sed Williamsburg, ea labore raw denim voluptate cred proident mixtape excepteur mustache. Twee chia photo booth readymade food truck, hoodie roof party swag keytar PBR DIY.\"}],[{\"key\":\"question\",\"value\":\"Is Buying On-Line Safe?\"},{\"key\":\"answer\",\"value\":\"Art party authentic freegan semiotics jean shorts chia cred. Neutra Austin roof party Brooklyn, synth Thundercats swag 8-bit photo booth. Plaid letterpress leggings craft beer meh ethical Pinterest.\"}]]]',7,'Botble\\Ecommerce\\Models\\Product','2024-03-11 00:14:11','2024-03-11 00:14:11'),(22,'faq_schema_config','[[[{\"key\":\"question\",\"value\":\"What Shipping Methods Are Available?\"},{\"key\":\"answer\",\"value\":\"Ex Portland Pitchfork irure mustache. Eutra fap before they sold out literally. Aliquip ugh bicycle rights actually mlkshk, seitan squid craft beer tempor.\"}],[{\"key\":\"question\",\"value\":\"Do You Ship Internationally?\"},{\"key\":\"answer\",\"value\":\"Hoodie tote bag mixtape tofu. Typewriter jean shorts wolf quinoa, messenger bag organic freegan cray.\"}],[{\"key\":\"question\",\"value\":\"How Long Will It Take To Get My Package?\"},{\"key\":\"answer\",\"value\":\"Swag slow-carb quinoa VHS typewriter pork belly brunch, paleo single-origin coffee Wes Anderson. Flexitarian Pitchfork forage, literally paleo fap pour-over. Wes Anderson Pinterest YOLO fanny pack meggings, deep v XOXO chambray sustainable slow-carb raw denim church-key fap chillwave Etsy. +1 typewriter kitsch, American Apparel tofu Banksy Vice.\"}],[{\"key\":\"question\",\"value\":\"What Payment Methods Are Accepted?\"},{\"key\":\"answer\",\"value\":\"Fashion axe DIY jean shorts, swag kale chips meh polaroid kogi butcher Wes Anderson chambray next level semiotics gentrify yr. Voluptate photo booth fugiat Vice. Austin sed Williamsburg, ea labore raw denim voluptate cred proident mixtape excepteur mustache. Twee chia photo booth readymade food truck, hoodie roof party swag keytar PBR DIY.\"}],[{\"key\":\"question\",\"value\":\"Is Buying On-Line Safe?\"},{\"key\":\"answer\",\"value\":\"Art party authentic freegan semiotics jean shorts chia cred. Neutra Austin roof party Brooklyn, synth Thundercats swag 8-bit photo booth. Plaid letterpress leggings craft beer meh ethical Pinterest.\"}]]]',8,'Botble\\Ecommerce\\Models\\Product','2024-03-11 00:14:11','2024-03-11 00:14:11'),(23,'faq_schema_config','[[[{\"key\":\"question\",\"value\":\"What Shipping Methods Are Available?\"},{\"key\":\"answer\",\"value\":\"Ex Portland Pitchfork irure mustache. Eutra fap before they sold out literally. Aliquip ugh bicycle rights actually mlkshk, seitan squid craft beer tempor.\"}],[{\"key\":\"question\",\"value\":\"Do You Ship Internationally?\"},{\"key\":\"answer\",\"value\":\"Hoodie tote bag mixtape tofu. Typewriter jean shorts wolf quinoa, messenger bag organic freegan cray.\"}],[{\"key\":\"question\",\"value\":\"How Long Will It Take To Get My Package?\"},{\"key\":\"answer\",\"value\":\"Swag slow-carb quinoa VHS typewriter pork belly brunch, paleo single-origin coffee Wes Anderson. Flexitarian Pitchfork forage, literally paleo fap pour-over. Wes Anderson Pinterest YOLO fanny pack meggings, deep v XOXO chambray sustainable slow-carb raw denim church-key fap chillwave Etsy. +1 typewriter kitsch, American Apparel tofu Banksy Vice.\"}],[{\"key\":\"question\",\"value\":\"What Payment Methods Are Accepted?\"},{\"key\":\"answer\",\"value\":\"Fashion axe DIY jean shorts, swag kale chips meh polaroid kogi butcher Wes Anderson chambray next level semiotics gentrify yr. Voluptate photo booth fugiat Vice. Austin sed Williamsburg, ea labore raw denim voluptate cred proident mixtape excepteur mustache. Twee chia photo booth readymade food truck, hoodie roof party swag keytar PBR DIY.\"}],[{\"key\":\"question\",\"value\":\"Is Buying On-Line Safe?\"},{\"key\":\"answer\",\"value\":\"Art party authentic freegan semiotics jean shorts chia cred. Neutra Austin roof party Brooklyn, synth Thundercats swag 8-bit photo booth. Plaid letterpress leggings craft beer meh ethical Pinterest.\"}]]]',9,'Botble\\Ecommerce\\Models\\Product','2024-03-11 00:14:11','2024-03-11 00:14:11'),(24,'faq_schema_config','[[[{\"key\":\"question\",\"value\":\"What Shipping Methods Are Available?\"},{\"key\":\"answer\",\"value\":\"Ex Portland Pitchfork irure mustache. Eutra fap before they sold out literally. Aliquip ugh bicycle rights actually mlkshk, seitan squid craft beer tempor.\"}],[{\"key\":\"question\",\"value\":\"Do You Ship Internationally?\"},{\"key\":\"answer\",\"value\":\"Hoodie tote bag mixtape tofu. Typewriter jean shorts wolf quinoa, messenger bag organic freegan cray.\"}],[{\"key\":\"question\",\"value\":\"How Long Will It Take To Get My Package?\"},{\"key\":\"answer\",\"value\":\"Swag slow-carb quinoa VHS typewriter pork belly brunch, paleo single-origin coffee Wes Anderson. Flexitarian Pitchfork forage, literally paleo fap pour-over. Wes Anderson Pinterest YOLO fanny pack meggings, deep v XOXO chambray sustainable slow-carb raw denim church-key fap chillwave Etsy. +1 typewriter kitsch, American Apparel tofu Banksy Vice.\"}],[{\"key\":\"question\",\"value\":\"What Payment Methods Are Accepted?\"},{\"key\":\"answer\",\"value\":\"Fashion axe DIY jean shorts, swag kale chips meh polaroid kogi butcher Wes Anderson chambray next level semiotics gentrify yr. Voluptate photo booth fugiat Vice. Austin sed Williamsburg, ea labore raw denim voluptate cred proident mixtape excepteur mustache. Twee chia photo booth readymade food truck, hoodie roof party swag keytar PBR DIY.\"}],[{\"key\":\"question\",\"value\":\"Is Buying On-Line Safe?\"},{\"key\":\"answer\",\"value\":\"Art party authentic freegan semiotics jean shorts chia cred. Neutra Austin roof party Brooklyn, synth Thundercats swag 8-bit photo booth. Plaid letterpress leggings craft beer meh ethical Pinterest.\"}]]]',10,'Botble\\Ecommerce\\Models\\Product','2024-03-11 00:14:11','2024-03-11 00:14:11'),(25,'faq_schema_config','[[[{\"key\":\"question\",\"value\":\"What Shipping Methods Are Available?\"},{\"key\":\"answer\",\"value\":\"Ex Portland Pitchfork irure mustache. Eutra fap before they sold out literally. Aliquip ugh bicycle rights actually mlkshk, seitan squid craft beer tempor.\"}],[{\"key\":\"question\",\"value\":\"Do You Ship Internationally?\"},{\"key\":\"answer\",\"value\":\"Hoodie tote bag mixtape tofu. Typewriter jean shorts wolf quinoa, messenger bag organic freegan cray.\"}],[{\"key\":\"question\",\"value\":\"How Long Will It Take To Get My Package?\"},{\"key\":\"answer\",\"value\":\"Swag slow-carb quinoa VHS typewriter pork belly brunch, paleo single-origin coffee Wes Anderson. Flexitarian Pitchfork forage, literally paleo fap pour-over. Wes Anderson Pinterest YOLO fanny pack meggings, deep v XOXO chambray sustainable slow-carb raw denim church-key fap chillwave Etsy. +1 typewriter kitsch, American Apparel tofu Banksy Vice.\"}],[{\"key\":\"question\",\"value\":\"What Payment Methods Are Accepted?\"},{\"key\":\"answer\",\"value\":\"Fashion axe DIY jean shorts, swag kale chips meh polaroid kogi butcher Wes Anderson chambray next level semiotics gentrify yr. Voluptate photo booth fugiat Vice. Austin sed Williamsburg, ea labore raw denim voluptate cred proident mixtape excepteur mustache. Twee chia photo booth readymade food truck, hoodie roof party swag keytar PBR DIY.\"}],[{\"key\":\"question\",\"value\":\"Is Buying On-Line Safe?\"},{\"key\":\"answer\",\"value\":\"Art party authentic freegan semiotics jean shorts chia cred. Neutra Austin roof party Brooklyn, synth Thundercats swag 8-bit photo booth. Plaid letterpress leggings craft beer meh ethical Pinterest.\"}]]]',11,'Botble\\Ecommerce\\Models\\Product','2024-03-11 00:14:11','2024-03-11 00:14:11'),(26,'faq_schema_config','[[[{\"key\":\"question\",\"value\":\"What Shipping Methods Are Available?\"},{\"key\":\"answer\",\"value\":\"Ex Portland Pitchfork irure mustache. Eutra fap before they sold out literally. Aliquip ugh bicycle rights actually mlkshk, seitan squid craft beer tempor.\"}],[{\"key\":\"question\",\"value\":\"Do You Ship Internationally?\"},{\"key\":\"answer\",\"value\":\"Hoodie tote bag mixtape tofu. Typewriter jean shorts wolf quinoa, messenger bag organic freegan cray.\"}],[{\"key\":\"question\",\"value\":\"How Long Will It Take To Get My Package?\"},{\"key\":\"answer\",\"value\":\"Swag slow-carb quinoa VHS typewriter pork belly brunch, paleo single-origin coffee Wes Anderson. Flexitarian Pitchfork forage, literally paleo fap pour-over. Wes Anderson Pinterest YOLO fanny pack meggings, deep v XOXO chambray sustainable slow-carb raw denim church-key fap chillwave Etsy. +1 typewriter kitsch, American Apparel tofu Banksy Vice.\"}],[{\"key\":\"question\",\"value\":\"What Payment Methods Are Accepted?\"},{\"key\":\"answer\",\"value\":\"Fashion axe DIY jean shorts, swag kale chips meh polaroid kogi butcher Wes Anderson chambray next level semiotics gentrify yr. Voluptate photo booth fugiat Vice. Austin sed Williamsburg, ea labore raw denim voluptate cred proident mixtape excepteur mustache. Twee chia photo booth readymade food truck, hoodie roof party swag keytar PBR DIY.\"}],[{\"key\":\"question\",\"value\":\"Is Buying On-Line Safe?\"},{\"key\":\"answer\",\"value\":\"Art party authentic freegan semiotics jean shorts chia cred. Neutra Austin roof party Brooklyn, synth Thundercats swag 8-bit photo booth. Plaid letterpress leggings craft beer meh ethical Pinterest.\"}]]]',12,'Botble\\Ecommerce\\Models\\Product','2024-03-11 00:14:11','2024-03-11 00:14:11'),(27,'faq_schema_config','[[[{\"key\":\"question\",\"value\":\"What Shipping Methods Are Available?\"},{\"key\":\"answer\",\"value\":\"Ex Portland Pitchfork irure mustache. Eutra fap before they sold out literally. Aliquip ugh bicycle rights actually mlkshk, seitan squid craft beer tempor.\"}],[{\"key\":\"question\",\"value\":\"Do You Ship Internationally?\"},{\"key\":\"answer\",\"value\":\"Hoodie tote bag mixtape tofu. Typewriter jean shorts wolf quinoa, messenger bag organic freegan cray.\"}],[{\"key\":\"question\",\"value\":\"How Long Will It Take To Get My Package?\"},{\"key\":\"answer\",\"value\":\"Swag slow-carb quinoa VHS typewriter pork belly brunch, paleo single-origin coffee Wes Anderson. Flexitarian Pitchfork forage, literally paleo fap pour-over. Wes Anderson Pinterest YOLO fanny pack meggings, deep v XOXO chambray sustainable slow-carb raw denim church-key fap chillwave Etsy. +1 typewriter kitsch, American Apparel tofu Banksy Vice.\"}],[{\"key\":\"question\",\"value\":\"What Payment Methods Are Accepted?\"},{\"key\":\"answer\",\"value\":\"Fashion axe DIY jean shorts, swag kale chips meh polaroid kogi butcher Wes Anderson chambray next level semiotics gentrify yr. Voluptate photo booth fugiat Vice. Austin sed Williamsburg, ea labore raw denim voluptate cred proident mixtape excepteur mustache. Twee chia photo booth readymade food truck, hoodie roof party swag keytar PBR DIY.\"}],[{\"key\":\"question\",\"value\":\"Is Buying On-Line Safe?\"},{\"key\":\"answer\",\"value\":\"Art party authentic freegan semiotics jean shorts chia cred. Neutra Austin roof party Brooklyn, synth Thundercats swag 8-bit photo booth. Plaid letterpress leggings craft beer meh ethical Pinterest.\"}]]]',13,'Botble\\Ecommerce\\Models\\Product','2024-03-11 00:14:11','2024-03-11 00:14:11'),(28,'faq_schema_config','[[[{\"key\":\"question\",\"value\":\"What Shipping Methods Are Available?\"},{\"key\":\"answer\",\"value\":\"Ex Portland Pitchfork irure mustache. Eutra fap before they sold out literally. Aliquip ugh bicycle rights actually mlkshk, seitan squid craft beer tempor.\"}],[{\"key\":\"question\",\"value\":\"Do You Ship Internationally?\"},{\"key\":\"answer\",\"value\":\"Hoodie tote bag mixtape tofu. Typewriter jean shorts wolf quinoa, messenger bag organic freegan cray.\"}],[{\"key\":\"question\",\"value\":\"How Long Will It Take To Get My Package?\"},{\"key\":\"answer\",\"value\":\"Swag slow-carb quinoa VHS typewriter pork belly brunch, paleo single-origin coffee Wes Anderson. Flexitarian Pitchfork forage, literally paleo fap pour-over. Wes Anderson Pinterest YOLO fanny pack meggings, deep v XOXO chambray sustainable slow-carb raw denim church-key fap chillwave Etsy. +1 typewriter kitsch, American Apparel tofu Banksy Vice.\"}],[{\"key\":\"question\",\"value\":\"What Payment Methods Are Accepted?\"},{\"key\":\"answer\",\"value\":\"Fashion axe DIY jean shorts, swag kale chips meh polaroid kogi butcher Wes Anderson chambray next level semiotics gentrify yr. Voluptate photo booth fugiat Vice. Austin sed Williamsburg, ea labore raw denim voluptate cred proident mixtape excepteur mustache. Twee chia photo booth readymade food truck, hoodie roof party swag keytar PBR DIY.\"}],[{\"key\":\"question\",\"value\":\"Is Buying On-Line Safe?\"},{\"key\":\"answer\",\"value\":\"Art party authentic freegan semiotics jean shorts chia cred. Neutra Austin roof party Brooklyn, synth Thundercats swag 8-bit photo booth. Plaid letterpress leggings craft beer meh ethical Pinterest.\"}]]]',14,'Botble\\Ecommerce\\Models\\Product','2024-03-11 00:14:11','2024-03-11 00:14:11'),(29,'faq_schema_config','[[[{\"key\":\"question\",\"value\":\"What Shipping Methods Are Available?\"},{\"key\":\"answer\",\"value\":\"Ex Portland Pitchfork irure mustache. Eutra fap before they sold out literally. Aliquip ugh bicycle rights actually mlkshk, seitan squid craft beer tempor.\"}],[{\"key\":\"question\",\"value\":\"Do You Ship Internationally?\"},{\"key\":\"answer\",\"value\":\"Hoodie tote bag mixtape tofu. Typewriter jean shorts wolf quinoa, messenger bag organic freegan cray.\"}],[{\"key\":\"question\",\"value\":\"How Long Will It Take To Get My Package?\"},{\"key\":\"answer\",\"value\":\"Swag slow-carb quinoa VHS typewriter pork belly brunch, paleo single-origin coffee Wes Anderson. Flexitarian Pitchfork forage, literally paleo fap pour-over. Wes Anderson Pinterest YOLO fanny pack meggings, deep v XOXO chambray sustainable slow-carb raw denim church-key fap chillwave Etsy. +1 typewriter kitsch, American Apparel tofu Banksy Vice.\"}],[{\"key\":\"question\",\"value\":\"What Payment Methods Are Accepted?\"},{\"key\":\"answer\",\"value\":\"Fashion axe DIY jean shorts, swag kale chips meh polaroid kogi butcher Wes Anderson chambray next level semiotics gentrify yr. Voluptate photo booth fugiat Vice. Austin sed Williamsburg, ea labore raw denim voluptate cred proident mixtape excepteur mustache. Twee chia photo booth readymade food truck, hoodie roof party swag keytar PBR DIY.\"}],[{\"key\":\"question\",\"value\":\"Is Buying On-Line Safe?\"},{\"key\":\"answer\",\"value\":\"Art party authentic freegan semiotics jean shorts chia cred. Neutra Austin roof party Brooklyn, synth Thundercats swag 8-bit photo booth. Plaid letterpress leggings craft beer meh ethical Pinterest.\"}]]]',15,'Botble\\Ecommerce\\Models\\Product','2024-03-11 00:14:11','2024-03-11 00:14:11'),(30,'faq_schema_config','[[[{\"key\":\"question\",\"value\":\"What Shipping Methods Are Available?\"},{\"key\":\"answer\",\"value\":\"Ex Portland Pitchfork irure mustache. Eutra fap before they sold out literally. Aliquip ugh bicycle rights actually mlkshk, seitan squid craft beer tempor.\"}],[{\"key\":\"question\",\"value\":\"Do You Ship Internationally?\"},{\"key\":\"answer\",\"value\":\"Hoodie tote bag mixtape tofu. Typewriter jean shorts wolf quinoa, messenger bag organic freegan cray.\"}],[{\"key\":\"question\",\"value\":\"How Long Will It Take To Get My Package?\"},{\"key\":\"answer\",\"value\":\"Swag slow-carb quinoa VHS typewriter pork belly brunch, paleo single-origin coffee Wes Anderson. Flexitarian Pitchfork forage, literally paleo fap pour-over. Wes Anderson Pinterest YOLO fanny pack meggings, deep v XOXO chambray sustainable slow-carb raw denim church-key fap chillwave Etsy. +1 typewriter kitsch, American Apparel tofu Banksy Vice.\"}],[{\"key\":\"question\",\"value\":\"What Payment Methods Are Accepted?\"},{\"key\":\"answer\",\"value\":\"Fashion axe DIY jean shorts, swag kale chips meh polaroid kogi butcher Wes Anderson chambray next level semiotics gentrify yr. Voluptate photo booth fugiat Vice. Austin sed Williamsburg, ea labore raw denim voluptate cred proident mixtape excepteur mustache. Twee chia photo booth readymade food truck, hoodie roof party swag keytar PBR DIY.\"}],[{\"key\":\"question\",\"value\":\"Is Buying On-Line Safe?\"},{\"key\":\"answer\",\"value\":\"Art party authentic freegan semiotics jean shorts chia cred. Neutra Austin roof party Brooklyn, synth Thundercats swag 8-bit photo booth. Plaid letterpress leggings craft beer meh ethical Pinterest.\"}]]]',16,'Botble\\Ecommerce\\Models\\Product','2024-03-11 00:14:11','2024-03-11 00:14:11'),(31,'faq_schema_config','[[[{\"key\":\"question\",\"value\":\"What Shipping Methods Are Available?\"},{\"key\":\"answer\",\"value\":\"Ex Portland Pitchfork irure mustache. Eutra fap before they sold out literally. Aliquip ugh bicycle rights actually mlkshk, seitan squid craft beer tempor.\"}],[{\"key\":\"question\",\"value\":\"Do You Ship Internationally?\"},{\"key\":\"answer\",\"value\":\"Hoodie tote bag mixtape tofu. Typewriter jean shorts wolf quinoa, messenger bag organic freegan cray.\"}],[{\"key\":\"question\",\"value\":\"How Long Will It Take To Get My Package?\"},{\"key\":\"answer\",\"value\":\"Swag slow-carb quinoa VHS typewriter pork belly brunch, paleo single-origin coffee Wes Anderson. Flexitarian Pitchfork forage, literally paleo fap pour-over. Wes Anderson Pinterest YOLO fanny pack meggings, deep v XOXO chambray sustainable slow-carb raw denim church-key fap chillwave Etsy. +1 typewriter kitsch, American Apparel tofu Banksy Vice.\"}],[{\"key\":\"question\",\"value\":\"What Payment Methods Are Accepted?\"},{\"key\":\"answer\",\"value\":\"Fashion axe DIY jean shorts, swag kale chips meh polaroid kogi butcher Wes Anderson chambray next level semiotics gentrify yr. Voluptate photo booth fugiat Vice. Austin sed Williamsburg, ea labore raw denim voluptate cred proident mixtape excepteur mustache. Twee chia photo booth readymade food truck, hoodie roof party swag keytar PBR DIY.\"}],[{\"key\":\"question\",\"value\":\"Is Buying On-Line Safe?\"},{\"key\":\"answer\",\"value\":\"Art party authentic freegan semiotics jean shorts chia cred. Neutra Austin roof party Brooklyn, synth Thundercats swag 8-bit photo booth. Plaid letterpress leggings craft beer meh ethical Pinterest.\"}]]]',17,'Botble\\Ecommerce\\Models\\Product','2024-03-11 00:14:11','2024-03-11 00:14:11'),(32,'faq_schema_config','[[[{\"key\":\"question\",\"value\":\"What Shipping Methods Are Available?\"},{\"key\":\"answer\",\"value\":\"Ex Portland Pitchfork irure mustache. Eutra fap before they sold out literally. Aliquip ugh bicycle rights actually mlkshk, seitan squid craft beer tempor.\"}],[{\"key\":\"question\",\"value\":\"Do You Ship Internationally?\"},{\"key\":\"answer\",\"value\":\"Hoodie tote bag mixtape tofu. Typewriter jean shorts wolf quinoa, messenger bag organic freegan cray.\"}],[{\"key\":\"question\",\"value\":\"How Long Will It Take To Get My Package?\"},{\"key\":\"answer\",\"value\":\"Swag slow-carb quinoa VHS typewriter pork belly brunch, paleo single-origin coffee Wes Anderson. Flexitarian Pitchfork forage, literally paleo fap pour-over. Wes Anderson Pinterest YOLO fanny pack meggings, deep v XOXO chambray sustainable slow-carb raw denim church-key fap chillwave Etsy. +1 typewriter kitsch, American Apparel tofu Banksy Vice.\"}],[{\"key\":\"question\",\"value\":\"What Payment Methods Are Accepted?\"},{\"key\":\"answer\",\"value\":\"Fashion axe DIY jean shorts, swag kale chips meh polaroid kogi butcher Wes Anderson chambray next level semiotics gentrify yr. Voluptate photo booth fugiat Vice. Austin sed Williamsburg, ea labore raw denim voluptate cred proident mixtape excepteur mustache. Twee chia photo booth readymade food truck, hoodie roof party swag keytar PBR DIY.\"}],[{\"key\":\"question\",\"value\":\"Is Buying On-Line Safe?\"},{\"key\":\"answer\",\"value\":\"Art party authentic freegan semiotics jean shorts chia cred. Neutra Austin roof party Brooklyn, synth Thundercats swag 8-bit photo booth. Plaid letterpress leggings craft beer meh ethical Pinterest.\"}]]]',18,'Botble\\Ecommerce\\Models\\Product','2024-03-11 00:14:11','2024-03-11 00:14:11'),(33,'faq_schema_config','[[[{\"key\":\"question\",\"value\":\"What Shipping Methods Are Available?\"},{\"key\":\"answer\",\"value\":\"Ex Portland Pitchfork irure mustache. Eutra fap before they sold out literally. Aliquip ugh bicycle rights actually mlkshk, seitan squid craft beer tempor.\"}],[{\"key\":\"question\",\"value\":\"Do You Ship Internationally?\"},{\"key\":\"answer\",\"value\":\"Hoodie tote bag mixtape tofu. Typewriter jean shorts wolf quinoa, messenger bag organic freegan cray.\"}],[{\"key\":\"question\",\"value\":\"How Long Will It Take To Get My Package?\"},{\"key\":\"answer\",\"value\":\"Swag slow-carb quinoa VHS typewriter pork belly brunch, paleo single-origin coffee Wes Anderson. Flexitarian Pitchfork forage, literally paleo fap pour-over. Wes Anderson Pinterest YOLO fanny pack meggings, deep v XOXO chambray sustainable slow-carb raw denim church-key fap chillwave Etsy. +1 typewriter kitsch, American Apparel tofu Banksy Vice.\"}],[{\"key\":\"question\",\"value\":\"What Payment Methods Are Accepted?\"},{\"key\":\"answer\",\"value\":\"Fashion axe DIY jean shorts, swag kale chips meh polaroid kogi butcher Wes Anderson chambray next level semiotics gentrify yr. Voluptate photo booth fugiat Vice. Austin sed Williamsburg, ea labore raw denim voluptate cred proident mixtape excepteur mustache. Twee chia photo booth readymade food truck, hoodie roof party swag keytar PBR DIY.\"}],[{\"key\":\"question\",\"value\":\"Is Buying On-Line Safe?\"},{\"key\":\"answer\",\"value\":\"Art party authentic freegan semiotics jean shorts chia cred. Neutra Austin roof party Brooklyn, synth Thundercats swag 8-bit photo booth. Plaid letterpress leggings craft beer meh ethical Pinterest.\"}]]]',19,'Botble\\Ecommerce\\Models\\Product','2024-03-11 00:14:11','2024-03-11 00:14:11'),(34,'faq_schema_config','[[[{\"key\":\"question\",\"value\":\"What Shipping Methods Are Available?\"},{\"key\":\"answer\",\"value\":\"Ex Portland Pitchfork irure mustache. Eutra fap before they sold out literally. Aliquip ugh bicycle rights actually mlkshk, seitan squid craft beer tempor.\"}],[{\"key\":\"question\",\"value\":\"Do You Ship Internationally?\"},{\"key\":\"answer\",\"value\":\"Hoodie tote bag mixtape tofu. Typewriter jean shorts wolf quinoa, messenger bag organic freegan cray.\"}],[{\"key\":\"question\",\"value\":\"How Long Will It Take To Get My Package?\"},{\"key\":\"answer\",\"value\":\"Swag slow-carb quinoa VHS typewriter pork belly brunch, paleo single-origin coffee Wes Anderson. Flexitarian Pitchfork forage, literally paleo fap pour-over. Wes Anderson Pinterest YOLO fanny pack meggings, deep v XOXO chambray sustainable slow-carb raw denim church-key fap chillwave Etsy. +1 typewriter kitsch, American Apparel tofu Banksy Vice.\"}],[{\"key\":\"question\",\"value\":\"What Payment Methods Are Accepted?\"},{\"key\":\"answer\",\"value\":\"Fashion axe DIY jean shorts, swag kale chips meh polaroid kogi butcher Wes Anderson chambray next level semiotics gentrify yr. Voluptate photo booth fugiat Vice. Austin sed Williamsburg, ea labore raw denim voluptate cred proident mixtape excepteur mustache. Twee chia photo booth readymade food truck, hoodie roof party swag keytar PBR DIY.\"}],[{\"key\":\"question\",\"value\":\"Is Buying On-Line Safe?\"},{\"key\":\"answer\",\"value\":\"Art party authentic freegan semiotics jean shorts chia cred. Neutra Austin roof party Brooklyn, synth Thundercats swag 8-bit photo booth. Plaid letterpress leggings craft beer meh ethical Pinterest.\"}]]]',20,'Botble\\Ecommerce\\Models\\Product','2024-03-11 00:14:11','2024-03-11 00:14:11'),(35,'faq_schema_config','[[[{\"key\":\"question\",\"value\":\"What Shipping Methods Are Available?\"},{\"key\":\"answer\",\"value\":\"Ex Portland Pitchfork irure mustache. Eutra fap before they sold out literally. Aliquip ugh bicycle rights actually mlkshk, seitan squid craft beer tempor.\"}],[{\"key\":\"question\",\"value\":\"Do You Ship Internationally?\"},{\"key\":\"answer\",\"value\":\"Hoodie tote bag mixtape tofu. Typewriter jean shorts wolf quinoa, messenger bag organic freegan cray.\"}],[{\"key\":\"question\",\"value\":\"How Long Will It Take To Get My Package?\"},{\"key\":\"answer\",\"value\":\"Swag slow-carb quinoa VHS typewriter pork belly brunch, paleo single-origin coffee Wes Anderson. Flexitarian Pitchfork forage, literally paleo fap pour-over. Wes Anderson Pinterest YOLO fanny pack meggings, deep v XOXO chambray sustainable slow-carb raw denim church-key fap chillwave Etsy. +1 typewriter kitsch, American Apparel tofu Banksy Vice.\"}],[{\"key\":\"question\",\"value\":\"What Payment Methods Are Accepted?\"},{\"key\":\"answer\",\"value\":\"Fashion axe DIY jean shorts, swag kale chips meh polaroid kogi butcher Wes Anderson chambray next level semiotics gentrify yr. Voluptate photo booth fugiat Vice. Austin sed Williamsburg, ea labore raw denim voluptate cred proident mixtape excepteur mustache. Twee chia photo booth readymade food truck, hoodie roof party swag keytar PBR DIY.\"}],[{\"key\":\"question\",\"value\":\"Is Buying On-Line Safe?\"},{\"key\":\"answer\",\"value\":\"Art party authentic freegan semiotics jean shorts chia cred. Neutra Austin roof party Brooklyn, synth Thundercats swag 8-bit photo booth. Plaid letterpress leggings craft beer meh ethical Pinterest.\"}]]]',21,'Botble\\Ecommerce\\Models\\Product','2024-03-11 00:14:11','2024-03-11 00:14:11'),(36,'faq_schema_config','[[[{\"key\":\"question\",\"value\":\"What Shipping Methods Are Available?\"},{\"key\":\"answer\",\"value\":\"Ex Portland Pitchfork irure mustache. Eutra fap before they sold out literally. Aliquip ugh bicycle rights actually mlkshk, seitan squid craft beer tempor.\"}],[{\"key\":\"question\",\"value\":\"Do You Ship Internationally?\"},{\"key\":\"answer\",\"value\":\"Hoodie tote bag mixtape tofu. Typewriter jean shorts wolf quinoa, messenger bag organic freegan cray.\"}],[{\"key\":\"question\",\"value\":\"How Long Will It Take To Get My Package?\"},{\"key\":\"answer\",\"value\":\"Swag slow-carb quinoa VHS typewriter pork belly brunch, paleo single-origin coffee Wes Anderson. Flexitarian Pitchfork forage, literally paleo fap pour-over. Wes Anderson Pinterest YOLO fanny pack meggings, deep v XOXO chambray sustainable slow-carb raw denim church-key fap chillwave Etsy. +1 typewriter kitsch, American Apparel tofu Banksy Vice.\"}],[{\"key\":\"question\",\"value\":\"What Payment Methods Are Accepted?\"},{\"key\":\"answer\",\"value\":\"Fashion axe DIY jean shorts, swag kale chips meh polaroid kogi butcher Wes Anderson chambray next level semiotics gentrify yr. Voluptate photo booth fugiat Vice. Austin sed Williamsburg, ea labore raw denim voluptate cred proident mixtape excepteur mustache. Twee chia photo booth readymade food truck, hoodie roof party swag keytar PBR DIY.\"}],[{\"key\":\"question\",\"value\":\"Is Buying On-Line Safe?\"},{\"key\":\"answer\",\"value\":\"Art party authentic freegan semiotics jean shorts chia cred. Neutra Austin roof party Brooklyn, synth Thundercats swag 8-bit photo booth. Plaid letterpress leggings craft beer meh ethical Pinterest.\"}]]]',22,'Botble\\Ecommerce\\Models\\Product','2024-03-11 00:14:11','2024-03-11 00:14:11'),(37,'faq_schema_config','[[[{\"key\":\"question\",\"value\":\"What Shipping Methods Are Available?\"},{\"key\":\"answer\",\"value\":\"Ex Portland Pitchfork irure mustache. Eutra fap before they sold out literally. Aliquip ugh bicycle rights actually mlkshk, seitan squid craft beer tempor.\"}],[{\"key\":\"question\",\"value\":\"Do You Ship Internationally?\"},{\"key\":\"answer\",\"value\":\"Hoodie tote bag mixtape tofu. Typewriter jean shorts wolf quinoa, messenger bag organic freegan cray.\"}],[{\"key\":\"question\",\"value\":\"How Long Will It Take To Get My Package?\"},{\"key\":\"answer\",\"value\":\"Swag slow-carb quinoa VHS typewriter pork belly brunch, paleo single-origin coffee Wes Anderson. Flexitarian Pitchfork forage, literally paleo fap pour-over. Wes Anderson Pinterest YOLO fanny pack meggings, deep v XOXO chambray sustainable slow-carb raw denim church-key fap chillwave Etsy. +1 typewriter kitsch, American Apparel tofu Banksy Vice.\"}],[{\"key\":\"question\",\"value\":\"What Payment Methods Are Accepted?\"},{\"key\":\"answer\",\"value\":\"Fashion axe DIY jean shorts, swag kale chips meh polaroid kogi butcher Wes Anderson chambray next level semiotics gentrify yr. Voluptate photo booth fugiat Vice. Austin sed Williamsburg, ea labore raw denim voluptate cred proident mixtape excepteur mustache. Twee chia photo booth readymade food truck, hoodie roof party swag keytar PBR DIY.\"}],[{\"key\":\"question\",\"value\":\"Is Buying On-Line Safe?\"},{\"key\":\"answer\",\"value\":\"Art party authentic freegan semiotics jean shorts chia cred. Neutra Austin roof party Brooklyn, synth Thundercats swag 8-bit photo booth. Plaid letterpress leggings craft beer meh ethical Pinterest.\"}]]]',23,'Botble\\Ecommerce\\Models\\Product','2024-03-11 00:14:11','2024-03-11 00:14:11'),(38,'tablet_image','[\"sliders\\/1-md.jpg\"]',1,'Botble\\SimpleSlider\\Models\\SimpleSliderItem','2024-03-11 00:14:18','2024-03-11 00:14:18'),(39,'mobile_image','[\"sliders\\/1-sm.jpg\"]',1,'Botble\\SimpleSlider\\Models\\SimpleSliderItem','2024-03-11 00:14:18','2024-03-11 00:14:18'),(40,'tablet_image','[\"sliders\\/2-md.jpg\"]',2,'Botble\\SimpleSlider\\Models\\SimpleSliderItem','2024-03-11 00:14:18','2024-03-11 00:14:18'),(41,'mobile_image','[\"sliders\\/2-sm.jpg\"]',2,'Botble\\SimpleSlider\\Models\\SimpleSliderItem','2024-03-11 00:14:18','2024-03-11 00:14:18'),(42,'tablet_image','[\"sliders\\/3-md.jpg\"]',3,'Botble\\SimpleSlider\\Models\\SimpleSliderItem','2024-03-11 00:14:18','2024-03-11 00:14:18'),(43,'mobile_image','[\"sliders\\/3-sm.jpg\"]',3,'Botble\\SimpleSlider\\Models\\SimpleSliderItem','2024-03-11 00:14:18','2024-03-11 00:14:18');

--
-- Table structure for table `migrations`
--

CREATE TABLE `migrations` (
  `id` int unsigned NOT NULL AUTO_INCREMENT,
  `migration` varchar(255) COLLATE utf8mb4_unicode_ci NOT NULL,
  `batch` int NOT NULL,
  PRIMARY KEY (`id`)
) ENGINE=InnoDB AUTO_INCREMENT=166 DEFAULT CHARSET=utf8mb4 COLLATE=utf8mb4_unicode_ci;

--
-- Dumping data for table `migrations`
--

INSERT INTO `migrations` VALUES (1,'2013_04_09_032329_create_base_tables',1),(2,'2013_04_09_062329_create_revisions_table',1),(3,'2014_10_12_000000_create_users_table',1),(4,'2014_10_12_100000_create_password_reset_tokens_table',1),(5,'2016_06_10_230148_create_acl_tables',1),(6,'2016_06_14_230857_create_menus_table',1),(7,'2016_06_28_221418_create_pages_table',1),(8,'2016_10_05_074239_create_setting_table',1),(9,'2016_11_28_032840_create_dashboard_widget_tables',1),(10,'2016_12_16_084601_create_widgets_table',1),(11,'2017_05_09_070343_create_media_tables',1),(12,'2017_11_03_070450_create_slug_table',1),(13,'2019_01_05_053554_create_jobs_table',1),(14,'2019_08_19_000000_create_failed_jobs_table',1),(15,'2019_12_14_000001_create_personal_access_tokens_table',1),(16,'2021_08_02_084121_fix_old_shortcode',1),(17,'2022_04_20_100851_add_index_to_media_table',1),(18,'2022_04_20_101046_add_index_to_menu_table',1),(19,'2022_07_10_034813_move_lang_folder_to_root',1),(20,'2022_08_04_051940_add_missing_column_expires_at',1),(21,'2022_09_01_000001_create_admin_notifications_tables',1),(22,'2022_10_14_024629_drop_column_is_featured',1),(23,'2022_11_18_063357_add_missing_timestamp_in_table_settings',1),(24,'2022_12_02_093615_update_slug_index_columns',1),(25,'2023_01_30_024431_add_alt_to_media_table',1),(26,'2023_02_16_042611_drop_table_password_resets',1),(27,'2023_04_23_005903_add_column_permissions_to_admin_notifications',1),(28,'2023_05_10_075124_drop_column_id_in_role_users_table',1),(29,'2023_08_21_090810_make_page_content_nullable',1),(30,'2023_09_14_021936_update_index_for_slugs_table',1),(31,'2023_12_06_100448_change_random_hash_for_media',1),(32,'2023_12_07_095130_add_color_column_to_media_folders_table',1),(33,'2023_12_17_162208_make_sure_column_color_in_media_folders_nullable',1),(34,'2020_11_18_150916_ads_create_ads_table',2),(35,'2021_12_02_035301_add_ads_translations_table',2),(36,'2023_04_17_062645_add_open_in_new_tab',2),(37,'2023_11_07_023805_add_tablet_mobile_image',2),(38,'2015_06_29_025744_create_audit_history',3),(39,'2023_11_14_033417_change_request_column_in_table_audit_histories',3),(40,'2015_06_18_033822_create_blog_table',4),(41,'2021_02_16_092633_remove_default_value_for_author_type',4),(42,'2021_12_03_030600_create_blog_translations',4),(43,'2022_04_19_113923_add_index_to_table_posts',4),(44,'2023_08_29_074620_make_column_author_id_nullable',4),(45,'2016_06_17_091537_create_contacts_table',5),(46,'2023_11_10_080225_migrate_contact_blacklist_email_domains_to_core',5),(47,'2020_03_05_041139_create_ecommerce_tables',6),(48,'2021_01_01_044147_ecommerce_create_flash_sale_table',6),(49,'2021_01_17_082713_add_column_is_featured_to_product_collections_table',6),(50,'2021_01_18_024333_add_zip_code_into_table_customer_addresses',6),(51,'2021_02_18_073505_update_table_ec_reviews',6),(52,'2021_03_10_024419_add_column_confirmed_at_to_table_ec_customers',6),(53,'2021_03_10_025153_change_column_tax_amount',6),(54,'2021_03_20_033103_add_column_availability_to_table_ec_products',6),(55,'2021_04_28_074008_ecommerce_create_product_label_table',6),(56,'2021_05_31_173037_ecommerce_create_ec_products_translations',6),(57,'2021_08_17_105016_remove_column_currency_id_in_some_tables',6),(58,'2021_08_30_142128_add_images_column_to_ec_reviews_table',6),(59,'2021_10_04_030050_add_column_created_by_to_table_ec_products',6),(60,'2021_10_05_122616_add_status_column_to_ec_customers_table',6),(61,'2021_11_03_025806_nullable_phone_number_in_ec_customer_addresses',6),(62,'2021_11_23_071403_correct_languages_for_product_variations',6),(63,'2021_11_28_031808_add_product_tags_translations',6),(64,'2021_12_01_031123_add_featured_image_to_ec_products',6),(65,'2022_01_01_033107_update_table_ec_shipments',6),(66,'2022_02_16_042457_improve_product_attribute_sets',6),(67,'2022_03_22_075758_correct_product_name',6),(68,'2022_04_19_113334_add_index_to_ec_products',6),(69,'2022_04_28_144405_remove_unused_table',6),(70,'2022_05_05_115015_create_ec_customer_recently_viewed_products_table',6),(71,'2022_05_18_143720_add_index_to_table_ec_product_categories',6),(72,'2022_06_16_095633_add_index_to_some_tables',6),(73,'2022_06_30_035148_create_order_referrals_table',6),(74,'2022_07_24_153815_add_completed_at_to_ec_orders_table',6),(75,'2022_08_14_032836_create_ec_order_returns_table',6),(76,'2022_08_14_033554_create_ec_order_return_items_table',6),(77,'2022_08_15_040324_add_billing_address',6),(78,'2022_08_30_091114_support_digital_products_table',6),(79,'2022_09_13_095744_create_options_table',6),(80,'2022_09_13_104347_create_option_value_table',6),(81,'2022_10_05_163518_alter_table_ec_order_product',6),(82,'2022_10_12_041517_create_invoices_table',6),(83,'2022_10_12_142226_update_orders_table',6),(84,'2022_10_13_024916_update_table_order_returns',6),(85,'2022_10_21_030830_update_columns_in_ec_shipments_table',6),(86,'2022_10_28_021046_update_columns_in_ec_shipments_table',6),(87,'2022_11_16_034522_update_type_column_in_ec_shipping_rules_table',6),(88,'2022_11_19_041643_add_ec_tax_product_table',6),(89,'2022_12_12_063830_update_tax_defadult_in_ec_tax_products_table',6),(90,'2022_12_17_041532_fix_address_in_order_invoice',6),(91,'2022_12_26_070329_create_ec_product_views_table',6),(92,'2023_01_04_033051_fix_product_categories',6),(93,'2023_01_09_050400_add_ec_global_options_translations_table',6),(94,'2023_01_10_093754_add_missing_option_value_id',6),(95,'2023_01_17_082713_add_column_barcode_and_cost_per_item_to_product_table',6),(96,'2023_01_26_021854_add_ec_customer_used_coupons_table',6),(97,'2023_02_08_015900_update_options_column_in_ec_order_product_table',6),(98,'2023_02_27_095752_remove_duplicate_reviews',6),(99,'2023_03_20_115757_add_user_type_column_to_ec_shipment_histories_table',6),(100,'2023_04_21_082427_create_ec_product_categorizables_table',6),(101,'2023_05_03_011331_add_missing_column_price_into_invoice_items_table',6),(102,'2023_05_17_025812_fix_invoice_issue',6),(103,'2023_05_26_073140_move_option_make_phone_field_optional_at_checkout_page_to_mandatory_fields',6),(104,'2023_05_27_144611_fix_exchange_rate_setting',6),(105,'2023_06_22_084331_add_generate_license_code_to_ec_products_table',6),(106,'2023_06_30_042512_create_ec_order_tax_information_table',6),(107,'2023_07_14_022724_remove_column_id_from_ec_product_collection_products',6),(108,'2023_08_09_012940_remove_column_status_in_ec_product_attributes',6),(109,'2023_08_15_064505_create_ec_tax_rules_table',6),(110,'2023_08_21_021819_make_column_address_in_ec_customer_addresses_nullable',6),(111,'2023_08_22_094114_drop_unique_for_barcode',6),(112,'2023_08_30_031811_add_apply_via_url_column_to_ec_discounts_table',6),(113,'2023_09_07_094312_add_index_to_product_sku_and_translations',6),(114,'2023_09_19_024955_create_discount_product_categories_table',6),(115,'2023_10_17_070728_add_icon_and_icon_image_to_product_categories_table',6),(116,'2023_11_22_154643_add_unique_in_table_ec_products_variations',6),(117,'2023_11_27_032313_add_price_columns_to_ec_product_cross_sale_relations_table',6),(118,'2023_12_06_023945_add_display_on_checkout_column_to_ec_discounts_table',6),(119,'2023_12_25_040604_ec_create_review_replies_table',6),(120,'2023_12_26_090340_add_private_notes_column_to_ec_customers_table',6),(121,'2024_01_16_070706_fix_translation_tables',6),(122,'2024_01_23_075227_add_proof_file_to_ec_orders_table',6),(123,'2018_07_09_221238_create_faq_table',7),(124,'2021_12_03_082134_create_faq_translations',7),(125,'2023_11_17_063408_add_description_column_to_faq_categories_table',7),(126,'2016_10_03_032336_create_languages_table',8),(127,'2023_09_14_022423_add_index_for_language_table',8),(128,'2021_10_25_021023_fix-priority-load-for-language-advanced',9),(129,'2021_12_03_075608_create_page_translations',9),(130,'2023_07_06_011444_create_slug_translations_table',9),(131,'2019_11_18_061011_create_country_table',10),(132,'2021_12_03_084118_create_location_translations',10),(133,'2021_12_03_094518_migrate_old_location_data',10),(134,'2021_12_10_034440_switch_plugin_location_to_use_language_advanced',10),(135,'2022_01_16_085908_improve_plugin_location',10),(136,'2022_08_04_052122_delete_location_backup_tables',10),(137,'2023_04_23_061847_increase_state_translations_abbreviation_column',10),(138,'2023_07_26_041451_add_more_columns_to_location_table',10),(139,'2023_07_27_041451_add_more_columns_to_location_translation_table',10),(140,'2023_08_15_073307_drop_unique_in_states_cities_translations',10),(141,'2023_10_21_065016_make_state_id_in_table_cities_nullable',10),(142,'2021_07_06_030002_create_marketplace_table',11),(143,'2021_09_04_150137_add_vendor_verified_at_to_ec_customers_table',11),(144,'2021_10_04_033903_add_column_approved_by_into_table_ec_products',11),(145,'2021_10_06_124943_add_transaction_id_column_to_mp_customer_withdrawals_table',11),(146,'2021_10_10_054216_add_columns_to_mp_customer_revenues_table',11),(147,'2021_12_06_031304_update_table_mp_customer_revenues',11),(148,'2022_10_19_152916_add_columns_to_mp_stores_table',11),(149,'2022_10_20_062849_create_mp_category_sale_commissions_table',11),(150,'2022_11_02_071413_add_more_info_for_store',11),(151,'2022_11_02_080444_add_tax_info',11),(152,'2023_02_01_062030_add_store_translations',11),(153,'2023_02_13_032133_update_fee_column_mp_customer_revenues_table',11),(154,'2023_02_17_023648_fix_store_prefix',11),(155,'2017_10_24_154832_create_newsletter_table',12),(156,'2017_05_18_080441_create_payment_tables',13),(157,'2021_03_27_144913_add_customer_type_into_table_payments',13),(158,'2021_05_24_034720_make_column_currency_nullable',13),(159,'2021_08_09_161302_add_metadata_column_to_payments_table',13),(160,'2021_10_19_020859_update_metadata_field',13),(161,'2022_06_28_151901_activate_paypal_stripe_plugin',13),(162,'2022_07_07_153354_update_charge_id_in_table_payments',13),(163,'2017_07_11_140018_create_simple_slider_table',14),(164,'2016_10_07_193005_create_translations_table',15),(165,'2023_12_12_105220_drop_translations_table',15);

--
-- Table structure for table `mp_category_sale_commissions`
--

CREATE TABLE `mp_category_sale_commissions` (
  `id` bigint unsigned NOT NULL AUTO_INCREMENT,
  `product_category_id` bigint unsigned NOT NULL,
  `commission_percentage` decimal(8,2) NOT NULL DEFAULT '0.00',
  PRIMARY KEY (`id`),
  UNIQUE KEY `mp_category_sale_commissions_product_category_id_unique` (`product_category_id`)
) ENGINE=InnoDB DEFAULT CHARSET=utf8mb4 COLLATE=utf8mb4_unicode_ci;

--
-- Dumping data for table `mp_category_sale_commissions`
--


--
-- Table structure for table `mp_customer_revenues`
--

CREATE TABLE `mp_customer_revenues` (
  `id` bigint unsigned NOT NULL AUTO_INCREMENT,
  `customer_id` bigint unsigned DEFAULT NULL,
  `order_id` bigint unsigned DEFAULT NULL,
  `sub_amount` decimal(15,2) DEFAULT '0.00',
  `fee` decimal(15,2) DEFAULT '0.00',
  `amount` decimal(15,2) DEFAULT '0.00',
  `current_balance` decimal(15,2) DEFAULT '0.00',
  `currency` varchar(120) COLLATE utf8mb4_unicode_ci DEFAULT NULL,
  `description` text COLLATE utf8mb4_unicode_ci,
  `created_at` timestamp NULL DEFAULT NULL,
  `updated_at` timestamp NULL DEFAULT NULL,
  `user_id` bigint unsigned NOT NULL DEFAULT '0',
  `type` varchar(60) COLLATE utf8mb4_unicode_ci DEFAULT NULL,
  PRIMARY KEY (`id`)
) ENGINE=InnoDB AUTO_INCREMENT=18 DEFAULT CHARSET=utf8mb4 COLLATE=utf8mb4_unicode_ci;

--
-- Dumping data for table `mp_customer_revenues`
--

INSERT INTO `mp_customer_revenues` VALUES (1,8,4,5811.00,0.00,5811.00,0.00,'USD',NULL,'2024-03-06 20:14:30','2024-03-06 20:14:30',0,'add-amount'),(2,8,5,5670.00,0.00,5670.00,5811.00,'USD',NULL,'2024-03-06 12:14:31','2024-03-06 12:14:31',0,'add-amount'),(3,8,7,40.00,0.00,40.00,11481.00,'USD',NULL,'2024-03-10 08:14:31','2024-03-10 08:14:31',0,'add-amount'),(4,8,11,2538.75,0.00,2538.75,11521.00,'USD',NULL,'2024-03-08 00:14:32','2024-03-08 00:14:32',0,'add-amount'),(5,4,15,936.00,0.00,936.00,0.00,'USD',NULL,'2024-02-28 00:14:32','2024-02-28 00:14:32',0,'add-amount'),(6,2,25,1920.00,0.00,1920.00,0.00,'USD',NULL,'2024-02-24 20:14:33','2024-02-24 20:14:33',0,'add-amount'),(7,8,26,2342.00,0.00,2342.00,14059.75,'USD',NULL,'2024-03-04 06:14:33','2024-03-04 06:14:33',0,'add-amount'),(8,3,27,1798.00,0.00,1798.00,0.00,'USD',NULL,'2024-03-06 08:14:34','2024-03-06 08:14:34',0,'add-amount'),(9,3,28,1044.00,0.00,1044.00,1798.00,'USD',NULL,'2024-03-06 04:14:35','2024-03-06 04:14:35',0,'add-amount'),(10,2,31,1212.00,0.00,1212.00,1920.00,'USD',NULL,'2024-03-08 08:14:35','2024-03-08 08:14:35',0,'add-amount'),(11,8,32,3378.00,0.00,3378.00,16401.75,'USD',NULL,'2024-03-02 18:14:36','2024-03-02 18:14:36',0,'add-amount'),(12,8,37,1688.00,0.00,1688.00,19779.75,'USD',NULL,'2024-02-24 04:14:36','2024-02-24 04:14:36',0,'add-amount'),(13,8,38,1080.00,0.00,1080.00,21467.75,'USD',NULL,'2024-02-07 12:14:37','2024-02-07 12:14:37',0,'add-amount'),(14,8,40,1189.00,0.00,1189.00,22547.75,'USD',NULL,'2024-02-29 18:14:37','2024-02-29 18:14:37',0,'add-amount'),(15,4,41,936.00,0.00,936.00,936.00,'USD',NULL,'2024-03-04 00:14:38','2024-03-04 00:14:38',0,'add-amount'),(16,2,42,2058.00,0.00,2058.00,3132.00,'USD',NULL,'2024-02-18 12:14:38','2024-02-18 12:14:38',0,'add-amount'),(17,4,43,4917.00,0.00,4917.00,1872.00,'USD',NULL,'2024-02-10 16:14:39','2024-02-10 16:14:39',0,'add-amount');

--
-- Table structure for table `mp_customer_withdrawals`
--

CREATE TABLE `mp_customer_withdrawals` (
  `id` bigint unsigned NOT NULL AUTO_INCREMENT,
  `customer_id` bigint unsigned DEFAULT NULL,
  `fee` decimal(15,2) unsigned DEFAULT '0.00',
  `amount` decimal(15,2) unsigned DEFAULT '0.00',
  `current_balance` decimal(15,2) unsigned DEFAULT '0.00',
  `currency` varchar(120) COLLATE utf8mb4_unicode_ci DEFAULT NULL,
  `description` text COLLATE utf8mb4_unicode_ci,
  `bank_info` text COLLATE utf8mb4_unicode_ci,
  `payment_channel` varchar(60) COLLATE utf8mb4_unicode_ci DEFAULT NULL,
  `user_id` bigint unsigned NOT NULL DEFAULT '0',
  `status` varchar(60) COLLATE utf8mb4_unicode_ci NOT NULL DEFAULT 'pending',
  `images` text COLLATE utf8mb4_unicode_ci,
  `created_at` timestamp NULL DEFAULT NULL,
  `updated_at` timestamp NULL DEFAULT NULL,
  `transaction_id` varchar(60) COLLATE utf8mb4_unicode_ci DEFAULT NULL,
  PRIMARY KEY (`id`)
) ENGINE=InnoDB AUTO_INCREMENT=13 DEFAULT CHARSET=utf8mb4 COLLATE=utf8mb4_unicode_ci;

--
-- Dumping data for table `mp_customer_withdrawals`
--

INSERT INTO `mp_customer_withdrawals` VALUES (1,2,0.00,33.00,5190.00,'USD','','{\"name\":\"Maude DuBuque I\",\"number\":\"+13619584833\",\"full_name\":\"Reginald Reichel\",\"description\":\"Eugenia Rice\"}',NULL,0,'processing',NULL,'2024-03-11 00:14:40','2024-03-11 00:14:40',NULL),(2,2,0.00,1228.00,5157.00,'USD','','{\"name\":\"Maude DuBuque I\",\"number\":\"+13619584833\",\"full_name\":\"Reginald Reichel\",\"description\":\"Eugenia Rice\"}',NULL,0,'completed',NULL,'2024-03-11 00:14:40','2024-03-11 00:14:40',NULL),(3,3,0.00,884.00,2842.00,'USD','','{\"name\":\"Prof. Mark DuBuque III\",\"number\":\"+12346957512\",\"full_name\":\"Dr. Jerald King\",\"description\":\"Kayla Corwin\"}',NULL,0,'completed',NULL,'2024-03-11 00:14:41','2024-03-11 00:14:41',NULL),(4,3,0.00,614.00,1958.00,'USD','','{\"name\":\"Prof. Mark DuBuque III\",\"number\":\"+12346957512\",\"full_name\":\"Dr. Jerald King\",\"description\":\"Kayla Corwin\"}',NULL,0,'completed',NULL,'2024-03-11 00:14:41','2024-03-11 00:14:41',NULL),(5,4,0.00,518.00,6789.00,'USD','','{\"name\":\"Hildegard Dietrich\",\"number\":\"+12768431048\",\"full_name\":\"Krystina VonRueden\",\"description\":\"Valerie Fadel\"}',NULL,0,'pending',NULL,'2024-03-11 00:14:42','2024-03-11 00:14:42',NULL),(6,4,0.00,82.00,6271.00,'USD','','{\"name\":\"Hildegard Dietrich\",\"number\":\"+12768431048\",\"full_name\":\"Krystina VonRueden\",\"description\":\"Valerie Fadel\"}',NULL,0,'completed',NULL,'2024-03-11 00:14:42','2024-03-11 00:14:42',NULL),(7,4,0.00,247.00,6189.00,'USD','','{\"name\":\"Hildegard Dietrich\",\"number\":\"+12768431048\",\"full_name\":\"Krystina VonRueden\",\"description\":\"Valerie Fadel\"}',NULL,0,'processing',NULL,'2024-03-11 00:14:43','2024-03-11 00:14:43',NULL),(8,4,0.00,801.00,5942.00,'USD','','{\"name\":\"Hildegard Dietrich\",\"number\":\"+12768431048\",\"full_name\":\"Krystina VonRueden\",\"description\":\"Valerie Fadel\"}',NULL,0,'completed',NULL,'2024-03-11 00:14:44','2024-03-11 00:14:44',NULL),(9,8,0.00,7165.00,23736.75,'USD','','{\"name\":\"Dr. Devin Gerlach III\",\"number\":\"+15019560334\",\"full_name\":\"Mrs. Aryanna Daugherty\",\"description\":\"Toy Johnston\"}',NULL,0,'processing',NULL,'2024-03-11 00:14:44','2024-03-11 00:14:44',NULL),(10,8,0.00,2720.00,16571.75,'USD','','{\"name\":\"Dr. Devin Gerlach III\",\"number\":\"+15019560334\",\"full_name\":\"Mrs. Aryanna Daugherty\",\"description\":\"Toy Johnston\"}',NULL,0,'pending',NULL,'2024-03-11 00:14:45','2024-03-11 00:14:45',NULL),(11,8,0.00,1705.00,13851.75,'USD','','{\"name\":\"Dr. Devin Gerlach III\",\"number\":\"+15019560334\",\"full_name\":\"Mrs. Aryanna Daugherty\",\"description\":\"Toy Johnston\"}',NULL,0,'processing',NULL,'2024-03-11 00:14:45','2024-03-11 00:14:45',NULL),(12,8,0.00,1694.00,12146.75,'USD','','{\"name\":\"Dr. Devin Gerlach III\",\"number\":\"+15019560334\",\"full_name\":\"Mrs. Aryanna Daugherty\",\"description\":\"Toy Johnston\"}',NULL,0,'processing',NULL,'2024-03-11 00:14:46','2024-03-11 00:14:46',NULL);

--
-- Table structure for table `mp_stores`
--

CREATE TABLE `mp_stores` (
  `id` bigint unsigned NOT NULL AUTO_INCREMENT,
  `name` varchar(255) COLLATE utf8mb4_unicode_ci NOT NULL,
  `email` varchar(60) COLLATE utf8mb4_unicode_ci DEFAULT NULL,
  `phone` varchar(20) COLLATE utf8mb4_unicode_ci DEFAULT NULL,
  `address` varchar(255) COLLATE utf8mb4_unicode_ci DEFAULT NULL,
  `country` varchar(120) COLLATE utf8mb4_unicode_ci DEFAULT NULL,
  `state` varchar(120) COLLATE utf8mb4_unicode_ci DEFAULT NULL,
  `city` varchar(120) COLLATE utf8mb4_unicode_ci DEFAULT NULL,
  `customer_id` bigint unsigned DEFAULT NULL,
  `logo` varchar(255) COLLATE utf8mb4_unicode_ci DEFAULT NULL,
  `description` varchar(400) COLLATE utf8mb4_unicode_ci DEFAULT NULL,
  `content` longtext COLLATE utf8mb4_unicode_ci,
  `status` varchar(60) COLLATE utf8mb4_unicode_ci NOT NULL DEFAULT 'published',
  `vendor_verified_at` datetime DEFAULT NULL,
  `created_at` timestamp NULL DEFAULT NULL,
  `updated_at` timestamp NULL DEFAULT NULL,
  `zip_code` varchar(20) COLLATE utf8mb4_unicode_ci DEFAULT NULL,
  `company` varchar(255) COLLATE utf8mb4_unicode_ci DEFAULT NULL,
  PRIMARY KEY (`id`)
) ENGINE=InnoDB AUTO_INCREMENT=5 DEFAULT CHARSET=utf8mb4 COLLATE=utf8mb4_unicode_ci;

--
-- Dumping data for table `mp_stores`
--

INSERT INTO `mp_stores` VALUES (1,'GoPro','enos.abbott@example.net','+12483897800','51307 Fay Shoals','VE','Indiana','East Rollinfort',2,'stores/1.png','Omnis doloremque eveniet dolor fugiat.','Quia veniam sunt quia fugit. Recusandae saepe eveniet id. Earum fuga consequatur qui tempora id sit dolor magni.','published',NULL,'2024-03-11 00:14:21','2024-03-11 00:14:21',NULL,NULL),(2,'Global Office','ettie.lindgren@example.com','+17744221528','573 Marques Row Suite 813','IT','New York','Champlinburgh',3,'stores/2.png','Eum et deserunt et ut natus aut.','Illo velit consequuntur mollitia pariatur nisi rerum sed. Ea debitis non est sed.','published',NULL,'2024-03-11 00:14:21','2024-03-11 00:14:21',NULL,NULL),(3,'Young Shop','qchristiansen@example.net','+19806162523','251 Vella Lodge Suite 506','CU','Oklahoma','Carterberg',4,'stores/3.png','Magnam delectus voluptas voluptatem dolore.','Aut corrupti hic eaque soluta aperiam minima. Doloribus consequuntur et et non odio quidem et. Ut ducimus incidunt saepe et assumenda est.','published',NULL,'2024-03-11 00:14:21','2024-03-11 00:14:21',NULL,NULL),(4,'Global Store','leda98@example.com','+14696167270','165 Ezekiel Orchard Suite 882','MA','New Mexico','O\'Connellbury',8,'stores/4.png','Ut modi distinctio et cumque sequi et.','Soluta explicabo iusto sint odio sed aut. Officia qui facere consequatur culpa eum eos. Aspernatur ut iusto tenetur itaque.','published',NULL,'2024-03-11 00:14:21','2024-03-11 00:14:21',NULL,NULL);

--
-- Table structure for table `mp_stores_translations`
--

CREATE TABLE `mp_stores_translations` (
  `lang_code` varchar(255) COLLATE utf8mb4_unicode_ci NOT NULL,
  `mp_stores_id` bigint unsigned NOT NULL,
  `name` varchar(255) COLLATE utf8mb4_unicode_ci DEFAULT NULL,
  `description` varchar(400) COLLATE utf8mb4_unicode_ci DEFAULT NULL,
  `content` longtext COLLATE utf8mb4_unicode_ci,
  `address` varchar(255) COLLATE utf8mb4_unicode_ci DEFAULT NULL,
  `company` varchar(255) COLLATE utf8mb4_unicode_ci DEFAULT NULL,
  PRIMARY KEY (`lang_code`,`mp_stores_id`)
) ENGINE=InnoDB DEFAULT CHARSET=utf8mb4 COLLATE=utf8mb4_unicode_ci;

--
-- Dumping data for table `mp_stores_translations`
--


--
-- Table structure for table `mp_vendor_info`
--

CREATE TABLE `mp_vendor_info` (
  `id` bigint unsigned NOT NULL AUTO_INCREMENT,
  `customer_id` bigint unsigned NOT NULL DEFAULT '0',
  `balance` decimal(15,2) NOT NULL DEFAULT '0.00',
  `total_fee` decimal(15,2) NOT NULL DEFAULT '0.00',
  `total_revenue` decimal(15,2) NOT NULL DEFAULT '0.00',
  `signature` varchar(255) COLLATE utf8mb4_unicode_ci DEFAULT NULL,
  `bank_info` text COLLATE utf8mb4_unicode_ci,
  `created_at` timestamp NULL DEFAULT NULL,
  `updated_at` timestamp NULL DEFAULT NULL,
  `payout_payment_method` varchar(120) COLLATE utf8mb4_unicode_ci DEFAULT 'bank_transfer',
  `tax_info` text COLLATE utf8mb4_unicode_ci,
  PRIMARY KEY (`id`)
) ENGINE=InnoDB AUTO_INCREMENT=5 DEFAULT CHARSET=utf8mb4 COLLATE=utf8mb4_unicode_ci;

--
-- Dumping data for table `mp_vendor_info`
--

INSERT INTO `mp_vendor_info` VALUES (1,2,3929.00,0.00,5190.00,'$2y$12$JUGzAtWsH8.cVNBvKh6pxOahuRkrt.KQYiKdYEQ0c3JiTgXEB1fH6','{\"name\":\"Maude DuBuque I\",\"number\":\"+13619584833\",\"full_name\":\"Reginald Reichel\",\"description\":\"Eugenia Rice\"}','2024-03-11 00:14:20','2024-03-11 00:14:41','bank_transfer',NULL),(2,3,1344.00,0.00,2842.00,'$2y$12$wPAhxHzqti2UjT3rsb0Vk.IjRUe0qLprC33zi5fLan8tlQ59COZAy','{\"name\":\"Prof. Mark DuBuque III\",\"number\":\"+12346957512\",\"full_name\":\"Dr. Jerald King\",\"description\":\"Kayla Corwin\"}','2024-03-11 00:14:21','2024-03-11 00:14:42','bank_transfer',NULL),(3,4,5141.00,0.00,6789.00,'$2y$12$Ne/ALgksRxxPq32uiBfZ0.r1DNrWNCZs9UqF1a2Nh/3jVmqwhQ2rC','{\"name\":\"Hildegard Dietrich\",\"number\":\"+12768431048\",\"full_name\":\"Krystina VonRueden\",\"description\":\"Valerie Fadel\"}','2024-03-11 00:14:21','2024-03-11 00:14:44','bank_transfer',NULL),(4,8,10452.75,0.00,23736.75,'$2y$12$Jjnfa14LvaqiA8LpA5ILWeRkzeYwUOJNSEYQxQHHQor.2sVKbCRwu','{\"name\":\"Dr. Devin Gerlach III\",\"number\":\"+15019560334\",\"full_name\":\"Mrs. Aryanna Daugherty\",\"description\":\"Toy Johnston\"}','2024-03-11 00:14:21','2024-03-11 00:14:46','bank_transfer',NULL);

--
-- Table structure for table `newsletters`
--

CREATE TABLE `newsletters` (
  `id` bigint unsigned NOT NULL AUTO_INCREMENT,
  `email` varchar(120) COLLATE utf8mb4_unicode_ci NOT NULL,
  `name` varchar(120) COLLATE utf8mb4_unicode_ci DEFAULT NULL,
  `status` varchar(60) COLLATE utf8mb4_unicode_ci NOT NULL DEFAULT 'subscribed',
  `created_at` timestamp NULL DEFAULT NULL,
  `updated_at` timestamp NULL DEFAULT NULL,
  PRIMARY KEY (`id`)
) ENGINE=InnoDB DEFAULT CHARSET=utf8mb4 COLLATE=utf8mb4_unicode_ci;

--
-- Dumping data for table `newsletters`
--


--
-- Table structure for table `pages`
--

CREATE TABLE `pages` (
  `id` bigint unsigned NOT NULL AUTO_INCREMENT,
  `name` varchar(120) COLLATE utf8mb4_unicode_ci NOT NULL,
  `content` longtext COLLATE utf8mb4_unicode_ci,
  `user_id` bigint unsigned DEFAULT NULL,
  `image` varchar(255) COLLATE utf8mb4_unicode_ci DEFAULT NULL,
  `template` varchar(60) COLLATE utf8mb4_unicode_ci DEFAULT NULL,
  `description` varchar(400) COLLATE utf8mb4_unicode_ci DEFAULT NULL,
  `status` varchar(60) COLLATE utf8mb4_unicode_ci NOT NULL DEFAULT 'published',
  `created_at` timestamp NULL DEFAULT NULL,
  `updated_at` timestamp NULL DEFAULT NULL,
  PRIMARY KEY (`id`),
  KEY `pages_user_id_index` (`user_id`)
) ENGINE=InnoDB AUTO_INCREMENT=13 DEFAULT CHARSET=utf8mb4 COLLATE=utf8mb4_unicode_ci;

--
-- Dumping data for table `pages`
--

INSERT INTO `pages` VALUES (1,'Home','<div>[simple-slider key=\"home-slider\" ads_1=\"VC2C8Q1UGCBG\" ads_2=\"NBDWRXTSVZ8N\"][/simple-slider]</div><div>[site-features icon1=\"icon-rocket\" title1=\"Free Delivery\" subtitle1=\"For all orders over $99\" icon2=\"icon-sync\" title2=\"90 Days Return\" subtitle2=\"If goods have problems\" icon3=\"icon-credit-card\" title3=\"Secure Payment\" subtitle3=\"100% secure payment\" icon4=\"icon-bubbles\" title4=\"24/7 Support\" subtitle4=\"Dedicated support\" icon5=\"icon-gift\" title5=\"Gift Service\" subtitle5=\"Support gift service\"][/site-features]</div><div>[flash-sale title=\"Deal of the day\" flash_sale_id=\"1\"][/flash-sale]</div><div>[featured-product-categories title=\"Top Categories\"][/featured-product-categories]</div><div>[theme-ads key_1=\"IZ6WU8KUALYD\" key_2=\"ILSFJVYFGCPZ\" key_3=\"ZDOZUZZIU7FT\"][/theme-ads]</div><div>[featured-products title=\"Featured products\"][/featured-products]</div><div>[theme-ads key_1=\"Q9YDUIC9HSWS\" key_2=\"IZ6WU8KUALYE\"][/theme-ads]</div><div>[product-collections title=\"Exclusive Products\"][/product-collections]</div><div>[product-category-products category_id=\"18\"][/product-category-products]</div><div>[download-app title=\"Download Martfury App Now!\" subtitle=\"Shopping fastly and easily more with our app. Get a link to download the app on your phone.\" screenshot=\"general/app.png\" android_app_url=\"https://www.appstore.com\" ios_app_url=\"https://play.google.com/store\"][/download-app]</div><div>[product-category-products category_id=\"23\"][/product-category-products]</div><div>[newsletter-form title=\"Join Our Newsletter Now\" subtitle=\"Subscribe to get information about products and coupons\"][/newsletter-form]</div>',1,NULL,'homepage',NULL,'published','2024-03-11 00:14:18','2024-03-11 00:14:18'),(2,'About us','<p>Alice quietly said, just as she heard one of the jurymen. \'It isn\'t a letter, after all: it\'s a set of verses.\' \'Are they in the chimney as she ran; but the Dodo solemnly presented the thimble, looking as solemn as she went on to the Cheshire Cat: now I shall be late!\' (when she thought it would not open any of them. \'I\'m sure those are not attending!\' said the Caterpillar. \'Well, I can\'t understand it myself to begin at HIS time of life. The King\'s argument was, that she tipped over the.</p><p>Alice, and she tried to say when I breathe\"!\' \'It IS the use of repeating all that stuff,\' the Mock Turtle sighed deeply, and drew the back of one flapper across his eyes. \'I wasn\'t asleep,\' he said to Alice. \'What sort of chance of getting up and down in a frightened tone. \'The Queen will hear you! You see, she came upon a time she had got so close to her, \'if we had the dish as its share of the other guinea-pig cheered, and was coming to, but it just now.\' \'It\'s the Cheshire Cat: now I shall.</p><p>For anything tougher than suet; Yet you finished the goose, with the edge with each hand. \'And now which is which?\' she said this, she came upon a time there were no arches left, and all of them attempted to explain the mistake it had come back and see how the Dodo suddenly called out \'The Queen! The Queen!\' and the little golden key was too late to wish that! She went on growing, and very soon finished it off. \'If everybody minded their own business!\' \'Ah, well! It means much the same as they.</p><p>March Hare. \'Yes, please do!\' but the great wonder is, that there\'s any one of the party sat silent for a long silence after this, and Alice was not a VERY unpleasant state of mind, she turned the corner, but the Dodo said, \'EVERYBODY has won, and all the same, the next verse,\' the Gryphon in an offended tone, \'Hm! No accounting for tastes! Sing her \"Turtle Soup,\" will you, won\'t you, will you, won\'t you, will you, won\'t you, will you, won\'t you, will you, won\'t you, will you join the dance?.</p>',1,NULL,'default',NULL,'published','2024-03-11 00:14:18','2024-03-11 00:14:18'),(3,'Terms Of Use','<p>I am so VERY nearly at the moment, \'My dear! I shall ever see such a neck as that! No, no! You\'re a serpent; and there\'s no room to grow up again! Let me see: I\'ll give them a railway station.) However, she got to come before that!\' \'Call the next thing is, to get out again. That\'s all.\' \'Thank you,\' said the White Rabbit, jumping up in great fear lest she should chance to be sure; but I think you\'d better ask HER about it.\' \'She\'s in prison,\' the Queen furiously, throwing an inkstand at the.</p><p>I grow up, I\'ll write one--but I\'m grown up now,\' she added in a game of croquet she was about a whiting to a day-school, too,\' said Alice; \'I must be getting home; the night-air doesn\'t suit my throat!\' and a crash of broken glass, from which she found this a very curious to see the Queen. \'I never thought about it,\' added the Queen. First came ten soldiers carrying clubs; these were ornamented all over crumbs.\' \'You\'re wrong about the whiting!\' \'Oh, as to size,\' Alice hastily replied; \'only.</p><p>These were the two creatures got so much already, that it made no mark; but he now hastily began again, using the ink, that was sitting on a crimson velvet cushion; and, last of all this time. \'I want a clean cup,\' interrupted the Hatter: \'but you could manage it?) \'And what an ignorant little girl she\'ll think me for asking! No, it\'ll never do to ask: perhaps I shall have some fun now!\' thought Alice. \'I wonder what was going to dive in among the trees upon her face. \'Very,\' said Alice.</p><p>Alice said to herself in a confused way, \'Prizes! Prizes!\' Alice had not gone much farther before she had not gone (We know it to be lost: away went Alice like the tone of great curiosity. \'It\'s a Cheshire cat,\' said the Mock Turtle said with a little door about fifteen inches high: she tried to curtsey as she said this, she looked down, was an old conger-eel, that used to it in her head, she tried another question. \'What sort of way, \'Do cats eat bats?\' and sometimes, \'Do bats eat cats?\' for.</p>',1,NULL,'default',NULL,'published','2024-03-11 00:14:18','2024-03-11 00:14:18'),(4,'Terms &amp; Conditions','<p>It\'s by far the most curious thing I ask! It\'s always six o\'clock now.\' A bright idea came into Alice\'s head. \'Is that all?\' said Alice, rather doubtfully, as she spoke, but no result seemed to be no use speaking to a lobster--\' (Alice began to tremble. Alice looked all round the hall, but they were nowhere to be otherwise.\"\' \'I think I could, if I shall see it trot away quietly into the garden at once; but, alas for poor Alice! when she first saw the Mock Turtle: \'crumbs would all wash off in.</p><p>March Hare. Alice was a bright brass plate with the Lory, with a round face, and large eyes full of the house, \"Let us both go to on the same size for going through the door, and tried to speak, and no more to come, so she went on again:-- \'You may go,\' said the Gryphon, and the beak-- Pray how did you ever eat a little shaking among the trees as well as she could. \'The Dormouse is asleep again,\' said the King. \'Nothing whatever,\' said Alice. \'You must be,\' said the Pigeon. \'I can see you\'re.</p><p>Alice considered a little anxiously. \'Yes,\' said Alice, swallowing down her anger as well be at school at once.\' And in she went. Once more she found herself in a shrill, passionate voice. \'Would YOU like cats if you like,\' said the Mock Turtle repeated thoughtfully. \'I should like to go among mad people,\' Alice remarked. \'Oh, you can\'t be Mabel, for I know is, something comes at me like a telescope.\' And so she bore it as you say pig, or fig?\' said the Hatter; \'so I should like to have been a.</p><p>I don\'t believe there\'s an atom of meaning in it, and very neatly and simply arranged; the only difficulty was, that she hardly knew what she did, she picked her way out. \'I shall do nothing of the jury wrote it down into its mouth again, and Alice looked up, and began to cry again. \'You ought to eat her up in a hurry that she had somehow fallen into the open air. \'IF I don\'t think,\' Alice went on in the same as the other.\' As soon as the March Hare moved into the court, by the officers of the.</p>',1,NULL,'default',NULL,'published','2024-03-11 00:14:18','2024-03-11 00:14:18'),(5,'Refund Policy','<p>THESE?\' said the Duchess: \'flamingoes and mustard both bite. And the executioner myself,\' said the King. (The jury all looked puzzled.) \'He must have a trial: For really this morning I\'ve nothing to do: once or twice, and shook itself. Then it got down off the fire, and at last in the shade: however, the moment she quite forgot how to spell \'stupid,\' and that makes people hot-tempered,\' she went on to the Gryphon. \'Well, I hardly know--No more, thank ye; I\'m better now--but I\'m a deal faster.</p><p>Alice quite hungry to look down and make one repeat lessons!\' thought Alice; \'I must be a person of authority over Alice. \'Stand up and down in a trembling voice, \'Let us get to the Dormouse, and repeated her question. \'Why did you begin?\' The Hatter was the cat.) \'I hope they\'ll remember her saucer of milk at tea-time. Dinah my dear! I shall have some fun now!\' thought Alice. \'I wonder what CAN have happened to you? Tell us all about it!\' and he checked himself suddenly: the others took the.</p><p>Cheshire cat,\' said the Dormouse, and repeated her question. \'Why did they draw?\' said Alice, surprised at this, but at any rate I\'ll never go THERE again!\' said Alice aloud, addressing nobody in particular. \'She\'d soon fetch it here, lad!--Here, put \'em up at the Queen, and Alice, were in custody and under sentence of execution. Then the Queen to-day?\' \'I should like it very much,\' said Alice, who always took a minute or two the Caterpillar contemptuously. \'Who are YOU?\' Which brought them.</p><p>Alice could think of nothing else to do, so Alice soon began talking again. \'Dinah\'ll miss me very much pleased at having found out that one of the other side, the puppy made another rush at the end of the trial.\' \'Stupid things!\' Alice began to say which), and they went on muttering over the wig, (look at the place of the others took the watch and looked at the Queen, the royal children; there were ten of them, with her head to feel very uneasy: to be a comfort, one way--never to be done, I.</p>',1,NULL,'default',NULL,'published','2024-03-11 00:14:18','2024-03-11 00:14:18'),(6,'Blog','<p>---</p>',1,NULL,'blog-sidebar',NULL,'published','2024-03-11 00:14:18','2024-03-11 00:14:18'),(7,'FAQs','<div>[faq title=\"Frequently Asked Questions\"][/faq]</div>',1,NULL,'default',NULL,'published','2024-03-11 00:14:18','2024-03-11 00:14:18'),(8,'Contact','<div>[google-map]502 New Street, Brighton VIC, Australia[/google-map]</div><div>[contact-info-boxes title=\"Contact Us For Any Questions\"][/contact-info-boxes]</div><div>[contact-form][/contact-form]</div>',1,NULL,'full-width',NULL,'published','2024-03-11 00:14:18','2024-03-11 00:14:18'),(9,'Cookie Policy','<h3>EU Cookie Consent</h3><p>To use this Website we are using Cookies and collecting some Data. To be compliant with the EU GDPR we give you to choose if you allow us to use certain Cookies and to collect some Data.</p><h4>Essential Data</h4><p>The Essential Data is needed to run the Site you are visiting technically. You can not deactivate them.</p><p>- Session Cookie: PHP uses a Cookie to identify user sessions. Without this Cookie the Website is not working.</p><p>- XSRF-Token Cookie: Laravel automatically generates a CSRF \"token\" for each active user session managed by the application. This token is used to verify that the authenticated user is the one actually making the requests to the application.</p>',1,NULL,'default',NULL,'published','2024-03-11 00:14:18','2024-03-11 00:14:18'),(10,'Affiliate','<p>What happened to me! When I used to it!\' pleaded poor Alice. \'But you\'re so easily offended, you know!\' The Mouse did not feel encouraged to ask his neighbour to tell you--all I know I do!\' said Alice in a pleased tone. \'Pray don\'t trouble yourself to say a word, but slowly followed her back to her: its face to see the earth takes twenty-four hours to turn into a sort of knot, and then dipped suddenly down, so suddenly that Alice could not remember the simple and loving heart of her ever.</p><p>CHAPTER III. A Caucus-Race and a scroll of parchment in the common way. So she tucked it away under her arm, and timidly said \'Consider, my dear: she is such a puzzled expression that she had brought herself down to them, and was just beginning to feel a little feeble, squeaking voice, (\'That\'s Bill,\' thought Alice,) \'Well, I can\'t understand it myself to begin with; and being ordered about by mice and rabbits. I almost wish I hadn\'t begun my tea--not above a week or so--and what with the.</p><p>Dormouse, without considering at all a pity. I said \"What for?\"\' \'She boxed the Queen\'s voice in the distance, sitting sad and lonely on a branch of a bottle. They all sat down and looked very uncomfortable. The first thing she heard the Queen\'s ears--\' the Rabbit just under the sea--\' (\'I haven\'t,\' said Alice)--\'and perhaps you haven\'t found it made Alice quite jumped; but she had a vague sort of present!\' thought Alice. \'I\'m a--I\'m a--\' \'Well! WHAT are you?\' said Alice, rather alarmed at the.</p><p>VERY remarkable in that; nor did Alice think it would be worth the trouble of getting her hands on her toes when they liked, and left foot, so as to prevent its undoing itself,) she carried it off. \'If everybody minded their own business!\' \'Ah, well! It means much the most curious thing I know. Silence all round, if you drink much from a Caterpillar The Caterpillar and Alice guessed who it was, even before she came suddenly upon an open place, with a sigh. \'I only took the hookah out of sight.</p>',1,NULL,'default',NULL,'published','2024-03-11 00:14:18','2024-03-11 00:14:18'),(11,'Career','<p>Alice. \'Well, then,\' the Gryphon interrupted in a great many more than that, if you hold it too long; and that you have just been picked up.\' \'What\'s in it?\' said the Caterpillar took the watch and looked anxiously at the Cat\'s head began fading away the time. Alice had begun to repeat it, but her voice sounded hoarse and strange, and the sounds will take care of themselves.\"\' \'How fond she is only a child!\' The Queen smiled and passed on. \'Who ARE you talking to?\' said the King. \'Then it.</p><p>Alice was beginning very angrily, but the Hatter went on, \'that they\'d let Dinah stop in the morning, just time to go, for the immediate adoption of more broken glass.) \'Now tell me, please, which way she put it. She stretched herself up and walking away. \'You insult me by talking such nonsense!\' \'I didn\'t write it, and on it except a tiny golden key, and Alice\'s first thought was that you have of putting things!\' \'It\'s a friend of mine--a Cheshire Cat,\' said Alice: \'--where\'s the Duchess?\'.</p><p>NOT marked \'poison,\' it is you hate--C and D,\' she added aloud. \'Do you play croquet with the edge of the bread-and-butter. Just at this moment the door began sneezing all at once. The Dormouse shook itself, and was going on within--a constant howling and sneezing, and every now and then the Mock Turtle recovered his voice, and, with tears running down his face, as long as you can--\' \'Swim after them!\' screamed the Queen. \'Sentence first--verdict afterwards.\' \'Stuff and nonsense!\' said Alice.</p><p>He says it kills all the time it vanished quite slowly, beginning with the dream of Wonderland of long ago: and how she would catch a bad cold if she did not sneeze, were the two sides of it; so, after hunting all about it!\' and he checked himself suddenly: the others took the opportunity of taking it away. She did it so quickly that the best of educations--in fact, we went to school in the distance. \'And yet what a Gryphon is, look at all this grand procession, came THE KING AND QUEEN OF.</p>',1,NULL,'default',NULL,'published','2024-03-11 00:14:18','2024-03-11 00:14:18'),(12,'Coming soon','<p>Condimentum ipsum a adipiscing hac dolor set consectetur urna commodo elit parturient <br/>molestie ut nisl partu convallier ullamcorpe.</p><div>[coming-soon time=\"2025-03-11 07:14:18\" image=\"general/coming-soon.jpg\"][/coming-soon]</div>',1,NULL,'coming-soon',NULL,'published','2024-03-11 00:14:18','2024-03-11 00:14:18');

--
-- Table structure for table `pages_translations`
--

CREATE TABLE `pages_translations` (
  `lang_code` varchar(20) COLLATE utf8mb4_unicode_ci NOT NULL,
  `pages_id` bigint unsigned NOT NULL,
  `name` varchar(255) COLLATE utf8mb4_unicode_ci DEFAULT NULL,
  `description` varchar(400) COLLATE utf8mb4_unicode_ci DEFAULT NULL,
  `content` longtext COLLATE utf8mb4_unicode_ci,
  PRIMARY KEY (`lang_code`,`pages_id`)
) ENGINE=InnoDB DEFAULT CHARSET=utf8mb4 COLLATE=utf8mb4_unicode_ci;

--
-- Dumping data for table `pages_translations`
--


--
-- Table structure for table `password_reset_tokens`
--

CREATE TABLE `password_reset_tokens` (
  `email` varchar(255) COLLATE utf8mb4_unicode_ci NOT NULL,
  `token` varchar(255) COLLATE utf8mb4_unicode_ci NOT NULL,
  `created_at` timestamp NULL DEFAULT NULL,
  PRIMARY KEY (`email`)
) ENGINE=InnoDB DEFAULT CHARSET=utf8mb4 COLLATE=utf8mb4_unicode_ci;

--
-- Dumping data for table `password_reset_tokens`
--


--
-- Table structure for table `payments`
--

CREATE TABLE `payments` (
  `id` bigint unsigned NOT NULL AUTO_INCREMENT,
  `currency` varchar(120) COLLATE utf8mb4_unicode_ci DEFAULT NULL,
  `user_id` bigint unsigned NOT NULL DEFAULT '0',
  `charge_id` varchar(255) COLLATE utf8mb4_unicode_ci DEFAULT NULL,
  `payment_channel` varchar(60) COLLATE utf8mb4_unicode_ci DEFAULT NULL,
  `description` varchar(400) COLLATE utf8mb4_unicode_ci DEFAULT NULL,
  `amount` decimal(15,2) unsigned NOT NULL,
  `order_id` bigint unsigned DEFAULT NULL,
  `status` varchar(60) COLLATE utf8mb4_unicode_ci DEFAULT 'pending',
  `payment_type` varchar(255) COLLATE utf8mb4_unicode_ci DEFAULT 'confirm',
  `customer_id` bigint unsigned DEFAULT NULL,
  `refunded_amount` decimal(15,2) unsigned DEFAULT NULL,
  `refund_note` varchar(255) COLLATE utf8mb4_unicode_ci DEFAULT NULL,
  `created_at` timestamp NULL DEFAULT NULL,
  `updated_at` timestamp NULL DEFAULT NULL,
  `customer_type` varchar(255) COLLATE utf8mb4_unicode_ci DEFAULT NULL,
  `metadata` mediumtext COLLATE utf8mb4_unicode_ci,
  PRIMARY KEY (`id`)
) ENGINE=InnoDB AUTO_INCREMENT=46 DEFAULT CHARSET=utf8mb4 COLLATE=utf8mb4_unicode_ci;

--
-- Dumping data for table `payments`
--

INSERT INTO `payments` VALUES (1,'USD',0,'RALY5DMXG0','stripe',NULL,4757.00,1,'completed','confirm',6,NULL,NULL,'2024-03-11 00:14:21','2024-03-11 00:14:21','Botble\\Ecommerce\\Models\\Customer',NULL),(2,'USD',0,'VA6J997SVR','stripe',NULL,1199.00,2,'completed','confirm',6,NULL,NULL,'2024-03-11 00:14:22','2024-03-11 00:14:22','Botble\\Ecommerce\\Models\\Customer',NULL),(3,'USD',0,'RVEINOSQRU','cod',NULL,1266.00,3,'pending','confirm',9,NULL,NULL,'2024-03-11 00:14:22','2024-03-11 00:14:22','Botble\\Ecommerce\\Models\\Customer',NULL),(4,'USD',0,'WQMF2MIG3J','paypal',NULL,5811.00,4,'completed','confirm',9,NULL,NULL,'2024-03-11 00:14:22','2024-03-11 00:14:22','Botble\\Ecommerce\\Models\\Customer',NULL),(5,'USD',0,'A4IW8HVDBE','paypal',NULL,5670.00,5,'completed','confirm',9,NULL,NULL,'2024-03-11 00:14:22','2024-03-11 00:14:22','Botble\\Ecommerce\\Models\\Customer',NULL),(6,'USD',0,'1XC3ZJOEXT','bank_transfer',NULL,1614.00,6,'pending','confirm',9,NULL,NULL,'2024-03-11 00:14:22','2024-03-11 00:14:22','Botble\\Ecommerce\\Models\\Customer',NULL),(7,'USD',0,'RDP0FXEGVJ','razorpay',NULL,40.00,7,'completed','confirm',5,NULL,NULL,'2024-03-11 00:14:23','2024-03-11 00:14:23','Botble\\Ecommerce\\Models\\Customer',NULL),(8,'USD',0,'W641BV8D3V','paystack',NULL,2020.00,8,'completed','confirm',5,NULL,NULL,'2024-03-11 00:14:23','2024-03-11 00:14:23','Botble\\Ecommerce\\Models\\Customer',NULL),(9,'USD',0,'OOGCDEPEE8','bank_transfer',NULL,1044.00,9,'pending','confirm',5,NULL,NULL,'2024-03-11 00:14:23','2024-03-11 00:14:23','Botble\\Ecommerce\\Models\\Customer',NULL),(10,'USD',0,'LXREMDQOED','sslcommerz',NULL,5836.00,10,'completed','confirm',5,NULL,NULL,'2024-03-11 00:14:23','2024-03-11 00:14:23','Botble\\Ecommerce\\Models\\Customer',NULL),(11,'USD',0,'35PUOLMN32','paypal',NULL,2538.75,11,'completed','confirm',9,NULL,NULL,'2024-03-11 00:14:23','2024-03-11 00:14:23','Botble\\Ecommerce\\Models\\Customer',NULL),(12,'USD',0,'353TELDTHY','bank_transfer',NULL,1040.00,12,'pending','confirm',9,NULL,NULL,'2024-03-11 00:14:24','2024-03-11 00:14:24','Botble\\Ecommerce\\Models\\Customer',NULL),(13,'USD',0,'6WISV8WRFW','paystack',NULL,659.50,13,'completed','confirm',1,NULL,NULL,'2024-03-11 00:14:24','2024-03-11 00:14:24','Botble\\Ecommerce\\Models\\Customer',NULL),(14,'USD',0,'FKNAG6GYIP','paystack',NULL,2232.00,14,'completed','confirm',1,NULL,NULL,'2024-03-11 00:14:24','2024-03-11 00:14:24','Botble\\Ecommerce\\Models\\Customer',NULL),(15,'USD',0,'IUXQO9UR1B','paypal',NULL,936.00,15,'completed','confirm',1,NULL,NULL,'2024-03-11 00:14:24','2024-03-11 00:14:24','Botble\\Ecommerce\\Models\\Customer',NULL),(16,'USD',0,'WGUSDSL96O','bank_transfer',NULL,1565.00,16,'pending','confirm',7,NULL,NULL,'2024-03-11 00:14:24','2024-03-11 00:14:24','Botble\\Ecommerce\\Models\\Customer',NULL),(17,'USD',0,'9SJRSYUTMC','stripe',NULL,404.00,17,'completed','confirm',7,NULL,NULL,'2024-03-11 00:14:24','2024-03-11 00:14:24','Botble\\Ecommerce\\Models\\Customer',NULL),(18,'USD',0,'QMLXXYQUPG','cod',NULL,520.00,18,'pending','confirm',7,NULL,NULL,'2024-03-11 00:14:25','2024-03-11 00:14:25','Botble\\Ecommerce\\Models\\Customer',NULL),(19,'USD',0,'JPWWPKDFPB','stripe',NULL,4796.00,19,'completed','confirm',9,NULL,NULL,'2024-03-11 00:14:25','2024-03-11 00:14:25','Botble\\Ecommerce\\Models\\Customer',NULL),(20,'USD',0,'AP5EVXLEUY','paypal',NULL,1008.00,20,'completed','confirm',9,NULL,NULL,'2024-03-11 00:14:25','2024-03-11 00:14:25','Botble\\Ecommerce\\Models\\Customer',NULL),(21,'USD',0,'0UEPV6YPAQ','bank_transfer',NULL,1149.00,21,'pending','confirm',7,NULL,NULL,'2024-03-11 00:14:25','2024-03-11 00:14:25','Botble\\Ecommerce\\Models\\Customer',NULL),(22,'USD',0,'KXUF4TYIK7','stripe',NULL,3833.00,22,'completed','confirm',7,NULL,NULL,'2024-03-11 00:14:25','2024-03-11 00:14:25','Botble\\Ecommerce\\Models\\Customer',NULL),(23,'USD',0,'U3HLZHLITR','cod',NULL,2808.00,23,'pending','confirm',7,NULL,NULL,'2024-03-11 00:14:26','2024-03-11 00:14:26','Botble\\Ecommerce\\Models\\Customer',NULL),(24,'USD',0,'MWJNZM1AT8','razorpay',NULL,5206.00,24,'completed','confirm',9,NULL,NULL,'2024-03-11 00:14:26','2024-03-11 00:14:26','Botble\\Ecommerce\\Models\\Customer',NULL),(25,'USD',0,'8NSZJ8IAWY','stripe',NULL,1920.00,25,'completed','confirm',9,NULL,NULL,'2024-03-11 00:14:26','2024-03-11 00:14:26','Botble\\Ecommerce\\Models\\Customer',NULL),(26,'USD',0,'FDFOUZWPQM','stripe',NULL,2342.00,26,'completed','confirm',9,NULL,NULL,'2024-03-11 00:14:26','2024-03-11 00:14:26','Botble\\Ecommerce\\Models\\Customer',NULL),(27,'USD',0,'82M7TF6EYA','stripe',NULL,1798.00,27,'completed','confirm',9,NULL,NULL,'2024-03-11 00:14:26','2024-03-11 00:14:26','Botble\\Ecommerce\\Models\\Customer',NULL),(28,'USD',0,'ZBKBAMRL0I','mollie',NULL,1044.00,28,'completed','confirm',1,NULL,NULL,'2024-03-11 00:14:27','2024-03-11 00:14:27','Botble\\Ecommerce\\Models\\Customer',NULL),(29,'USD',0,'63KYXDDK0V','paypal',NULL,1266.00,29,'completed','confirm',1,NULL,NULL,'2024-03-11 00:14:27','2024-03-11 00:14:27','Botble\\Ecommerce\\Models\\Customer',NULL),(30,'USD',0,'TEKJF7WVVS','mollie',NULL,1015.00,30,'completed','confirm',1,NULL,NULL,'2024-03-11 00:14:27','2024-03-11 00:14:27','Botble\\Ecommerce\\Models\\Customer',NULL),(31,'USD',0,'PQ6AEHY2V4','mollie',NULL,1212.00,31,'completed','confirm',5,NULL,NULL,'2024-03-11 00:14:27','2024-03-11 00:14:27','Botble\\Ecommerce\\Models\\Customer',NULL),(32,'USD',0,'NF7KQCTN4T','paypal',NULL,3378.00,32,'completed','confirm',5,NULL,NULL,'2024-03-11 00:14:27','2024-03-11 00:14:27','Botble\\Ecommerce\\Models\\Customer',NULL),(33,'USD',0,'TCQBEGE823','paypal',NULL,1560.00,33,'completed','confirm',5,NULL,NULL,'2024-03-11 00:14:27','2024-03-11 00:14:27','Botble\\Ecommerce\\Models\\Customer',NULL),(34,'USD',0,'KGLHMLMZFT','paypal',NULL,538.00,34,'completed','confirm',5,NULL,NULL,'2024-03-11 00:14:28','2024-03-11 00:14:28','Botble\\Ecommerce\\Models\\Customer',NULL),(35,'USD',0,'ZVAREWTUKG','stripe',NULL,2138.00,35,'completed','confirm',5,NULL,NULL,'2024-03-11 00:14:28','2024-03-11 00:14:28','Botble\\Ecommerce\\Models\\Customer',NULL),(36,'USD',0,'NPTKNB4AYP','cod',NULL,2702.00,36,'pending','confirm',10,NULL,NULL,'2024-03-11 00:14:28','2024-03-11 00:14:28','Botble\\Ecommerce\\Models\\Customer',NULL),(37,'USD',0,'MXIPEFTPAN','razorpay',NULL,1688.00,37,'completed','confirm',10,NULL,NULL,'2024-03-11 00:14:28','2024-03-11 00:14:28','Botble\\Ecommerce\\Models\\Customer',NULL),(38,'USD',0,'D6KGSNPABF','paystack',NULL,1080.00,38,'completed','confirm',6,NULL,NULL,'2024-03-11 00:14:28','2024-03-11 00:14:28','Botble\\Ecommerce\\Models\\Customer',NULL),(39,'USD',0,'XBNIUUITGT','razorpay',NULL,3502.00,39,'completed','confirm',6,NULL,NULL,'2024-03-11 00:14:29','2024-03-11 00:14:29','Botble\\Ecommerce\\Models\\Customer',NULL),(40,'USD',0,'734CSVXZIV','mollie',NULL,1189.00,40,'completed','confirm',9,NULL,NULL,'2024-03-11 00:14:29','2024-03-11 00:14:29','Botble\\Ecommerce\\Models\\Customer',NULL),(41,'USD',0,'WRMPPQ8YGO','sslcommerz',NULL,936.00,41,'completed','confirm',9,NULL,NULL,'2024-03-11 00:14:29','2024-03-11 00:14:29','Botble\\Ecommerce\\Models\\Customer',NULL),(42,'USD',0,'XZHXAFHGJU','sslcommerz',NULL,2058.00,42,'completed','confirm',6,NULL,NULL,'2024-03-11 00:14:29','2024-03-11 00:14:29','Botble\\Ecommerce\\Models\\Customer',NULL),(43,'USD',0,'HCTMQQW6UP','mollie',NULL,4917.00,43,'completed','confirm',6,NULL,NULL,'2024-03-11 00:14:29','2024-03-11 00:14:29','Botble\\Ecommerce\\Models\\Customer',NULL),(44,'USD',0,'0HBMJCW1TR','sslcommerz',NULL,504.00,44,'completed','confirm',5,NULL,NULL,'2024-03-11 00:14:30','2024-03-11 00:14:30','Botble\\Ecommerce\\Models\\Customer',NULL),(45,'USD',0,'YULSDU8YI8','paypal',NULL,899.00,45,'completed','confirm',5,NULL,NULL,'2024-03-11 00:14:30','2024-03-11 00:14:30','Botble\\Ecommerce\\Models\\Customer',NULL);

--
-- Table structure for table `personal_access_tokens`
--

CREATE TABLE `personal_access_tokens` (
  `id` bigint unsigned NOT NULL AUTO_INCREMENT,
  `tokenable_type` varchar(255) COLLATE utf8mb4_unicode_ci NOT NULL,
  `tokenable_id` bigint unsigned NOT NULL,
  `name` varchar(255) COLLATE utf8mb4_unicode_ci NOT NULL,
  `token` varchar(64) COLLATE utf8mb4_unicode_ci NOT NULL,
  `abilities` text COLLATE utf8mb4_unicode_ci,
  `last_used_at` timestamp NULL DEFAULT NULL,
  `expires_at` timestamp NULL DEFAULT NULL,
  `created_at` timestamp NULL DEFAULT NULL,
  `updated_at` timestamp NULL DEFAULT NULL,
  PRIMARY KEY (`id`),
  UNIQUE KEY `personal_access_tokens_token_unique` (`token`),
  KEY `personal_access_tokens_tokenable_type_tokenable_id_index` (`tokenable_type`,`tokenable_id`)
) ENGINE=InnoDB DEFAULT CHARSET=utf8mb4 COLLATE=utf8mb4_unicode_ci;

--
-- Dumping data for table `personal_access_tokens`
--


--
-- Table structure for table `post_categories`
--

CREATE TABLE `post_categories` (
  `category_id` bigint unsigned NOT NULL,
  `post_id` bigint unsigned NOT NULL,
  KEY `post_categories_category_id_index` (`category_id`),
  KEY `post_categories_post_id_index` (`post_id`)
) ENGINE=InnoDB DEFAULT CHARSET=utf8mb4 COLLATE=utf8mb4_unicode_ci;

--
-- Dumping data for table `post_categories`
--

INSERT INTO `post_categories` VALUES (1,1),(3,1),(2,2),(3,2),(2,3),(3,3),(2,4),(4,4),(2,5),(3,5),(1,6),(3,6),(2,7),(4,7),(1,8),(4,8),(2,9),(3,9),(2,10),(4,10),(2,11),(3,11);

--
-- Table structure for table `post_tags`
--

CREATE TABLE `post_tags` (
  `tag_id` bigint unsigned NOT NULL,
  `post_id` bigint unsigned NOT NULL,
  KEY `post_tags_tag_id_index` (`tag_id`),
  KEY `post_tags_post_id_index` (`post_id`)
) ENGINE=InnoDB DEFAULT CHARSET=utf8mb4 COLLATE=utf8mb4_unicode_ci;

--
-- Dumping data for table `post_tags`
--

INSERT INTO `post_tags` VALUES (1,1),(2,1),(3,1),(4,1),(5,1),(1,2),(2,2),(3,2),(4,2),(5,2),(1,3),(2,3),(3,3),(4,3),(5,3),(1,4),(2,4),(3,4),(4,4),(5,4),(1,5),(2,5),(3,5),(4,5),(5,5),(1,6),(2,6),(3,6),(4,6),(5,6),(1,7),(2,7),(3,7),(4,7),(5,7),(1,8),(2,8),(3,8),(4,8),(5,8),(1,9),(2,9),(3,9),(4,9),(5,9),(1,10),(2,10),(3,10),(4,10),(5,10),(1,11),(2,11),(3,11),(4,11),(5,11);

--
-- Table structure for table `posts`
--

CREATE TABLE `posts` (
  `id` bigint unsigned NOT NULL AUTO_INCREMENT,
  `name` varchar(255) COLLATE utf8mb4_unicode_ci NOT NULL,
  `description` varchar(400) COLLATE utf8mb4_unicode_ci DEFAULT NULL,
  `content` longtext COLLATE utf8mb4_unicode_ci,
  `status` varchar(60) COLLATE utf8mb4_unicode_ci NOT NULL DEFAULT 'published',
  `author_id` bigint unsigned DEFAULT NULL,
  `author_type` varchar(255) COLLATE utf8mb4_unicode_ci NOT NULL DEFAULT 'Botble\\ACL\\Models\\User',
  `is_featured` tinyint unsigned NOT NULL DEFAULT '0',
  `image` varchar(255) COLLATE utf8mb4_unicode_ci DEFAULT NULL,
  `views` int unsigned NOT NULL DEFAULT '0',
  `format_type` varchar(30) COLLATE utf8mb4_unicode_ci DEFAULT NULL,
  `created_at` timestamp NULL DEFAULT NULL,
  `updated_at` timestamp NULL DEFAULT NULL,
  PRIMARY KEY (`id`),
  KEY `posts_status_index` (`status`),
  KEY `posts_author_id_index` (`author_id`),
  KEY `posts_author_type_index` (`author_type`),
  KEY `posts_created_at_index` (`created_at`)
) ENGINE=InnoDB AUTO_INCREMENT=12 DEFAULT CHARSET=utf8mb4 COLLATE=utf8mb4_unicode_ci;

--
-- Dumping data for table `posts`
--

INSERT INTO `posts` VALUES (1,'4 Expert Tips On How To Choose The Right Men’s Wallet','You should pay more attention when you choose your wallets. There are a lot of them on the market with the different designs and styles. When you choose carefully, you would be able to buy a wallet that is catered to your needs. Not to mention that it will help to enhance your style significantly.','<p>I have seen many people underestimating the power of their wallets. To them, they are just a functional item they use to carry. As a result, they often end up with the wallets which are not really suitable for them.</p>\n\n<p>You should pay more attention when you choose your wallets. There are a lot of them on the market with the different designs and styles. When you choose carefully, you would be able to buy a wallet that is catered to your needs. Not to mention that it will help to enhance your style significantly.</p>\n\n<p style=\"text-align:center\"><img alt=\"f4\" src=\"/storage/news/1.jpg\" /></p>\n\n<p><br />\n&nbsp;</p>\n\n<p><strong><em>For all of the reason above, here are 7 expert tips to help you pick up the right men&rsquo;s wallet for you:</em></strong></p>\n\n<h4><strong>Number 1: Choose A Neat Wallet</strong></h4>\n\n<p>The wallet is an essential accessory that you should go simple. Simplicity is the best in this case. A simple and neat wallet with the plain color and even&nbsp;<strong>minimalist style</strong>&nbsp;is versatile. It can be used for both formal and casual events. In addition, that wallet will go well with most of the clothes in your wardrobe.</p>\n\n<p>Keep in mind that a wallet will tell other people about your personality and your fashion sense as much as other clothes you put on. Hence, don&rsquo;t go cheesy on your wallet or else people will think that you have a funny and particular style.</p>\n\n<p style=\"text-align:center\"><img alt=\"f5\" src=\"/storage/news/2.jpg\" /></p>\n\n<p><br />\n&nbsp;</p>\n<hr />\n<h4><strong>Number 2: Choose The Right Size For Your Wallet</strong></h4>\n\n<p>You should avoid having an over-sized wallet. Don&rsquo;t think that you need to buy a big wallet because you have a lot to carry with you. In addition, a fat wallet is very ugly. It will make it harder for you to slide the wallet into your trousers&rsquo; pocket. In addition, it will create a bulge and ruin your look.</p>\n\n<p>Before you go on to buy a new wallet, clean out your wallet and place all of the items from your wallet on a table. Throw away things that you would never need any more such as the old bills or the expired gift cards. Remember to check your wallet on a frequent basis to get rid of all of the old stuff that you don&rsquo;t need anymore.</p>\n\n<p style=\"text-align:center\"><img alt=\"f1\" src=\"/storage/news/3.jpg\" /></p>\n\n<p><br />\n&nbsp;</p>\n\n<hr />\n<h4><strong>Number 3: Don&rsquo;t Limit Your Options Of Materials</strong></h4>\n\n<p>The types and designs of wallets are not the only things that you should consider when you go out searching for your best wallet. You have more than 1 option of material rather than leather to choose from as well.</p>\n\n<p>You can experiment with other available options such as cotton, polyester and canvas. They all have their own pros and cons. As a result, they will be suitable for different needs and requirements. You should think about them all in order to choose the material which you would like the most.</p>\n\n<p style=\"text-align:center\"><img alt=\"f6\" height=\"375\" src=\"/storage/news/4.jpg\" /></p>\n\n<p><br />\n&nbsp;</p>\n\n<hr />\n<h4><strong>Number 4: Consider A Wallet As A Long Term Investment</strong></h4>\n\n<p>Your wallet is indeed an investment that you should consider spending a decent amount of time and effort on it. Another factor that you need to consider is how much you want to spend on your wallet. The price ranges of wallets on the market vary a great deal. You can find a wallet which is as cheap as about 5 to 7 dollars. On the other hand, you should expect to pay around 250 to 300 dollars for a high-quality wallet.</p>\n\n<p>In case you need a wallet to use for a long time, it is a good idea that you should invest a decent amount of money on a wallet. A high quality wallet from a reputational brand with the premium quality such as cowhide leather will last for a long time. In addition, it is an accessory to show off your fashion sense and your social status.</p>\n\n<p style=\"text-align:center\"><img alt=\"f2\" height=\"400\" src=\"/storage/news/5.jpg\" /></p>\n\n<p>&nbsp;</p>\n','published',1,'Botble\\ACL\\Models\\User',1,'news/1.jpg',2136,NULL,'2024-03-11 00:14:17','2024-03-11 00:14:17'),(2,'Sexy Clutches: How to Buy &amp; Wear a Designer Clutch Bag','You should pay more attention when you choose your wallets. There are a lot of them on the market with the different designs and styles. When you choose carefully, you would be able to buy a wallet that is catered to your needs. Not to mention that it will help to enhance your style significantly.','<p>I have seen many people underestimating the power of their wallets. To them, they are just a functional item they use to carry. As a result, they often end up with the wallets which are not really suitable for them.</p>\n\n<p>You should pay more attention when you choose your wallets. There are a lot of them on the market with the different designs and styles. When you choose carefully, you would be able to buy a wallet that is catered to your needs. Not to mention that it will help to enhance your style significantly.</p>\n\n<p style=\"text-align:center\"><img alt=\"f4\" src=\"/storage/news/1.jpg\" /></p>\n\n<p><br />\n&nbsp;</p>\n\n<p><strong><em>For all of the reason above, here are 7 expert tips to help you pick up the right men&rsquo;s wallet for you:</em></strong></p>\n\n<h4><strong>Number 1: Choose A Neat Wallet</strong></h4>\n\n<p>The wallet is an essential accessory that you should go simple. Simplicity is the best in this case. A simple and neat wallet with the plain color and even&nbsp;<strong>minimalist style</strong>&nbsp;is versatile. It can be used for both formal and casual events. In addition, that wallet will go well with most of the clothes in your wardrobe.</p>\n\n<p>Keep in mind that a wallet will tell other people about your personality and your fashion sense as much as other clothes you put on. Hence, don&rsquo;t go cheesy on your wallet or else people will think that you have a funny and particular style.</p>\n\n<p style=\"text-align:center\"><img alt=\"f5\" src=\"/storage/news/2.jpg\" /></p>\n\n<p><br />\n&nbsp;</p>\n<hr />\n<h4><strong>Number 2: Choose The Right Size For Your Wallet</strong></h4>\n\n<p>You should avoid having an over-sized wallet. Don&rsquo;t think that you need to buy a big wallet because you have a lot to carry with you. In addition, a fat wallet is very ugly. It will make it harder for you to slide the wallet into your trousers&rsquo; pocket. In addition, it will create a bulge and ruin your look.</p>\n\n<p>Before you go on to buy a new wallet, clean out your wallet and place all of the items from your wallet on a table. Throw away things that you would never need any more such as the old bills or the expired gift cards. Remember to check your wallet on a frequent basis to get rid of all of the old stuff that you don&rsquo;t need anymore.</p>\n\n<p style=\"text-align:center\"><img alt=\"f1\" src=\"/storage/news/3.jpg\" /></p>\n\n<p><br />\n&nbsp;</p>\n\n<hr />\n<h4><strong>Number 3: Don&rsquo;t Limit Your Options Of Materials</strong></h4>\n\n<p>The types and designs of wallets are not the only things that you should consider when you go out searching for your best wallet. You have more than 1 option of material rather than leather to choose from as well.</p>\n\n<p>You can experiment with other available options such as cotton, polyester and canvas. They all have their own pros and cons. As a result, they will be suitable for different needs and requirements. You should think about them all in order to choose the material which you would like the most.</p>\n\n<p style=\"text-align:center\"><img alt=\"f6\" height=\"375\" src=\"/storage/news/4.jpg\" /></p>\n\n<p><br />\n&nbsp;</p>\n\n<hr />\n<h4><strong>Number 4: Consider A Wallet As A Long Term Investment</strong></h4>\n\n<p>Your wallet is indeed an investment that you should consider spending a decent amount of time and effort on it. Another factor that you need to consider is how much you want to spend on your wallet. The price ranges of wallets on the market vary a great deal. You can find a wallet which is as cheap as about 5 to 7 dollars. On the other hand, you should expect to pay around 250 to 300 dollars for a high-quality wallet.</p>\n\n<p>In case you need a wallet to use for a long time, it is a good idea that you should invest a decent amount of money on a wallet. A high quality wallet from a reputational brand with the premium quality such as cowhide leather will last for a long time. In addition, it is an accessory to show off your fashion sense and your social status.</p>\n\n<p style=\"text-align:center\"><img alt=\"f2\" height=\"400\" src=\"/storage/news/5.jpg\" /></p>\n\n<p>&nbsp;</p>\n','published',1,'Botble\\ACL\\Models\\User',1,'news/2.jpg',1631,NULL,'2024-03-11 00:14:18','2024-03-11 00:14:18'),(3,'The Top 2020 Handbag Trends to Know','You should pay more attention when you choose your wallets. There are a lot of them on the market with the different designs and styles. When you choose carefully, you would be able to buy a wallet that is catered to your needs. Not to mention that it will help to enhance your style significantly.','<p>I have seen many people underestimating the power of their wallets. To them, they are just a functional item they use to carry. As a result, they often end up with the wallets which are not really suitable for them.</p>\n\n<p>You should pay more attention when you choose your wallets. There are a lot of them on the market with the different designs and styles. When you choose carefully, you would be able to buy a wallet that is catered to your needs. Not to mention that it will help to enhance your style significantly.</p>\n\n<p style=\"text-align:center\"><img alt=\"f4\" src=\"/storage/news/1.jpg\" /></p>\n\n<p><br />\n&nbsp;</p>\n\n<p><strong><em>For all of the reason above, here are 7 expert tips to help you pick up the right men&rsquo;s wallet for you:</em></strong></p>\n\n<h4><strong>Number 1: Choose A Neat Wallet</strong></h4>\n\n<p>The wallet is an essential accessory that you should go simple. Simplicity is the best in this case. A simple and neat wallet with the plain color and even&nbsp;<strong>minimalist style</strong>&nbsp;is versatile. It can be used for both formal and casual events. In addition, that wallet will go well with most of the clothes in your wardrobe.</p>\n\n<p>Keep in mind that a wallet will tell other people about your personality and your fashion sense as much as other clothes you put on. Hence, don&rsquo;t go cheesy on your wallet or else people will think that you have a funny and particular style.</p>\n\n<p style=\"text-align:center\"><img alt=\"f5\" src=\"/storage/news/2.jpg\" /></p>\n\n<p><br />\n&nbsp;</p>\n<hr />\n<h4><strong>Number 2: Choose The Right Size For Your Wallet</strong></h4>\n\n<p>You should avoid having an over-sized wallet. Don&rsquo;t think that you need to buy a big wallet because you have a lot to carry with you. In addition, a fat wallet is very ugly. It will make it harder for you to slide the wallet into your trousers&rsquo; pocket. In addition, it will create a bulge and ruin your look.</p>\n\n<p>Before you go on to buy a new wallet, clean out your wallet and place all of the items from your wallet on a table. Throw away things that you would never need any more such as the old bills or the expired gift cards. Remember to check your wallet on a frequent basis to get rid of all of the old stuff that you don&rsquo;t need anymore.</p>\n\n<p style=\"text-align:center\"><img alt=\"f1\" src=\"/storage/news/3.jpg\" /></p>\n\n<p><br />\n&nbsp;</p>\n\n<hr />\n<h4><strong>Number 3: Don&rsquo;t Limit Your Options Of Materials</strong></h4>\n\n<p>The types and designs of wallets are not the only things that you should consider when you go out searching for your best wallet. You have more than 1 option of material rather than leather to choose from as well.</p>\n\n<p>You can experiment with other available options such as cotton, polyester and canvas. They all have their own pros and cons. As a result, they will be suitable for different needs and requirements. You should think about them all in order to choose the material which you would like the most.</p>\n\n<p style=\"text-align:center\"><img alt=\"f6\" height=\"375\" src=\"/storage/news/4.jpg\" /></p>\n\n<p><br />\n&nbsp;</p>\n\n<hr />\n<h4><strong>Number 4: Consider A Wallet As A Long Term Investment</strong></h4>\n\n<p>Your wallet is indeed an investment that you should consider spending a decent amount of time and effort on it. Another factor that you need to consider is how much you want to spend on your wallet. The price ranges of wallets on the market vary a great deal. You can find a wallet which is as cheap as about 5 to 7 dollars. On the other hand, you should expect to pay around 250 to 300 dollars for a high-quality wallet.</p>\n\n<p>In case you need a wallet to use for a long time, it is a good idea that you should invest a decent amount of money on a wallet. A high quality wallet from a reputational brand with the premium quality such as cowhide leather will last for a long time. In addition, it is an accessory to show off your fashion sense and your social status.</p>\n\n<p style=\"text-align:center\"><img alt=\"f2\" height=\"400\" src=\"/storage/news/5.jpg\" /></p>\n\n<p>&nbsp;</p>\n','published',1,'Botble\\ACL\\Models\\User',1,'news/3.jpg',618,NULL,'2024-03-11 00:14:18','2024-03-11 00:14:18'),(4,'How to Match the Color of Your Handbag With an Outfit','You should pay more attention when you choose your wallets. There are a lot of them on the market with the different designs and styles. When you choose carefully, you would be able to buy a wallet that is catered to your needs. Not to mention that it will help to enhance your style significantly.','<p>I have seen many people underestimating the power of their wallets. To them, they are just a functional item they use to carry. As a result, they often end up with the wallets which are not really suitable for them.</p>\n\n<p>You should pay more attention when you choose your wallets. There are a lot of them on the market with the different designs and styles. When you choose carefully, you would be able to buy a wallet that is catered to your needs. Not to mention that it will help to enhance your style significantly.</p>\n\n<p style=\"text-align:center\"><img alt=\"f4\" src=\"/storage/news/1.jpg\" /></p>\n\n<p><br />\n&nbsp;</p>\n\n<p><strong><em>For all of the reason above, here are 7 expert tips to help you pick up the right men&rsquo;s wallet for you:</em></strong></p>\n\n<h4><strong>Number 1: Choose A Neat Wallet</strong></h4>\n\n<p>The wallet is an essential accessory that you should go simple. Simplicity is the best in this case. A simple and neat wallet with the plain color and even&nbsp;<strong>minimalist style</strong>&nbsp;is versatile. It can be used for both formal and casual events. In addition, that wallet will go well with most of the clothes in your wardrobe.</p>\n\n<p>Keep in mind that a wallet will tell other people about your personality and your fashion sense as much as other clothes you put on. Hence, don&rsquo;t go cheesy on your wallet or else people will think that you have a funny and particular style.</p>\n\n<p style=\"text-align:center\"><img alt=\"f5\" src=\"/storage/news/2.jpg\" /></p>\n\n<p><br />\n&nbsp;</p>\n<hr />\n<h4><strong>Number 2: Choose The Right Size For Your Wallet</strong></h4>\n\n<p>You should avoid having an over-sized wallet. Don&rsquo;t think that you need to buy a big wallet because you have a lot to carry with you. In addition, a fat wallet is very ugly. It will make it harder for you to slide the wallet into your trousers&rsquo; pocket. In addition, it will create a bulge and ruin your look.</p>\n\n<p>Before you go on to buy a new wallet, clean out your wallet and place all of the items from your wallet on a table. Throw away things that you would never need any more such as the old bills or the expired gift cards. Remember to check your wallet on a frequent basis to get rid of all of the old stuff that you don&rsquo;t need anymore.</p>\n\n<p style=\"text-align:center\"><img alt=\"f1\" src=\"/storage/news/3.jpg\" /></p>\n\n<p><br />\n&nbsp;</p>\n\n<hr />\n<h4><strong>Number 3: Don&rsquo;t Limit Your Options Of Materials</strong></h4>\n\n<p>The types and designs of wallets are not the only things that you should consider when you go out searching for your best wallet. You have more than 1 option of material rather than leather to choose from as well.</p>\n\n<p>You can experiment with other available options such as cotton, polyester and canvas. They all have their own pros and cons. As a result, they will be suitable for different needs and requirements. You should think about them all in order to choose the material which you would like the most.</p>\n\n<p style=\"text-align:center\"><img alt=\"f6\" height=\"375\" src=\"/storage/news/4.jpg\" /></p>\n\n<p><br />\n&nbsp;</p>\n\n<hr />\n<h4><strong>Number 4: Consider A Wallet As A Long Term Investment</strong></h4>\n\n<p>Your wallet is indeed an investment that you should consider spending a decent amount of time and effort on it. Another factor that you need to consider is how much you want to spend on your wallet. The price ranges of wallets on the market vary a great deal. You can find a wallet which is as cheap as about 5 to 7 dollars. On the other hand, you should expect to pay around 250 to 300 dollars for a high-quality wallet.</p>\n\n<p>In case you need a wallet to use for a long time, it is a good idea that you should invest a decent amount of money on a wallet. A high quality wallet from a reputational brand with the premium quality such as cowhide leather will last for a long time. In addition, it is an accessory to show off your fashion sense and your social status.</p>\n\n<p style=\"text-align:center\"><img alt=\"f2\" height=\"400\" src=\"/storage/news/5.jpg\" /></p>\n\n<p>&nbsp;</p>\n','published',1,'Botble\\ACL\\Models\\User',1,'news/4.jpg',1720,NULL,'2024-03-11 00:14:18','2024-03-11 00:14:18'),(5,'How to Care for Leather Bags','You should pay more attention when you choose your wallets. There are a lot of them on the market with the different designs and styles. When you choose carefully, you would be able to buy a wallet that is catered to your needs. Not to mention that it will help to enhance your style significantly.','<p>I have seen many people underestimating the power of their wallets. To them, they are just a functional item they use to carry. As a result, they often end up with the wallets which are not really suitable for them.</p>\n\n<p>You should pay more attention when you choose your wallets. There are a lot of them on the market with the different designs and styles. When you choose carefully, you would be able to buy a wallet that is catered to your needs. Not to mention that it will help to enhance your style significantly.</p>\n\n<p style=\"text-align:center\"><img alt=\"f4\" src=\"/storage/news/1.jpg\" /></p>\n\n<p><br />\n&nbsp;</p>\n\n<p><strong><em>For all of the reason above, here are 7 expert tips to help you pick up the right men&rsquo;s wallet for you:</em></strong></p>\n\n<h4><strong>Number 1: Choose A Neat Wallet</strong></h4>\n\n<p>The wallet is an essential accessory that you should go simple. Simplicity is the best in this case. A simple and neat wallet with the plain color and even&nbsp;<strong>minimalist style</strong>&nbsp;is versatile. It can be used for both formal and casual events. In addition, that wallet will go well with most of the clothes in your wardrobe.</p>\n\n<p>Keep in mind that a wallet will tell other people about your personality and your fashion sense as much as other clothes you put on. Hence, don&rsquo;t go cheesy on your wallet or else people will think that you have a funny and particular style.</p>\n\n<p style=\"text-align:center\"><img alt=\"f5\" src=\"/storage/news/2.jpg\" /></p>\n\n<p><br />\n&nbsp;</p>\n<hr />\n<h4><strong>Number 2: Choose The Right Size For Your Wallet</strong></h4>\n\n<p>You should avoid having an over-sized wallet. Don&rsquo;t think that you need to buy a big wallet because you have a lot to carry with you. In addition, a fat wallet is very ugly. It will make it harder for you to slide the wallet into your trousers&rsquo; pocket. In addition, it will create a bulge and ruin your look.</p>\n\n<p>Before you go on to buy a new wallet, clean out your wallet and place all of the items from your wallet on a table. Throw away things that you would never need any more such as the old bills or the expired gift cards. Remember to check your wallet on a frequent basis to get rid of all of the old stuff that you don&rsquo;t need anymore.</p>\n\n<p style=\"text-align:center\"><img alt=\"f1\" src=\"/storage/news/3.jpg\" /></p>\n\n<p><br />\n&nbsp;</p>\n\n<hr />\n<h4><strong>Number 3: Don&rsquo;t Limit Your Options Of Materials</strong></h4>\n\n<p>The types and designs of wallets are not the only things that you should consider when you go out searching for your best wallet. You have more than 1 option of material rather than leather to choose from as well.</p>\n\n<p>You can experiment with other available options such as cotton, polyester and canvas. They all have their own pros and cons. As a result, they will be suitable for different needs and requirements. You should think about them all in order to choose the material which you would like the most.</p>\n\n<p style=\"text-align:center\"><img alt=\"f6\" height=\"375\" src=\"/storage/news/4.jpg\" /></p>\n\n<p><br />\n&nbsp;</p>\n\n<hr />\n<h4><strong>Number 4: Consider A Wallet As A Long Term Investment</strong></h4>\n\n<p>Your wallet is indeed an investment that you should consider spending a decent amount of time and effort on it. Another factor that you need to consider is how much you want to spend on your wallet. The price ranges of wallets on the market vary a great deal. You can find a wallet which is as cheap as about 5 to 7 dollars. On the other hand, you should expect to pay around 250 to 300 dollars for a high-quality wallet.</p>\n\n<p>In case you need a wallet to use for a long time, it is a good idea that you should invest a decent amount of money on a wallet. A high quality wallet from a reputational brand with the premium quality such as cowhide leather will last for a long time. In addition, it is an accessory to show off your fashion sense and your social status.</p>\n\n<p style=\"text-align:center\"><img alt=\"f2\" height=\"400\" src=\"/storage/news/5.jpg\" /></p>\n\n<p>&nbsp;</p>\n','published',1,'Botble\\ACL\\Models\\User',1,'news/5.jpg',2116,NULL,'2024-03-11 00:14:18','2024-03-11 00:14:18'),(6,'We\'re Crushing Hard on Summer\'s 10 Biggest Bag Trends','You should pay more attention when you choose your wallets. There are a lot of them on the market with the different designs and styles. When you choose carefully, you would be able to buy a wallet that is catered to your needs. Not to mention that it will help to enhance your style significantly.','<p>I have seen many people underestimating the power of their wallets. To them, they are just a functional item they use to carry. As a result, they often end up with the wallets which are not really suitable for them.</p>\n\n<p>You should pay more attention when you choose your wallets. There are a lot of them on the market with the different designs and styles. When you choose carefully, you would be able to buy a wallet that is catered to your needs. Not to mention that it will help to enhance your style significantly.</p>\n\n<p style=\"text-align:center\"><img alt=\"f4\" src=\"/storage/news/1.jpg\" /></p>\n\n<p><br />\n&nbsp;</p>\n\n<p><strong><em>For all of the reason above, here are 7 expert tips to help you pick up the right men&rsquo;s wallet for you:</em></strong></p>\n\n<h4><strong>Number 1: Choose A Neat Wallet</strong></h4>\n\n<p>The wallet is an essential accessory that you should go simple. Simplicity is the best in this case. A simple and neat wallet with the plain color and even&nbsp;<strong>minimalist style</strong>&nbsp;is versatile. It can be used for both formal and casual events. In addition, that wallet will go well with most of the clothes in your wardrobe.</p>\n\n<p>Keep in mind that a wallet will tell other people about your personality and your fashion sense as much as other clothes you put on. Hence, don&rsquo;t go cheesy on your wallet or else people will think that you have a funny and particular style.</p>\n\n<p style=\"text-align:center\"><img alt=\"f5\" src=\"/storage/news/2.jpg\" /></p>\n\n<p><br />\n&nbsp;</p>\n<hr />\n<h4><strong>Number 2: Choose The Right Size For Your Wallet</strong></h4>\n\n<p>You should avoid having an over-sized wallet. Don&rsquo;t think that you need to buy a big wallet because you have a lot to carry with you. In addition, a fat wallet is very ugly. It will make it harder for you to slide the wallet into your trousers&rsquo; pocket. In addition, it will create a bulge and ruin your look.</p>\n\n<p>Before you go on to buy a new wallet, clean out your wallet and place all of the items from your wallet on a table. Throw away things that you would never need any more such as the old bills or the expired gift cards. Remember to check your wallet on a frequent basis to get rid of all of the old stuff that you don&rsquo;t need anymore.</p>\n\n<p style=\"text-align:center\"><img alt=\"f1\" src=\"/storage/news/3.jpg\" /></p>\n\n<p><br />\n&nbsp;</p>\n\n<hr />\n<h4><strong>Number 3: Don&rsquo;t Limit Your Options Of Materials</strong></h4>\n\n<p>The types and designs of wallets are not the only things that you should consider when you go out searching for your best wallet. You have more than 1 option of material rather than leather to choose from as well.</p>\n\n<p>You can experiment with other available options such as cotton, polyester and canvas. They all have their own pros and cons. As a result, they will be suitable for different needs and requirements. You should think about them all in order to choose the material which you would like the most.</p>\n\n<p style=\"text-align:center\"><img alt=\"f6\" height=\"375\" src=\"/storage/news/4.jpg\" /></p>\n\n<p><br />\n&nbsp;</p>\n\n<hr />\n<h4><strong>Number 4: Consider A Wallet As A Long Term Investment</strong></h4>\n\n<p>Your wallet is indeed an investment that you should consider spending a decent amount of time and effort on it. Another factor that you need to consider is how much you want to spend on your wallet. The price ranges of wallets on the market vary a great deal. You can find a wallet which is as cheap as about 5 to 7 dollars. On the other hand, you should expect to pay around 250 to 300 dollars for a high-quality wallet.</p>\n\n<p>In case you need a wallet to use for a long time, it is a good idea that you should invest a decent amount of money on a wallet. A high quality wallet from a reputational brand with the premium quality such as cowhide leather will last for a long time. In addition, it is an accessory to show off your fashion sense and your social status.</p>\n\n<p style=\"text-align:center\"><img alt=\"f2\" height=\"400\" src=\"/storage/news/5.jpg\" /></p>\n\n<p>&nbsp;</p>\n','published',1,'Botble\\ACL\\Models\\User',1,'news/6.jpg',1834,NULL,'2024-03-11 00:14:18','2024-03-11 00:14:18'),(7,'Essential Qualities of Highly Successful Music','You should pay more attention when you choose your wallets. There are a lot of them on the market with the different designs and styles. When you choose carefully, you would be able to buy a wallet that is catered to your needs. Not to mention that it will help to enhance your style significantly.','<p>I have seen many people underestimating the power of their wallets. To them, they are just a functional item they use to carry. As a result, they often end up with the wallets which are not really suitable for them.</p>\n\n<p>You should pay more attention when you choose your wallets. There are a lot of them on the market with the different designs and styles. When you choose carefully, you would be able to buy a wallet that is catered to your needs. Not to mention that it will help to enhance your style significantly.</p>\n\n<p style=\"text-align:center\"><img alt=\"f4\" src=\"/storage/news/1.jpg\" /></p>\n\n<p><br />\n&nbsp;</p>\n\n<p><strong><em>For all of the reason above, here are 7 expert tips to help you pick up the right men&rsquo;s wallet for you:</em></strong></p>\n\n<h4><strong>Number 1: Choose A Neat Wallet</strong></h4>\n\n<p>The wallet is an essential accessory that you should go simple. Simplicity is the best in this case. A simple and neat wallet with the plain color and even&nbsp;<strong>minimalist style</strong>&nbsp;is versatile. It can be used for both formal and casual events. In addition, that wallet will go well with most of the clothes in your wardrobe.</p>\n\n<p>Keep in mind that a wallet will tell other people about your personality and your fashion sense as much as other clothes you put on. Hence, don&rsquo;t go cheesy on your wallet or else people will think that you have a funny and particular style.</p>\n\n<p style=\"text-align:center\"><img alt=\"f5\" src=\"/storage/news/2.jpg\" /></p>\n\n<p><br />\n&nbsp;</p>\n<hr />\n<h4><strong>Number 2: Choose The Right Size For Your Wallet</strong></h4>\n\n<p>You should avoid having an over-sized wallet. Don&rsquo;t think that you need to buy a big wallet because you have a lot to carry with you. In addition, a fat wallet is very ugly. It will make it harder for you to slide the wallet into your trousers&rsquo; pocket. In addition, it will create a bulge and ruin your look.</p>\n\n<p>Before you go on to buy a new wallet, clean out your wallet and place all of the items from your wallet on a table. Throw away things that you would never need any more such as the old bills or the expired gift cards. Remember to check your wallet on a frequent basis to get rid of all of the old stuff that you don&rsquo;t need anymore.</p>\n\n<p style=\"text-align:center\"><img alt=\"f1\" src=\"/storage/news/3.jpg\" /></p>\n\n<p><br />\n&nbsp;</p>\n\n<hr />\n<h4><strong>Number 3: Don&rsquo;t Limit Your Options Of Materials</strong></h4>\n\n<p>The types and designs of wallets are not the only things that you should consider when you go out searching for your best wallet. You have more than 1 option of material rather than leather to choose from as well.</p>\n\n<p>You can experiment with other available options such as cotton, polyester and canvas. They all have their own pros and cons. As a result, they will be suitable for different needs and requirements. You should think about them all in order to choose the material which you would like the most.</p>\n\n<p style=\"text-align:center\"><img alt=\"f6\" height=\"375\" src=\"/storage/news/4.jpg\" /></p>\n\n<p><br />\n&nbsp;</p>\n\n<hr />\n<h4><strong>Number 4: Consider A Wallet As A Long Term Investment</strong></h4>\n\n<p>Your wallet is indeed an investment that you should consider spending a decent amount of time and effort on it. Another factor that you need to consider is how much you want to spend on your wallet. The price ranges of wallets on the market vary a great deal. You can find a wallet which is as cheap as about 5 to 7 dollars. On the other hand, you should expect to pay around 250 to 300 dollars for a high-quality wallet.</p>\n\n<p>In case you need a wallet to use for a long time, it is a good idea that you should invest a decent amount of money on a wallet. A high quality wallet from a reputational brand with the premium quality such as cowhide leather will last for a long time. In addition, it is an accessory to show off your fashion sense and your social status.</p>\n\n<p style=\"text-align:center\"><img alt=\"f2\" height=\"400\" src=\"/storage/news/5.jpg\" /></p>\n\n<p>&nbsp;</p>\n','published',1,'Botble\\ACL\\Models\\User',1,'news/7.jpg',2419,NULL,'2024-03-11 00:14:18','2024-03-11 00:14:18'),(8,'9 Things I Love About Shaving My Head','You should pay more attention when you choose your wallets. There are a lot of them on the market with the different designs and styles. When you choose carefully, you would be able to buy a wallet that is catered to your needs. Not to mention that it will help to enhance your style significantly.','<p>I have seen many people underestimating the power of their wallets. To them, they are just a functional item they use to carry. As a result, they often end up with the wallets which are not really suitable for them.</p>\n\n<p>You should pay more attention when you choose your wallets. There are a lot of them on the market with the different designs and styles. When you choose carefully, you would be able to buy a wallet that is catered to your needs. Not to mention that it will help to enhance your style significantly.</p>\n\n<p style=\"text-align:center\"><img alt=\"f4\" src=\"/storage/news/1.jpg\" /></p>\n\n<p><br />\n&nbsp;</p>\n\n<p><strong><em>For all of the reason above, here are 7 expert tips to help you pick up the right men&rsquo;s wallet for you:</em></strong></p>\n\n<h4><strong>Number 1: Choose A Neat Wallet</strong></h4>\n\n<p>The wallet is an essential accessory that you should go simple. Simplicity is the best in this case. A simple and neat wallet with the plain color and even&nbsp;<strong>minimalist style</strong>&nbsp;is versatile. It can be used for both formal and casual events. In addition, that wallet will go well with most of the clothes in your wardrobe.</p>\n\n<p>Keep in mind that a wallet will tell other people about your personality and your fashion sense as much as other clothes you put on. Hence, don&rsquo;t go cheesy on your wallet or else people will think that you have a funny and particular style.</p>\n\n<p style=\"text-align:center\"><img alt=\"f5\" src=\"/storage/news/2.jpg\" /></p>\n\n<p><br />\n&nbsp;</p>\n<hr />\n<h4><strong>Number 2: Choose The Right Size For Your Wallet</strong></h4>\n\n<p>You should avoid having an over-sized wallet. Don&rsquo;t think that you need to buy a big wallet because you have a lot to carry with you. In addition, a fat wallet is very ugly. It will make it harder for you to slide the wallet into your trousers&rsquo; pocket. In addition, it will create a bulge and ruin your look.</p>\n\n<p>Before you go on to buy a new wallet, clean out your wallet and place all of the items from your wallet on a table. Throw away things that you would never need any more such as the old bills or the expired gift cards. Remember to check your wallet on a frequent basis to get rid of all of the old stuff that you don&rsquo;t need anymore.</p>\n\n<p style=\"text-align:center\"><img alt=\"f1\" src=\"/storage/news/3.jpg\" /></p>\n\n<p><br />\n&nbsp;</p>\n\n<hr />\n<h4><strong>Number 3: Don&rsquo;t Limit Your Options Of Materials</strong></h4>\n\n<p>The types and designs of wallets are not the only things that you should consider when you go out searching for your best wallet. You have more than 1 option of material rather than leather to choose from as well.</p>\n\n<p>You can experiment with other available options such as cotton, polyester and canvas. They all have their own pros and cons. As a result, they will be suitable for different needs and requirements. You should think about them all in order to choose the material which you would like the most.</p>\n\n<p style=\"text-align:center\"><img alt=\"f6\" height=\"375\" src=\"/storage/news/4.jpg\" /></p>\n\n<p><br />\n&nbsp;</p>\n\n<hr />\n<h4><strong>Number 4: Consider A Wallet As A Long Term Investment</strong></h4>\n\n<p>Your wallet is indeed an investment that you should consider spending a decent amount of time and effort on it. Another factor that you need to consider is how much you want to spend on your wallet. The price ranges of wallets on the market vary a great deal. You can find a wallet which is as cheap as about 5 to 7 dollars. On the other hand, you should expect to pay around 250 to 300 dollars for a high-quality wallet.</p>\n\n<p>In case you need a wallet to use for a long time, it is a good idea that you should invest a decent amount of money on a wallet. A high quality wallet from a reputational brand with the premium quality such as cowhide leather will last for a long time. In addition, it is an accessory to show off your fashion sense and your social status.</p>\n\n<p style=\"text-align:center\"><img alt=\"f2\" height=\"400\" src=\"/storage/news/5.jpg\" /></p>\n\n<p>&nbsp;</p>\n','published',1,'Botble\\ACL\\Models\\User',1,'news/8.jpg',582,NULL,'2024-03-11 00:14:18','2024-03-11 00:14:18'),(9,'Why Teamwork Really Makes The Dream Work','You should pay more attention when you choose your wallets. There are a lot of them on the market with the different designs and styles. When you choose carefully, you would be able to buy a wallet that is catered to your needs. Not to mention that it will help to enhance your style significantly.','<p>I have seen many people underestimating the power of their wallets. To them, they are just a functional item they use to carry. As a result, they often end up with the wallets which are not really suitable for them.</p>\n\n<p>You should pay more attention when you choose your wallets. There are a lot of them on the market with the different designs and styles. When you choose carefully, you would be able to buy a wallet that is catered to your needs. Not to mention that it will help to enhance your style significantly.</p>\n\n<p style=\"text-align:center\"><img alt=\"f4\" src=\"/storage/news/1.jpg\" /></p>\n\n<p><br />\n&nbsp;</p>\n\n<p><strong><em>For all of the reason above, here are 7 expert tips to help you pick up the right men&rsquo;s wallet for you:</em></strong></p>\n\n<h4><strong>Number 1: Choose A Neat Wallet</strong></h4>\n\n<p>The wallet is an essential accessory that you should go simple. Simplicity is the best in this case. A simple and neat wallet with the plain color and even&nbsp;<strong>minimalist style</strong>&nbsp;is versatile. It can be used for both formal and casual events. In addition, that wallet will go well with most of the clothes in your wardrobe.</p>\n\n<p>Keep in mind that a wallet will tell other people about your personality and your fashion sense as much as other clothes you put on. Hence, don&rsquo;t go cheesy on your wallet or else people will think that you have a funny and particular style.</p>\n\n<p style=\"text-align:center\"><img alt=\"f5\" src=\"/storage/news/2.jpg\" /></p>\n\n<p><br />\n&nbsp;</p>\n<hr />\n<h4><strong>Number 2: Choose The Right Size For Your Wallet</strong></h4>\n\n<p>You should avoid having an over-sized wallet. Don&rsquo;t think that you need to buy a big wallet because you have a lot to carry with you. In addition, a fat wallet is very ugly. It will make it harder for you to slide the wallet into your trousers&rsquo; pocket. In addition, it will create a bulge and ruin your look.</p>\n\n<p>Before you go on to buy a new wallet, clean out your wallet and place all of the items from your wallet on a table. Throw away things that you would never need any more such as the old bills or the expired gift cards. Remember to check your wallet on a frequent basis to get rid of all of the old stuff that you don&rsquo;t need anymore.</p>\n\n<p style=\"text-align:center\"><img alt=\"f1\" src=\"/storage/news/3.jpg\" /></p>\n\n<p><br />\n&nbsp;</p>\n\n<hr />\n<h4><strong>Number 3: Don&rsquo;t Limit Your Options Of Materials</strong></h4>\n\n<p>The types and designs of wallets are not the only things that you should consider when you go out searching for your best wallet. You have more than 1 option of material rather than leather to choose from as well.</p>\n\n<p>You can experiment with other available options such as cotton, polyester and canvas. They all have their own pros and cons. As a result, they will be suitable for different needs and requirements. You should think about them all in order to choose the material which you would like the most.</p>\n\n<p style=\"text-align:center\"><img alt=\"f6\" height=\"375\" src=\"/storage/news/4.jpg\" /></p>\n\n<p><br />\n&nbsp;</p>\n\n<hr />\n<h4><strong>Number 4: Consider A Wallet As A Long Term Investment</strong></h4>\n\n<p>Your wallet is indeed an investment that you should consider spending a decent amount of time and effort on it. Another factor that you need to consider is how much you want to spend on your wallet. The price ranges of wallets on the market vary a great deal. You can find a wallet which is as cheap as about 5 to 7 dollars. On the other hand, you should expect to pay around 250 to 300 dollars for a high-quality wallet.</p>\n\n<p>In case you need a wallet to use for a long time, it is a good idea that you should invest a decent amount of money on a wallet. A high quality wallet from a reputational brand with the premium quality such as cowhide leather will last for a long time. In addition, it is an accessory to show off your fashion sense and your social status.</p>\n\n<p style=\"text-align:center\"><img alt=\"f2\" height=\"400\" src=\"/storage/news/5.jpg\" /></p>\n\n<p>&nbsp;</p>\n','published',1,'Botble\\ACL\\Models\\User',1,'news/9.jpg',2230,NULL,'2024-03-11 00:14:18','2024-03-11 00:14:18'),(10,'The World Caters to Average People','You should pay more attention when you choose your wallets. There are a lot of them on the market with the different designs and styles. When you choose carefully, you would be able to buy a wallet that is catered to your needs. Not to mention that it will help to enhance your style significantly.','<p>I have seen many people underestimating the power of their wallets. To them, they are just a functional item they use to carry. As a result, they often end up with the wallets which are not really suitable for them.</p>\n\n<p>You should pay more attention when you choose your wallets. There are a lot of them on the market with the different designs and styles. When you choose carefully, you would be able to buy a wallet that is catered to your needs. Not to mention that it will help to enhance your style significantly.</p>\n\n<p style=\"text-align:center\"><img alt=\"f4\" src=\"/storage/news/1.jpg\" /></p>\n\n<p><br />\n&nbsp;</p>\n\n<p><strong><em>For all of the reason above, here are 7 expert tips to help you pick up the right men&rsquo;s wallet for you:</em></strong></p>\n\n<h4><strong>Number 1: Choose A Neat Wallet</strong></h4>\n\n<p>The wallet is an essential accessory that you should go simple. Simplicity is the best in this case. A simple and neat wallet with the plain color and even&nbsp;<strong>minimalist style</strong>&nbsp;is versatile. It can be used for both formal and casual events. In addition, that wallet will go well with most of the clothes in your wardrobe.</p>\n\n<p>Keep in mind that a wallet will tell other people about your personality and your fashion sense as much as other clothes you put on. Hence, don&rsquo;t go cheesy on your wallet or else people will think that you have a funny and particular style.</p>\n\n<p style=\"text-align:center\"><img alt=\"f5\" src=\"/storage/news/2.jpg\" /></p>\n\n<p><br />\n&nbsp;</p>\n<hr />\n<h4><strong>Number 2: Choose The Right Size For Your Wallet</strong></h4>\n\n<p>You should avoid having an over-sized wallet. Don&rsquo;t think that you need to buy a big wallet because you have a lot to carry with you. In addition, a fat wallet is very ugly. It will make it harder for you to slide the wallet into your trousers&rsquo; pocket. In addition, it will create a bulge and ruin your look.</p>\n\n<p>Before you go on to buy a new wallet, clean out your wallet and place all of the items from your wallet on a table. Throw away things that you would never need any more such as the old bills or the expired gift cards. Remember to check your wallet on a frequent basis to get rid of all of the old stuff that you don&rsquo;t need anymore.</p>\n\n<p style=\"text-align:center\"><img alt=\"f1\" src=\"/storage/news/3.jpg\" /></p>\n\n<p><br />\n&nbsp;</p>\n\n<hr />\n<h4><strong>Number 3: Don&rsquo;t Limit Your Options Of Materials</strong></h4>\n\n<p>The types and designs of wallets are not the only things that you should consider when you go out searching for your best wallet. You have more than 1 option of material rather than leather to choose from as well.</p>\n\n<p>You can experiment with other available options such as cotton, polyester and canvas. They all have their own pros and cons. As a result, they will be suitable for different needs and requirements. You should think about them all in order to choose the material which you would like the most.</p>\n\n<p style=\"text-align:center\"><img alt=\"f6\" height=\"375\" src=\"/storage/news/4.jpg\" /></p>\n\n<p><br />\n&nbsp;</p>\n\n<hr />\n<h4><strong>Number 4: Consider A Wallet As A Long Term Investment</strong></h4>\n\n<p>Your wallet is indeed an investment that you should consider spending a decent amount of time and effort on it. Another factor that you need to consider is how much you want to spend on your wallet. The price ranges of wallets on the market vary a great deal. You can find a wallet which is as cheap as about 5 to 7 dollars. On the other hand, you should expect to pay around 250 to 300 dollars for a high-quality wallet.</p>\n\n<p>In case you need a wallet to use for a long time, it is a good idea that you should invest a decent amount of money on a wallet. A high quality wallet from a reputational brand with the premium quality such as cowhide leather will last for a long time. In addition, it is an accessory to show off your fashion sense and your social status.</p>\n\n<p style=\"text-align:center\"><img alt=\"f2\" height=\"400\" src=\"/storage/news/5.jpg\" /></p>\n\n<p>&nbsp;</p>\n','published',1,'Botble\\ACL\\Models\\User',1,'news/10.jpg',2215,NULL,'2024-03-11 00:14:18','2024-03-11 00:14:18'),(11,'The litigants on the screen are not actors','You should pay more attention when you choose your wallets. There are a lot of them on the market with the different designs and styles. When you choose carefully, you would be able to buy a wallet that is catered to your needs. Not to mention that it will help to enhance your style significantly.','<p>I have seen many people underestimating the power of their wallets. To them, they are just a functional item they use to carry. As a result, they often end up with the wallets which are not really suitable for them.</p>\n\n<p>You should pay more attention when you choose your wallets. There are a lot of them on the market with the different designs and styles. When you choose carefully, you would be able to buy a wallet that is catered to your needs. Not to mention that it will help to enhance your style significantly.</p>\n\n<p style=\"text-align:center\"><img alt=\"f4\" src=\"/storage/news/1.jpg\" /></p>\n\n<p><br />\n&nbsp;</p>\n\n<p><strong><em>For all of the reason above, here are 7 expert tips to help you pick up the right men&rsquo;s wallet for you:</em></strong></p>\n\n<h4><strong>Number 1: Choose A Neat Wallet</strong></h4>\n\n<p>The wallet is an essential accessory that you should go simple. Simplicity is the best in this case. A simple and neat wallet with the plain color and even&nbsp;<strong>minimalist style</strong>&nbsp;is versatile. It can be used for both formal and casual events. In addition, that wallet will go well with most of the clothes in your wardrobe.</p>\n\n<p>Keep in mind that a wallet will tell other people about your personality and your fashion sense as much as other clothes you put on. Hence, don&rsquo;t go cheesy on your wallet or else people will think that you have a funny and particular style.</p>\n\n<p style=\"text-align:center\"><img alt=\"f5\" src=\"/storage/news/2.jpg\" /></p>\n\n<p><br />\n&nbsp;</p>\n<hr />\n<h4><strong>Number 2: Choose The Right Size For Your Wallet</strong></h4>\n\n<p>You should avoid having an over-sized wallet. Don&rsquo;t think that you need to buy a big wallet because you have a lot to carry with you. In addition, a fat wallet is very ugly. It will make it harder for you to slide the wallet into your trousers&rsquo; pocket. In addition, it will create a bulge and ruin your look.</p>\n\n<p>Before you go on to buy a new wallet, clean out your wallet and place all of the items from your wallet on a table. Throw away things that you would never need any more such as the old bills or the expired gift cards. Remember to check your wallet on a frequent basis to get rid of all of the old stuff that you don&rsquo;t need anymore.</p>\n\n<p style=\"text-align:center\"><img alt=\"f1\" src=\"/storage/news/3.jpg\" /></p>\n\n<p><br />\n&nbsp;</p>\n\n<hr />\n<h4><strong>Number 3: Don&rsquo;t Limit Your Options Of Materials</strong></h4>\n\n<p>The types and designs of wallets are not the only things that you should consider when you go out searching for your best wallet. You have more than 1 option of material rather than leather to choose from as well.</p>\n\n<p>You can experiment with other available options such as cotton, polyester and canvas. They all have their own pros and cons. As a result, they will be suitable for different needs and requirements. You should think about them all in order to choose the material which you would like the most.</p>\n\n<p style=\"text-align:center\"><img alt=\"f6\" height=\"375\" src=\"/storage/news/4.jpg\" /></p>\n\n<p><br />\n&nbsp;</p>\n\n<hr />\n<h4><strong>Number 4: Consider A Wallet As A Long Term Investment</strong></h4>\n\n<p>Your wallet is indeed an investment that you should consider spending a decent amount of time and effort on it. Another factor that you need to consider is how much you want to spend on your wallet. The price ranges of wallets on the market vary a great deal. You can find a wallet which is as cheap as about 5 to 7 dollars. On the other hand, you should expect to pay around 250 to 300 dollars for a high-quality wallet.</p>\n\n<p>In case you need a wallet to use for a long time, it is a good idea that you should invest a decent amount of money on a wallet. A high quality wallet from a reputational brand with the premium quality such as cowhide leather will last for a long time. In addition, it is an accessory to show off your fashion sense and your social status.</p>\n\n<p style=\"text-align:center\"><img alt=\"f2\" height=\"400\" src=\"/storage/news/5.jpg\" /></p>\n\n<p>&nbsp;</p>\n','published',1,'Botble\\ACL\\Models\\User',0,'news/11.jpg',2238,NULL,'2024-03-11 00:14:18','2024-03-11 00:14:18');

--
-- Table structure for table `posts_translations`
--

CREATE TABLE `posts_translations` (
  `lang_code` varchar(20) COLLATE utf8mb4_unicode_ci NOT NULL,
  `posts_id` bigint unsigned NOT NULL,
  `name` varchar(255) COLLATE utf8mb4_unicode_ci DEFAULT NULL,
  `description` varchar(400) COLLATE utf8mb4_unicode_ci DEFAULT NULL,
  `content` longtext COLLATE utf8mb4_unicode_ci,
  PRIMARY KEY (`lang_code`,`posts_id`)
) ENGINE=InnoDB DEFAULT CHARSET=utf8mb4 COLLATE=utf8mb4_unicode_ci;

--
-- Dumping data for table `posts_translations`
--


--
-- Table structure for table `revisions`
--

CREATE TABLE `revisions` (
  `id` bigint unsigned NOT NULL AUTO_INCREMENT,
  `revisionable_type` varchar(255) COLLATE utf8mb4_unicode_ci NOT NULL,
  `revisionable_id` bigint unsigned NOT NULL,
  `user_id` bigint unsigned DEFAULT NULL,
  `key` varchar(120) COLLATE utf8mb4_unicode_ci NOT NULL,
  `old_value` text COLLATE utf8mb4_unicode_ci,
  `new_value` text COLLATE utf8mb4_unicode_ci,
  `created_at` timestamp NULL DEFAULT NULL,
  `updated_at` timestamp NULL DEFAULT NULL,
  PRIMARY KEY (`id`),
  KEY `revisions_revisionable_id_revisionable_type_index` (`revisionable_id`,`revisionable_type`)
) ENGINE=InnoDB DEFAULT CHARSET=utf8mb4 COLLATE=utf8mb4_unicode_ci;

--
-- Dumping data for table `revisions`
--


--
-- Table structure for table `role_users`
--

CREATE TABLE `role_users` (
  `user_id` bigint unsigned NOT NULL,
  `role_id` bigint unsigned NOT NULL,
  `created_at` timestamp NULL DEFAULT NULL,
  `updated_at` timestamp NULL DEFAULT NULL,
  PRIMARY KEY (`user_id`,`role_id`),
  KEY `role_users_user_id_index` (`user_id`),
  KEY `role_users_role_id_index` (`role_id`)
) ENGINE=InnoDB DEFAULT CHARSET=utf8mb4 COLLATE=utf8mb4_unicode_ci;

--
-- Dumping data for table `role_users`
--


--
-- Table structure for table `roles`
--

CREATE TABLE `roles` (
  `id` bigint unsigned NOT NULL AUTO_INCREMENT,
  `slug` varchar(120) COLLATE utf8mb4_unicode_ci NOT NULL,
  `name` varchar(120) COLLATE utf8mb4_unicode_ci NOT NULL,
  `permissions` text COLLATE utf8mb4_unicode_ci,
  `description` varchar(400) COLLATE utf8mb4_unicode_ci DEFAULT NULL,
  `is_default` tinyint unsigned NOT NULL DEFAULT '0',
  `created_by` bigint unsigned NOT NULL,
  `updated_by` bigint unsigned NOT NULL,
  `created_at` timestamp NULL DEFAULT NULL,
  `updated_at` timestamp NULL DEFAULT NULL,
  PRIMARY KEY (`id`),
  UNIQUE KEY `roles_slug_unique` (`slug`),
  KEY `roles_created_by_index` (`created_by`),
  KEY `roles_updated_by_index` (`updated_by`)
) ENGINE=InnoDB AUTO_INCREMENT=2 DEFAULT CHARSET=utf8mb4 COLLATE=utf8mb4_unicode_ci;

--
-- Dumping data for table `roles`
--

INSERT INTO `roles` VALUES (1,'admin','Admin','{\"users.index\":true,\"users.create\":true,\"users.edit\":true,\"users.destroy\":true,\"roles.index\":true,\"roles.create\":true,\"roles.edit\":true,\"roles.destroy\":true,\"core.system\":true,\"core.manage.license\":true,\"extensions.index\":true,\"media.index\":true,\"files.index\":true,\"files.create\":true,\"files.edit\":true,\"files.trash\":true,\"files.destroy\":true,\"folders.index\":true,\"folders.create\":true,\"folders.edit\":true,\"folders.trash\":true,\"folders.destroy\":true,\"settings.index\":true,\"settings.options\":true,\"settings.email\":true,\"settings.media\":true,\"settings.cronjob\":true,\"settings.admin-appearance\":true,\"settings.cache\":true,\"settings.datatables\":true,\"settings.email.rules\":true,\"menus.index\":true,\"menus.create\":true,\"menus.edit\":true,\"menus.destroy\":true,\"optimize.settings\":true,\"pages.index\":true,\"pages.create\":true,\"pages.edit\":true,\"pages.destroy\":true,\"plugins.index\":true,\"plugins.edit\":true,\"plugins.remove\":true,\"plugins.marketplace\":true,\"core.appearance\":true,\"theme.index\":true,\"theme.activate\":true,\"theme.remove\":true,\"theme.options\":true,\"theme.custom-css\":true,\"theme.custom-js\":true,\"theme.custom-html\":true,\"widgets.index\":true,\"ads.index\":true,\"ads.create\":true,\"ads.edit\":true,\"ads.destroy\":true,\"analytics.general\":true,\"analytics.page\":true,\"analytics.browser\":true,\"analytics.referrer\":true,\"analytics.settings\":true,\"audit-log.index\":true,\"audit-log.destroy\":true,\"backups.index\":true,\"backups.create\":true,\"backups.restore\":true,\"backups.destroy\":true,\"plugins.blog\":true,\"posts.index\":true,\"posts.create\":true,\"posts.edit\":true,\"posts.destroy\":true,\"categories.index\":true,\"categories.create\":true,\"categories.edit\":true,\"categories.destroy\":true,\"tags.index\":true,\"tags.create\":true,\"tags.edit\":true,\"tags.destroy\":true,\"blog.settings\":true,\"plugins.captcha\":true,\"captcha.settings\":true,\"contacts.index\":true,\"contacts.edit\":true,\"contacts.destroy\":true,\"contact.settings\":true,\"plugins.ecommerce\":true,\"ecommerce.settings\":true,\"ecommerce.report.index\":true,\"products.index\":true,\"products.create\":true,\"products.edit\":true,\"products.destroy\":true,\"products.duplicate\":true,\"product-categories.index\":true,\"product-categories.create\":true,\"product-categories.edit\":true,\"product-categories.destroy\":true,\"product-tag.index\":true,\"product-tag.create\":true,\"product-tag.edit\":true,\"product-tag.destroy\":true,\"brands.index\":true,\"brands.create\":true,\"brands.edit\":true,\"brands.destroy\":true,\"product-collections.index\":true,\"product-collections.create\":true,\"product-collections.edit\":true,\"product-collections.destroy\":true,\"product-attribute-sets.index\":true,\"product-attribute-sets.create\":true,\"product-attribute-sets.edit\":true,\"product-attribute-sets.destroy\":true,\"product-attributes.index\":true,\"product-attributes.create\":true,\"product-attributes.edit\":true,\"product-attributes.destroy\":true,\"tax.index\":true,\"tax.create\":true,\"tax.edit\":true,\"tax.destroy\":true,\"reviews.index\":true,\"reviews.create\":true,\"reviews.destroy\":true,\"reviews.publish\":true,\"reviews.reply\":true,\"shipping_methods.index\":true,\"ecommerce.shipping-rule-items.index\":true,\"ecommerce.shipping-rule-items.create\":true,\"ecommerce.shipping-rule-items.edit\":true,\"ecommerce.shipping-rule-items.destroy\":true,\"ecommerce.shipping-rule-items.bulk-import\":true,\"ecommerce.shipments.index\":true,\"ecommerce.shipments.create\":true,\"ecommerce.shipments.edit\":true,\"ecommerce.shipments.destroy\":true,\"orders.index\":true,\"orders.create\":true,\"orders.edit\":true,\"orders.destroy\":true,\"discounts.index\":true,\"discounts.create\":true,\"discounts.edit\":true,\"discounts.destroy\":true,\"customers.index\":true,\"customers.create\":true,\"customers.edit\":true,\"customers.destroy\":true,\"flash-sale.index\":true,\"flash-sale.create\":true,\"flash-sale.edit\":true,\"flash-sale.destroy\":true,\"product-label.index\":true,\"product-label.create\":true,\"product-label.edit\":true,\"product-label.destroy\":true,\"ecommerce.import.products.index\":true,\"ecommerce.export.products.index\":true,\"order_returns.index\":true,\"order_returns.edit\":true,\"order_returns.destroy\":true,\"global-option.index\":true,\"global-option.create\":true,\"global-option.edit\":true,\"global-option.destroy\":true,\"ecommerce.invoice.index\":true,\"ecommerce.invoice.edit\":true,\"ecommerce.invoice.destroy\":true,\"ecommerce.invoice-template.index\":true,\"ecommerce.settings.general\":true,\"ecommerce.settings.currencies\":true,\"ecommerce.settings.products\":true,\"ecommerce.settings.product-search\":true,\"ecommerce.settings.digital-products\":true,\"ecommerce.settings.store-locators\":true,\"ecommerce.settings.invoices\":true,\"ecommerce.settings.product-reviews\":true,\"ecommerce.settings.customers\":true,\"ecommerce.settings.shopping\":true,\"ecommerce.settings.taxes\":true,\"ecommerce.settings.shipping\":true,\"ecommerce.settings.tracking\":true,\"ecommerce.settings.standard-and-format\":true,\"ecommerce.settings.checkout\":true,\"ecommerce.settings.return\":true,\"ecommerce.settings.flash-sale\":true,\"plugin.faq\":true,\"faq.index\":true,\"faq.create\":true,\"faq.edit\":true,\"faq.destroy\":true,\"faq_category.index\":true,\"faq_category.create\":true,\"faq_category.edit\":true,\"faq_category.destroy\":true,\"faqs.settings\":true,\"languages.index\":true,\"languages.create\":true,\"languages.edit\":true,\"languages.destroy\":true,\"plugin.location\":true,\"country.index\":true,\"country.create\":true,\"country.edit\":true,\"country.destroy\":true,\"state.index\":true,\"state.create\":true,\"state.edit\":true,\"state.destroy\":true,\"city.index\":true,\"city.create\":true,\"city.edit\":true,\"city.destroy\":true,\"location.bulk-import.index\":true,\"location.export.index\":true,\"marketplace.index\":true,\"marketplace.store.index\":true,\"marketplace.store.create\":true,\"marketplace.store.edit\":true,\"marketplace.store.destroy\":true,\"marketplace.store.view\":true,\"marketplace.store.revenue.create\":true,\"marketplace.withdrawal.index\":true,\"marketplace.withdrawal.edit\":true,\"marketplace.withdrawal.destroy\":true,\"marketplace.vendors.index\":true,\"marketplace.unverified-vendors.index\":true,\"marketplace.unverified-vendors.edit\":true,\"marketplace.settings\":true,\"marketplace.reports\":true,\"newsletter.index\":true,\"newsletter.destroy\":true,\"newsletter.settings\":true,\"payment.index\":true,\"payments.settings\":true,\"payment.destroy\":true,\"simple-slider.index\":true,\"simple-slider.create\":true,\"simple-slider.edit\":true,\"simple-slider.destroy\":true,\"simple-slider-item.index\":true,\"simple-slider-item.create\":true,\"simple-slider-item.edit\":true,\"simple-slider-item.destroy\":true,\"simple-slider.settings\":true,\"social-login.settings\":true,\"plugins.translation\":true,\"translations.locales\":true,\"translations.theme-translations\":true,\"translations.index\":true}','Admin users role',1,1,1,'2024-03-11 00:14:17','2024-03-11 00:14:17');

--
-- Table structure for table `settings`
--

CREATE TABLE `settings` (
  `id` bigint unsigned NOT NULL AUTO_INCREMENT,
  `key` varchar(255) COLLATE utf8mb4_unicode_ci NOT NULL,
  `value` text COLLATE utf8mb4_unicode_ci,
  `created_at` timestamp NULL DEFAULT NULL,
  `updated_at` timestamp NULL DEFAULT NULL,
  PRIMARY KEY (`id`),
  UNIQUE KEY `settings_key_unique` (`key`)
) ENGINE=InnoDB AUTO_INCREMENT=101 DEFAULT CHARSET=utf8mb4 COLLATE=utf8mb4_unicode_ci;

--
-- Dumping data for table `settings`
--

INSERT INTO `settings` VALUES (2,'api_enabled','0',NULL,'2024-03-11 00:14:19'),(3,'activated_plugins','[\"language\",\"language-advanced\",\"ads\",\"analytics\",\"audit-log\",\"backup\",\"blog\",\"captcha\",\"contact\",\"cookie-consent\",\"ecommerce\",\"faq\",\"location\",\"marketplace\",\"newsletter\",\"payment\",\"paypal\",\"paypal-payout\",\"paystack\",\"razorpay\",\"shippo\",\"simple-slider\",\"social-login\",\"sslcommerz\",\"stripe\",\"translation\"]',NULL,'2024-03-11 00:14:19'),(8,'language_hide_default','1',NULL,'2024-03-11 00:14:19'),(9,'language_switcher_display','dropdown',NULL,'2024-03-11 00:14:19'),(10,'language_display','all',NULL,'2024-03-11 00:14:19'),(11,'language_hide_languages','[]',NULL,'2024-03-11 00:14:19'),(12,'simple_slider_using_assets','0',NULL,NULL),(13,'media_random_hash','a76abfa350825eee1f3506ccb1f9dee5',NULL,'2024-03-11 00:14:19'),(14,'payment_cod_status','1',NULL,'2024-03-11 00:14:19'),(15,'payment_bank_transfer_status','1',NULL,'2024-03-11 00:14:19'),(16,'theme','martfury',NULL,'2024-03-11 00:14:19'),(17,'show_admin_bar','1',NULL,'2024-03-11 00:14:19'),(18,'admin_favicon','general/favicon.png',NULL,'2024-03-11 00:14:19'),(19,'admin_logo','general/logo-light.png',NULL,'2024-03-11 00:14:19'),(20,'permalink-botble-blog-models-post','blog',NULL,'2024-03-11 00:14:19'),(21,'permalink-botble-blog-models-category','blog',NULL,'2024-03-11 00:14:19'),(22,'payment_cod_description','Please pay money directly to the postman, if you choose cash on delivery method (COD).',NULL,'2024-03-11 00:14:19'),(23,'payment_bank_transfer_description','Please send money to our bank account: ACB - 69270 213 19.',NULL,'2024-03-11 00:14:19'),(24,'payment_stripe_payment_type','stripe_checkout',NULL,'2024-03-11 00:14:19'),(25,'plugins_ecommerce_customer_new_order_status','0',NULL,'2024-03-11 00:14:19'),(26,'plugins_ecommerce_admin_new_order_status','0',NULL,'2024-03-11 00:14:19'),(27,'ecommerce_is_enabled_support_digital_products','1',NULL,'2024-03-11 00:14:19'),(28,'ecommerce_load_countries_states_cities_from_location_plugin','0',NULL,'2024-03-11 00:14:19'),(29,'payment_bank_transfer_display_bank_info_at_the_checkout_success_page','1',NULL,'2024-03-11 00:14:19'),(30,'ecommerce_product_sku_format','MF-2443-[%S]',NULL,'2024-03-11 00:14:19'),(31,'ecommerce_store_name','Martfury',NULL,NULL),(32,'ecommerce_store_phone','1800979769',NULL,NULL),(33,'ecommerce_store_address','502 New Street',NULL,NULL),(34,'ecommerce_store_state','Brighton VIC',NULL,NULL),(35,'ecommerce_store_city','Brighton VIC',NULL,NULL),(36,'ecommerce_store_country','AU',NULL,NULL),(37,'theme-martfury-site_title','MartFury - Laravel Ecommerce system',NULL,NULL),(38,'theme-martfury-seo_description','MartFury is a clean & modern Laravel Ecommerce System for multipurpose online stores. With design clean and trendy, MartFury will make your online store look more impressive and attractive to viewers.',NULL,NULL),(39,'theme-martfury-copyright','© 2024 MartFury. All Rights Reserved.',NULL,NULL),(40,'theme-martfury-favicon','general/favicon.png',NULL,NULL),(41,'theme-martfury-logo','general/logo.png',NULL,NULL),(42,'theme-martfury-welcome_message','Welcome to MartFury Online Shopping Store!',NULL,NULL),(43,'theme-martfury-address','502 New Street, Brighton VIC, Australia',NULL,NULL),(44,'theme-martfury-hotline','1800 97 97 69',NULL,NULL),(45,'theme-martfury-email','contact@martfury.co',NULL,NULL),(46,'theme-martfury-newsletter_image','general/newsletter.jpg',NULL,NULL),(47,'theme-martfury-homepage_id','1',NULL,NULL),(48,'theme-martfury-blog_page_id','6',NULL,NULL),(49,'theme-martfury-cookie_consent_message','Your experience on this site will be improved by allowing cookies ',NULL,NULL),(50,'theme-martfury-cookie_consent_learn_more_url','/cookie-policy',NULL,NULL),(51,'theme-martfury-cookie_consent_learn_more_text','Cookie Policy',NULL,NULL),(52,'theme-martfury-number_of_products_per_page','42',NULL,NULL),(53,'theme-martfury-product_feature_1_title','Shipping worldwide',NULL,NULL),(54,'theme-martfury-product_feature_1_icon','icon-network',NULL,NULL),(55,'theme-martfury-product_feature_2_title','Free 7-day return if eligible, so easy',NULL,NULL),(56,'theme-martfury-product_feature_2_icon','icon-3d-rotate',NULL,NULL),(57,'theme-martfury-product_feature_3_title','Supplier give bills for this product.',NULL,NULL),(58,'theme-martfury-product_feature_3_icon','icon-receipt',NULL,NULL),(59,'theme-martfury-product_feature_4_title','Pay online or when receiving goods',NULL,NULL),(60,'theme-martfury-product_feature_4_icon','icon-credit-card',NULL,NULL),(61,'theme-martfury-contact_info_box_1_title','Contact Directly',NULL,NULL),(62,'theme-martfury-contact_info_box_1_subtitle','contact@martfury.com',NULL,NULL),(63,'theme-martfury-contact_info_box_1_details','(+004) 912-3548-07',NULL,NULL),(64,'theme-martfury-contact_info_box_2_title','Headquarters',NULL,NULL),(65,'theme-martfury-contact_info_box_2_subtitle','17 Queen St, South bank, Melbourne 10560, Australia',NULL,NULL),(66,'theme-martfury-contact_info_box_2_details','',NULL,NULL),(67,'theme-martfury-contact_info_box_3_title','Work With Us',NULL,NULL),(68,'theme-martfury-contact_info_box_3_subtitle','Send your CV to our email:',NULL,NULL),(69,'theme-martfury-contact_info_box_3_details','career@martfury.com',NULL,NULL),(70,'theme-martfury-contact_info_box_4_title','Customer Service',NULL,NULL),(71,'theme-martfury-contact_info_box_4_subtitle','customercare@martfury.com',NULL,NULL),(72,'theme-martfury-contact_info_box_4_details','(800) 843-2446',NULL,NULL),(73,'theme-martfury-contact_info_box_5_title','Media Relations',NULL,NULL),(74,'theme-martfury-contact_info_box_5_subtitle','media@martfury.com',NULL,NULL),(75,'theme-martfury-contact_info_box_5_details','(801) 947-3564',NULL,NULL),(76,'theme-martfury-contact_info_box_6_title','Vendor Support',NULL,NULL),(77,'theme-martfury-contact_info_box_6_subtitle','vendorsupport@martfury.com',NULL,NULL),(78,'theme-martfury-contact_info_box_6_details','(801) 947-3100',NULL,NULL),(79,'theme-martfury-number_of_cross_sale_product','7',NULL,NULL),(80,'theme-martfury-logo_in_the_checkout_page','general/logo-dark.png',NULL,NULL),(81,'theme-martfury-logo_in_invoices','general/logo-dark.png',NULL,NULL),(82,'theme-martfury-logo_vendor_dashboard','general/logo-dark.png',NULL,NULL),(83,'theme-martfury-primary_font','Work Sans',NULL,NULL),(84,'theme-martfury-payment_methods','[\"general\\/payment-method-1.jpg\",\"general\\/payment-method-2.jpg\",\"general\\/payment-method-3.jpg\",\"general\\/payment-method-4.jpg\",\"general\\/payment-method-5.jpg\"]',NULL,NULL),(85,'theme-martfury-social-name-1','Facebook',NULL,NULL),(86,'theme-martfury-social-url-1','https://www.facebook.com/',NULL,NULL),(87,'theme-martfury-social-icon-1','fab fa-facebook',NULL,NULL),(88,'theme-martfury-social-color-1','#3b5999',NULL,NULL),(89,'theme-martfury-social-name-2','Twitter',NULL,NULL),(90,'theme-martfury-social-url-2','https://www.twitter.com/',NULL,NULL),(91,'theme-martfury-social-icon-2','fab fa-twitter',NULL,NULL),(92,'theme-martfury-social-color-2','#55ACF9',NULL,NULL),(93,'theme-martfury-social-name-3','Instagram',NULL,NULL),(94,'theme-martfury-social-url-3','https://www.instagram.com/',NULL,NULL),(95,'theme-martfury-social-icon-3','fab fa-instagram',NULL,NULL),(96,'theme-martfury-social-color-3','#E1306C',NULL,NULL),(97,'theme-martfury-social-name-4','Youtube',NULL,NULL),(98,'theme-martfury-social-url-4','https://www.youtube.com/',NULL,NULL),(99,'theme-martfury-social-icon-4','fab fa-youtube',NULL,NULL),(100,'theme-martfury-social-color-4','#FF0000',NULL,NULL);

--
-- Table structure for table `simple_slider_items`
--

CREATE TABLE `simple_slider_items` (
  `id` bigint unsigned NOT NULL AUTO_INCREMENT,
  `simple_slider_id` bigint unsigned NOT NULL,
  `title` varchar(255) COLLATE utf8mb4_unicode_ci DEFAULT NULL,
  `image` varchar(255) COLLATE utf8mb4_unicode_ci NOT NULL,
  `link` varchar(255) COLLATE utf8mb4_unicode_ci DEFAULT NULL,
  `description` text COLLATE utf8mb4_unicode_ci,
  `order` int unsigned NOT NULL DEFAULT '0',
  `created_at` timestamp NULL DEFAULT NULL,
  `updated_at` timestamp NULL DEFAULT NULL,
  PRIMARY KEY (`id`)
) ENGINE=InnoDB AUTO_INCREMENT=4 DEFAULT CHARSET=utf8mb4 COLLATE=utf8mb4_unicode_ci;

--
-- Dumping data for table `simple_slider_items`
--

INSERT INTO `simple_slider_items` VALUES (1,1,'Slider 1','sliders/1-lg.jpg','/products',NULL,1,'2024-03-11 00:14:18','2024-03-11 00:14:18'),(2,1,'Slider 2','sliders/2-lg.jpg','/products',NULL,2,'2024-03-11 00:14:18','2024-03-11 00:14:18'),(3,1,'Slider 3','sliders/3-lg.jpg','/products',NULL,3,'2024-03-11 00:14:18','2024-03-11 00:14:18');

--
-- Table structure for table `simple_sliders`
--

CREATE TABLE `simple_sliders` (
  `id` bigint unsigned NOT NULL AUTO_INCREMENT,
  `name` varchar(120) COLLATE utf8mb4_unicode_ci NOT NULL,
  `key` varchar(120) COLLATE utf8mb4_unicode_ci NOT NULL,
  `description` varchar(400) COLLATE utf8mb4_unicode_ci DEFAULT NULL,
  `status` varchar(60) COLLATE utf8mb4_unicode_ci NOT NULL DEFAULT 'published',
  `created_at` timestamp NULL DEFAULT NULL,
  `updated_at` timestamp NULL DEFAULT NULL,
  PRIMARY KEY (`id`)
) ENGINE=InnoDB AUTO_INCREMENT=2 DEFAULT CHARSET=utf8mb4 COLLATE=utf8mb4_unicode_ci;

--
-- Dumping data for table `simple_sliders`
--

INSERT INTO `simple_sliders` VALUES (1,'Home slider','home-slider','The main slider on homepage','published','2024-03-11 00:14:18','2024-03-11 00:14:18');

--
-- Table structure for table `slugs`
--

CREATE TABLE `slugs` (
  `id` bigint unsigned NOT NULL AUTO_INCREMENT,
  `key` varchar(255) COLLATE utf8mb4_unicode_ci NOT NULL,
  `reference_id` bigint unsigned NOT NULL,
  `reference_type` varchar(255) COLLATE utf8mb4_unicode_ci NOT NULL,
  `prefix` varchar(120) COLLATE utf8mb4_unicode_ci DEFAULT '',
  `created_at` timestamp NULL DEFAULT NULL,
  `updated_at` timestamp NULL DEFAULT NULL,
  PRIMARY KEY (`id`),
  KEY `slugs_reference_id_index` (`reference_id`),
  KEY `slugs_key_index` (`key`),
  KEY `slugs_prefix_index` (`prefix`),
  KEY `slugs_reference_index` (`reference_id`,`reference_type`)
) ENGINE=InnoDB AUTO_INCREMENT=172 DEFAULT CHARSET=utf8mb4 COLLATE=utf8mb4_unicode_ci;

--
-- Dumping data for table `slugs`
--

INSERT INTO `slugs` VALUES (1,'fashion-live',1,'Botble\\Ecommerce\\Models\\Brand','brands','2024-03-11 00:14:06','2024-03-11 00:14:06'),(2,'hand-crafted',2,'Botble\\Ecommerce\\Models\\Brand','brands','2024-03-11 00:14:06','2024-03-11 00:14:06'),(3,'mestonix',3,'Botble\\Ecommerce\\Models\\Brand','brands','2024-03-11 00:14:06','2024-03-11 00:14:06'),(4,'sunshine',4,'Botble\\Ecommerce\\Models\\Brand','brands','2024-03-11 00:14:06','2024-03-11 00:14:06'),(5,'pure',5,'Botble\\Ecommerce\\Models\\Brand','brands','2024-03-11 00:14:06','2024-03-11 00:14:06'),(6,'anfold',6,'Botble\\Ecommerce\\Models\\Brand','brands','2024-03-11 00:14:06','2024-03-11 00:14:06'),(7,'automotive',7,'Botble\\Ecommerce\\Models\\Brand','brands','2024-03-11 00:14:06','2024-03-11 00:14:06'),(8,'hot-promotions',1,'Botble\\Ecommerce\\Models\\ProductCategory','product-categories','2024-03-11 00:14:06','2024-03-11 00:14:06'),(9,'electronics',2,'Botble\\Ecommerce\\Models\\ProductCategory','product-categories','2024-03-11 00:14:06','2024-03-11 00:14:06'),(10,'consumer-electronic',3,'Botble\\Ecommerce\\Models\\ProductCategory','product-categories','2024-03-11 00:14:06','2024-03-11 00:14:06'),(11,'home-audio-theaters',4,'Botble\\Ecommerce\\Models\\ProductCategory','product-categories','2024-03-11 00:14:06','2024-03-11 00:14:06'),(12,'tv-videos',5,'Botble\\Ecommerce\\Models\\ProductCategory','product-categories','2024-03-11 00:14:06','2024-03-11 00:14:06'),(13,'camera-photos-videos',6,'Botble\\Ecommerce\\Models\\ProductCategory','product-categories','2024-03-11 00:14:06','2024-03-11 00:14:06'),(14,'cellphones-accessories',7,'Botble\\Ecommerce\\Models\\ProductCategory','product-categories','2024-03-11 00:14:06','2024-03-11 00:14:06'),(15,'headphones',8,'Botble\\Ecommerce\\Models\\ProductCategory','product-categories','2024-03-11 00:14:06','2024-03-11 00:14:06'),(16,'videos-games',9,'Botble\\Ecommerce\\Models\\ProductCategory','product-categories','2024-03-11 00:14:06','2024-03-11 00:14:06'),(17,'wireless-speakers',10,'Botble\\Ecommerce\\Models\\ProductCategory','product-categories','2024-03-11 00:14:06','2024-03-11 00:14:06'),(18,'office-electronic',11,'Botble\\Ecommerce\\Models\\ProductCategory','product-categories','2024-03-11 00:14:06','2024-03-11 00:14:06'),(19,'accessories-parts',12,'Botble\\Ecommerce\\Models\\ProductCategory','product-categories','2024-03-11 00:14:06','2024-03-11 00:14:06'),(20,'digital-cables',13,'Botble\\Ecommerce\\Models\\ProductCategory','product-categories','2024-03-11 00:14:06','2024-03-11 00:14:06'),(21,'audio-video-cables',14,'Botble\\Ecommerce\\Models\\ProductCategory','product-categories','2024-03-11 00:14:06','2024-03-11 00:14:06'),(22,'batteries',15,'Botble\\Ecommerce\\Models\\ProductCategory','product-categories','2024-03-11 00:14:06','2024-03-11 00:14:06'),(23,'clothing',16,'Botble\\Ecommerce\\Models\\ProductCategory','product-categories','2024-03-11 00:14:06','2024-03-11 00:14:06'),(24,'computers',17,'Botble\\Ecommerce\\Models\\ProductCategory','product-categories','2024-03-11 00:14:06','2024-03-11 00:14:06'),(25,'computer-technologies',18,'Botble\\Ecommerce\\Models\\ProductCategory','product-categories','2024-03-11 00:14:06','2024-03-11 00:14:06'),(26,'computer-tablets',19,'Botble\\Ecommerce\\Models\\ProductCategory','product-categories','2024-03-11 00:14:06','2024-03-11 00:14:06'),(27,'laptop',20,'Botble\\Ecommerce\\Models\\ProductCategory','product-categories','2024-03-11 00:14:06','2024-03-11 00:14:06'),(28,'monitors',21,'Botble\\Ecommerce\\Models\\ProductCategory','product-categories','2024-03-11 00:14:06','2024-03-11 00:14:06'),(29,'computer-components',22,'Botble\\Ecommerce\\Models\\ProductCategory','product-categories','2024-03-11 00:14:06','2024-03-11 00:14:06'),(30,'networking',23,'Botble\\Ecommerce\\Models\\ProductCategory','product-categories','2024-03-11 00:14:06','2024-03-11 00:14:06'),(31,'drive-storages',24,'Botble\\Ecommerce\\Models\\ProductCategory','product-categories','2024-03-11 00:14:06','2024-03-11 00:14:06'),(32,'gaming-laptop',25,'Botble\\Ecommerce\\Models\\ProductCategory','product-categories','2024-03-11 00:14:06','2024-03-11 00:14:06'),(33,'security-protection',26,'Botble\\Ecommerce\\Models\\ProductCategory','product-categories','2024-03-11 00:14:06','2024-03-11 00:14:06'),(34,'accessories',27,'Botble\\Ecommerce\\Models\\ProductCategory','product-categories','2024-03-11 00:14:06','2024-03-11 00:14:06'),(35,'home-kitchen',28,'Botble\\Ecommerce\\Models\\ProductCategory','product-categories','2024-03-11 00:14:06','2024-03-11 00:14:06'),(36,'health-beauty',29,'Botble\\Ecommerce\\Models\\ProductCategory','product-categories','2024-03-11 00:14:06','2024-03-11 00:14:06'),(37,'jewelry-watch',30,'Botble\\Ecommerce\\Models\\ProductCategory','product-categories','2024-03-11 00:14:06','2024-03-11 00:14:06'),(38,'technology-toys',31,'Botble\\Ecommerce\\Models\\ProductCategory','product-categories','2024-03-11 00:14:06','2024-03-11 00:14:06'),(39,'phones',32,'Botble\\Ecommerce\\Models\\ProductCategory','product-categories','2024-03-11 00:14:06','2024-03-11 00:14:06'),(40,'babies-moms',33,'Botble\\Ecommerce\\Models\\ProductCategory','product-categories','2024-03-11 00:14:06','2024-03-11 00:14:06'),(41,'sport-outdoor',34,'Botble\\Ecommerce\\Models\\ProductCategory','product-categories','2024-03-11 00:14:06','2024-03-11 00:14:06'),(42,'books-office',35,'Botble\\Ecommerce\\Models\\ProductCategory','product-categories','2024-03-11 00:14:06','2024-03-11 00:14:06'),(43,'cars-motorcycles',36,'Botble\\Ecommerce\\Models\\ProductCategory','product-categories','2024-03-11 00:14:06','2024-03-11 00:14:06'),(44,'home-improvements',37,'Botble\\Ecommerce\\Models\\ProductCategory','product-categories','2024-03-11 00:14:07','2024-03-11 00:14:07'),(45,'dual-camera-20mp-digital',1,'Botble\\Ecommerce\\Models\\Product','products','2024-03-11 00:14:11','2024-03-11 00:14:46'),(46,'smart-watches',2,'Botble\\Ecommerce\\Models\\Product','products','2024-03-11 00:14:11','2024-03-11 00:14:11'),(47,'beat-headphone',3,'Botble\\Ecommerce\\Models\\Product','products','2024-03-11 00:14:11','2024-03-11 00:14:11'),(48,'red-black-headphone',4,'Botble\\Ecommerce\\Models\\Product','products','2024-03-11 00:14:11','2024-03-11 00:14:11'),(49,'smart-watch-external-digital',5,'Botble\\Ecommerce\\Models\\Product','products','2024-03-11 00:14:11','2024-03-11 00:14:46'),(50,'nikon-hd-camera',6,'Botble\\Ecommerce\\Models\\Product','products','2024-03-11 00:14:11','2024-03-11 00:14:11'),(51,'audio-equipment',7,'Botble\\Ecommerce\\Models\\Product','products','2024-03-11 00:14:11','2024-03-11 00:14:11'),(52,'smart-televisions',8,'Botble\\Ecommerce\\Models\\Product','products','2024-03-11 00:14:11','2024-03-11 00:14:11'),(53,'samsung-smart-phone-digital',9,'Botble\\Ecommerce\\Models\\Product','products','2024-03-11 00:14:11','2024-03-11 00:14:46'),(54,'herschel-leather-duffle-bag-in-brown-color',10,'Botble\\Ecommerce\\Models\\Product','products','2024-03-11 00:14:11','2024-03-11 00:14:11'),(55,'xbox-one-wireless-controller-black-color',11,'Botble\\Ecommerce\\Models\\Product','products','2024-03-11 00:14:11','2024-03-11 00:14:11'),(56,'epsion-plaster-printer',12,'Botble\\Ecommerce\\Models\\Product','products','2024-03-11 00:14:11','2024-03-11 00:14:11'),(57,'sound-intone-i65-earphone-white-version-digital',13,'Botble\\Ecommerce\\Models\\Product','products','2024-03-11 00:14:11','2024-03-11 00:14:46'),(58,'bo-play-mini-bluetooth-speaker',14,'Botble\\Ecommerce\\Models\\Product','products','2024-03-11 00:14:11','2024-03-11 00:14:11'),(59,'apple-macbook-air-retina-133-inch-laptop',15,'Botble\\Ecommerce\\Models\\Product','products','2024-03-11 00:14:11','2024-03-11 00:14:11'),(60,'apple-macbook-air-retina-12-inch-laptop',16,'Botble\\Ecommerce\\Models\\Product','products','2024-03-11 00:14:11','2024-03-11 00:14:11'),(61,'samsung-gear-vr-virtual-reality-headset-digital',17,'Botble\\Ecommerce\\Models\\Product','products','2024-03-11 00:14:11','2024-03-11 00:14:46'),(62,'aveeno-moisturizing-body-shower-450ml',18,'Botble\\Ecommerce\\Models\\Product','products','2024-03-11 00:14:11','2024-03-11 00:14:11'),(63,'nyx-beauty-couton-pallete-makeup-12',19,'Botble\\Ecommerce\\Models\\Product','products','2024-03-11 00:14:11','2024-03-11 00:14:11'),(64,'nyx-beauty-couton-pallete-makeup-12',20,'Botble\\Ecommerce\\Models\\Product','products','2024-03-11 00:14:11','2024-03-11 00:14:11'),(65,'mvmth-classical-leather-watch-in-black-digital',21,'Botble\\Ecommerce\\Models\\Product','products','2024-03-11 00:14:11','2024-03-11 00:14:46'),(66,'baxter-care-hair-kit-for-bearded-mens',22,'Botble\\Ecommerce\\Models\\Product','products','2024-03-11 00:14:11','2024-03-11 00:14:11'),(67,'ciate-palemore-lipstick-bold-red-color',23,'Botble\\Ecommerce\\Models\\Product','products','2024-03-11 00:14:11','2024-03-11 00:14:11'),(68,'electronic',1,'Botble\\Ecommerce\\Models\\ProductTag','product-tags','2024-03-11 00:14:16','2024-03-11 00:14:16'),(69,'mobile',2,'Botble\\Ecommerce\\Models\\ProductTag','product-tags','2024-03-11 00:14:16','2024-03-11 00:14:16'),(70,'iphone',3,'Botble\\Ecommerce\\Models\\ProductTag','product-tags','2024-03-11 00:14:16','2024-03-11 00:14:16'),(71,'printer',4,'Botble\\Ecommerce\\Models\\ProductTag','product-tags','2024-03-11 00:14:16','2024-03-11 00:14:16'),(72,'office',5,'Botble\\Ecommerce\\Models\\ProductTag','product-tags','2024-03-11 00:14:16','2024-03-11 00:14:16'),(73,'it',6,'Botble\\Ecommerce\\Models\\ProductTag','product-tags','2024-03-11 00:14:16','2024-03-11 00:14:16'),(74,'ecommerce',1,'Botble\\Blog\\Models\\Category','blog','2024-03-11 00:14:17','2024-03-11 00:14:19'),(75,'fashion',2,'Botble\\Blog\\Models\\Category','blog','2024-03-11 00:14:17','2024-03-11 00:14:19'),(76,'electronic',3,'Botble\\Blog\\Models\\Category','blog','2024-03-11 00:14:17','2024-03-11 00:14:19'),(77,'commercial',4,'Botble\\Blog\\Models\\Category','blog','2024-03-11 00:14:17','2024-03-11 00:14:19'),(78,'general',1,'Botble\\Blog\\Models\\Tag','tag','2024-03-11 00:14:17','2024-03-11 00:14:17'),(79,'design',2,'Botble\\Blog\\Models\\Tag','tag','2024-03-11 00:14:17','2024-03-11 00:14:17'),(80,'fashion',3,'Botble\\Blog\\Models\\Tag','tag','2024-03-11 00:14:17','2024-03-11 00:14:17'),(81,'branding',4,'Botble\\Blog\\Models\\Tag','tag','2024-03-11 00:14:17','2024-03-11 00:14:17'),(82,'modern',5,'Botble\\Blog\\Models\\Tag','tag','2024-03-11 00:14:17','2024-03-11 00:14:17'),(83,'4-expert-tips-on-how-to-choose-the-right-mens-wallet',1,'Botble\\Blog\\Models\\Post','blog','2024-03-11 00:14:18','2024-03-11 00:14:19'),(84,'sexy-clutches-how-to-buy-wear-a-designer-clutch-bag',2,'Botble\\Blog\\Models\\Post','blog','2024-03-11 00:14:18','2024-03-11 00:14:19'),(85,'the-top-2020-handbag-trends-to-know',3,'Botble\\Blog\\Models\\Post','blog','2024-03-11 00:14:18','2024-03-11 00:14:19'),(86,'how-to-match-the-color-of-your-handbag-with-an-outfit',4,'Botble\\Blog\\Models\\Post','blog','2024-03-11 00:14:18','2024-03-11 00:14:19'),(87,'how-to-care-for-leather-bags',5,'Botble\\Blog\\Models\\Post','blog','2024-03-11 00:14:18','2024-03-11 00:14:19'),(88,'were-crushing-hard-on-summers-10-biggest-bag-trends',6,'Botble\\Blog\\Models\\Post','blog','2024-03-11 00:14:18','2024-03-11 00:14:19'),(89,'essential-qualities-of-highly-successful-music',7,'Botble\\Blog\\Models\\Post','blog','2024-03-11 00:14:18','2024-03-11 00:14:19'),(90,'9-things-i-love-about-shaving-my-head',8,'Botble\\Blog\\Models\\Post','blog','2024-03-11 00:14:18','2024-03-11 00:14:19'),(91,'why-teamwork-really-makes-the-dream-work',9,'Botble\\Blog\\Models\\Post','blog','2024-03-11 00:14:18','2024-03-11 00:14:19'),(92,'the-world-caters-to-average-people',10,'Botble\\Blog\\Models\\Post','blog','2024-03-11 00:14:18','2024-03-11 00:14:19'),(93,'the-litigants-on-the-screen-are-not-actors',11,'Botble\\Blog\\Models\\Post','blog','2024-03-11 00:14:18','2024-03-11 00:14:19'),(94,'home',1,'Botble\\Page\\Models\\Page','','2024-03-11 00:14:18','2024-03-11 00:14:18'),(95,'about-us',2,'Botble\\Page\\Models\\Page','','2024-03-11 00:14:18','2024-03-11 00:14:18'),(96,'terms-of-use',3,'Botble\\Page\\Models\\Page','','2024-03-11 00:14:18','2024-03-11 00:14:18'),(97,'terms-conditions',4,'Botble\\Page\\Models\\Page','','2024-03-11 00:14:18','2024-03-11 00:14:18'),(98,'refund-policy',5,'Botble\\Page\\Models\\Page','','2024-03-11 00:14:18','2024-03-11 00:14:18'),(99,'blog',6,'Botble\\Page\\Models\\Page','','2024-03-11 00:14:18','2024-03-11 00:14:18'),(100,'faqs',7,'Botble\\Page\\Models\\Page','','2024-03-11 00:14:18','2024-03-11 00:14:18'),(101,'contact',8,'Botble\\Page\\Models\\Page','','2024-03-11 00:14:18','2024-03-11 00:14:18'),(102,'cookie-policy',9,'Botble\\Page\\Models\\Page','','2024-03-11 00:14:18','2024-03-11 00:14:18'),(103,'affiliate',10,'Botble\\Page\\Models\\Page','','2024-03-11 00:14:18','2024-03-11 00:14:18'),(104,'career',11,'Botble\\Page\\Models\\Page','','2024-03-11 00:14:18','2024-03-11 00:14:18'),(105,'coming-soon',12,'Botble\\Page\\Models\\Page','','2024-03-11 00:14:18','2024-03-11 00:14:18'),(106,'gopro',1,'Botble\\Marketplace\\Models\\Store','stores','2024-03-11 00:14:21','2024-03-11 00:14:21'),(107,'global-office',2,'Botble\\Marketplace\\Models\\Store','stores','2024-03-11 00:14:21','2024-03-11 00:14:21'),(108,'young-shop',3,'Botble\\Marketplace\\Models\\Store','stores','2024-03-11 00:14:21','2024-03-11 00:14:21'),(109,'global-store',4,'Botble\\Marketplace\\Models\\Store','stores','2024-03-11 00:14:21','2024-03-11 00:14:21'),(110,'dual-camera-20mp-digital',24,'Botble\\Ecommerce\\Models\\Product','products','2024-03-11 00:14:46','2024-03-11 00:14:46'),(111,'smart-watches',25,'Botble\\Ecommerce\\Models\\Product','products','2024-03-11 00:14:46','2024-03-11 00:14:46'),(112,'smart-watches',26,'Botble\\Ecommerce\\Models\\Product','products','2024-03-11 00:14:46','2024-03-11 00:14:46'),(113,'smart-watches',27,'Botble\\Ecommerce\\Models\\Product','products','2024-03-11 00:14:46','2024-03-11 00:14:46'),(114,'beat-headphone',28,'Botble\\Ecommerce\\Models\\Product','products','2024-03-11 00:14:46','2024-03-11 00:14:46'),(115,'beat-headphone',29,'Botble\\Ecommerce\\Models\\Product','products','2024-03-11 00:14:46','2024-03-11 00:14:46'),(116,'beat-headphone',30,'Botble\\Ecommerce\\Models\\Product','products','2024-03-11 00:14:46','2024-03-11 00:14:46'),(117,'red-black-headphone',31,'Botble\\Ecommerce\\Models\\Product','products','2024-03-11 00:14:46','2024-03-11 00:14:46'),(118,'smart-watch-external-digital',32,'Botble\\Ecommerce\\Models\\Product','products','2024-03-11 00:14:46','2024-03-11 00:14:46'),(119,'smart-watch-external-digital',33,'Botble\\Ecommerce\\Models\\Product','products','2024-03-11 00:14:46','2024-03-11 00:14:46'),(120,'smart-watch-external-digital',34,'Botble\\Ecommerce\\Models\\Product','products','2024-03-11 00:14:46','2024-03-11 00:14:46'),(121,'nikon-hd-camera',35,'Botble\\Ecommerce\\Models\\Product','products','2024-03-11 00:14:46','2024-03-11 00:14:46'),(122,'nikon-hd-camera',36,'Botble\\Ecommerce\\Models\\Product','products','2024-03-11 00:14:46','2024-03-11 00:14:46'),(123,'nikon-hd-camera',37,'Botble\\Ecommerce\\Models\\Product','products','2024-03-11 00:14:46','2024-03-11 00:14:46'),(124,'audio-equipment',38,'Botble\\Ecommerce\\Models\\Product','products','2024-03-11 00:14:46','2024-03-11 00:14:46'),(125,'audio-equipment',39,'Botble\\Ecommerce\\Models\\Product','products','2024-03-11 00:14:46','2024-03-11 00:14:46'),(126,'audio-equipment',40,'Botble\\Ecommerce\\Models\\Product','products','2024-03-11 00:14:46','2024-03-11 00:14:46'),(127,'audio-equipment',41,'Botble\\Ecommerce\\Models\\Product','products','2024-03-11 00:14:46','2024-03-11 00:14:46'),(128,'audio-equipment',42,'Botble\\Ecommerce\\Models\\Product','products','2024-03-11 00:14:46','2024-03-11 00:14:46'),(129,'smart-televisions',43,'Botble\\Ecommerce\\Models\\Product','products','2024-03-11 00:14:46','2024-03-11 00:14:46'),(130,'smart-televisions',44,'Botble\\Ecommerce\\Models\\Product','products','2024-03-11 00:14:46','2024-03-11 00:14:46'),(131,'smart-televisions',45,'Botble\\Ecommerce\\Models\\Product','products','2024-03-11 00:14:46','2024-03-11 00:14:46'),(132,'samsung-smart-phone-digital',46,'Botble\\Ecommerce\\Models\\Product','products','2024-03-11 00:14:46','2024-03-11 00:14:46'),(133,'samsung-smart-phone-digital',47,'Botble\\Ecommerce\\Models\\Product','products','2024-03-11 00:14:46','2024-03-11 00:14:46'),(134,'samsung-smart-phone-digital',48,'Botble\\Ecommerce\\Models\\Product','products','2024-03-11 00:14:46','2024-03-11 00:14:46'),(135,'herschel-leather-duffle-bag-in-brown-color',49,'Botble\\Ecommerce\\Models\\Product','products','2024-03-11 00:14:46','2024-03-11 00:14:46'),(136,'herschel-leather-duffle-bag-in-brown-color',50,'Botble\\Ecommerce\\Models\\Product','products','2024-03-11 00:14:46','2024-03-11 00:14:46'),(137,'herschel-leather-duffle-bag-in-brown-color',51,'Botble\\Ecommerce\\Models\\Product','products','2024-03-11 00:14:46','2024-03-11 00:14:46'),(138,'herschel-leather-duffle-bag-in-brown-color',52,'Botble\\Ecommerce\\Models\\Product','products','2024-03-11 00:14:46','2024-03-11 00:14:46'),(139,'herschel-leather-duffle-bag-in-brown-color',53,'Botble\\Ecommerce\\Models\\Product','products','2024-03-11 00:14:46','2024-03-11 00:14:46'),(140,'xbox-one-wireless-controller-black-color',54,'Botble\\Ecommerce\\Models\\Product','products','2024-03-11 00:14:46','2024-03-11 00:14:46'),(141,'xbox-one-wireless-controller-black-color',55,'Botble\\Ecommerce\\Models\\Product','products','2024-03-11 00:14:46','2024-03-11 00:14:46'),(142,'xbox-one-wireless-controller-black-color',56,'Botble\\Ecommerce\\Models\\Product','products','2024-03-11 00:14:46','2024-03-11 00:14:46'),(143,'xbox-one-wireless-controller-black-color',57,'Botble\\Ecommerce\\Models\\Product','products','2024-03-11 00:14:46','2024-03-11 00:14:46'),(144,'xbox-one-wireless-controller-black-color',58,'Botble\\Ecommerce\\Models\\Product','products','2024-03-11 00:14:46','2024-03-11 00:14:46'),(145,'epsion-plaster-printer',59,'Botble\\Ecommerce\\Models\\Product','products','2024-03-11 00:14:46','2024-03-11 00:14:46'),(146,'epsion-plaster-printer',60,'Botble\\Ecommerce\\Models\\Product','products','2024-03-11 00:14:46','2024-03-11 00:14:46'),(147,'epsion-plaster-printer',61,'Botble\\Ecommerce\\Models\\Product','products','2024-03-11 00:14:46','2024-03-11 00:14:46'),(148,'sound-intone-i65-earphone-white-version-digital',62,'Botble\\Ecommerce\\Models\\Product','products','2024-03-11 00:14:46','2024-03-11 00:14:46'),(149,'sound-intone-i65-earphone-white-version-digital',63,'Botble\\Ecommerce\\Models\\Product','products','2024-03-11 00:14:46','2024-03-11 00:14:46'),(150,'bo-play-mini-bluetooth-speaker',64,'Botble\\Ecommerce\\Models\\Product','products','2024-03-11 00:14:46','2024-03-11 00:14:46'),(151,'bo-play-mini-bluetooth-speaker',65,'Botble\\Ecommerce\\Models\\Product','products','2024-03-11 00:14:46','2024-03-11 00:14:46'),(152,'apple-macbook-air-retina-133-inch-laptop',66,'Botble\\Ecommerce\\Models\\Product','products','2024-03-11 00:14:46','2024-03-11 00:14:46'),(153,'apple-macbook-air-retina-133-inch-laptop',67,'Botble\\Ecommerce\\Models\\Product','products','2024-03-11 00:14:46','2024-03-11 00:14:46'),(154,'apple-macbook-air-retina-12-inch-laptop',68,'Botble\\Ecommerce\\Models\\Product','products','2024-03-11 00:14:46','2024-03-11 00:14:46'),(155,'apple-macbook-air-retina-12-inch-laptop',69,'Botble\\Ecommerce\\Models\\Product','products','2024-03-11 00:14:46','2024-03-11 00:14:46'),(156,'samsung-gear-vr-virtual-reality-headset-digital',70,'Botble\\Ecommerce\\Models\\Product','products','2024-03-11 00:14:46','2024-03-11 00:14:46'),(157,'samsung-gear-vr-virtual-reality-headset-digital',71,'Botble\\Ecommerce\\Models\\Product','products','2024-03-11 00:14:46','2024-03-11 00:14:46'),(158,'aveeno-moisturizing-body-shower-450ml',72,'Botble\\Ecommerce\\Models\\Product','products','2024-03-11 00:14:46','2024-03-11 00:14:46'),(159,'aveeno-moisturizing-body-shower-450ml',73,'Botble\\Ecommerce\\Models\\Product','products','2024-03-11 00:14:46','2024-03-11 00:14:46'),(160,'aveeno-moisturizing-body-shower-450ml',74,'Botble\\Ecommerce\\Models\\Product','products','2024-03-11 00:14:46','2024-03-11 00:14:46'),(161,'nyx-beauty-couton-pallete-makeup-12',75,'Botble\\Ecommerce\\Models\\Product','products','2024-03-11 00:14:46','2024-03-11 00:14:46'),(162,'nyx-beauty-couton-pallete-makeup-12',76,'Botble\\Ecommerce\\Models\\Product','products','2024-03-11 00:14:46','2024-03-11 00:14:46'),(163,'nyx-beauty-couton-pallete-makeup-12',77,'Botble\\Ecommerce\\Models\\Product','products','2024-03-11 00:14:46','2024-03-11 00:14:46'),(164,'nyx-beauty-couton-pallete-makeup-12',78,'Botble\\Ecommerce\\Models\\Product','products','2024-03-11 00:14:46','2024-03-11 00:14:46'),(165,'mvmth-classical-leather-watch-in-black-digital',79,'Botble\\Ecommerce\\Models\\Product','products','2024-03-11 00:14:46','2024-03-11 00:14:46'),(166,'mvmth-classical-leather-watch-in-black-digital',80,'Botble\\Ecommerce\\Models\\Product','products','2024-03-11 00:14:46','2024-03-11 00:14:46'),(167,'baxter-care-hair-kit-for-bearded-mens',81,'Botble\\Ecommerce\\Models\\Product','products','2024-03-11 00:14:46','2024-03-11 00:14:46'),(168,'baxter-care-hair-kit-for-bearded-mens',82,'Botble\\Ecommerce\\Models\\Product','products','2024-03-11 00:14:46','2024-03-11 00:14:46'),(169,'baxter-care-hair-kit-for-bearded-mens',83,'Botble\\Ecommerce\\Models\\Product','products','2024-03-11 00:14:46','2024-03-11 00:14:46'),(170,'ciate-palemore-lipstick-bold-red-color',84,'Botble\\Ecommerce\\Models\\Product','products','2024-03-11 00:14:46','2024-03-11 00:14:46'),(171,'ciate-palemore-lipstick-bold-red-color',85,'Botble\\Ecommerce\\Models\\Product','products','2024-03-11 00:14:46','2024-03-11 00:14:46');

--
-- Table structure for table `slugs_translations`
--

CREATE TABLE `slugs_translations` (
  `lang_code` varchar(20) COLLATE utf8mb4_unicode_ci NOT NULL,
  `slugs_id` bigint unsigned NOT NULL,
  `key` varchar(255) COLLATE utf8mb4_unicode_ci DEFAULT NULL,
  `prefix` varchar(120) COLLATE utf8mb4_unicode_ci DEFAULT '',
  PRIMARY KEY (`lang_code`,`slugs_id`)
) ENGINE=InnoDB DEFAULT CHARSET=utf8mb4 COLLATE=utf8mb4_unicode_ci;

--
-- Dumping data for table `slugs_translations`
--


--
-- Table structure for table `states`
--

CREATE TABLE `states` (
  `id` bigint unsigned NOT NULL AUTO_INCREMENT,
  `name` varchar(120) COLLATE utf8mb4_unicode_ci NOT NULL,
  `slug` varchar(120) COLLATE utf8mb4_unicode_ci DEFAULT NULL,
  `abbreviation` varchar(10) COLLATE utf8mb4_unicode_ci DEFAULT NULL,
  `country_id` bigint unsigned DEFAULT NULL,
  `order` tinyint NOT NULL DEFAULT '0',
  `image` varchar(255) COLLATE utf8mb4_unicode_ci DEFAULT NULL,
  `is_default` tinyint unsigned NOT NULL DEFAULT '0',
  `status` varchar(60) COLLATE utf8mb4_unicode_ci NOT NULL DEFAULT 'published',
  `created_at` timestamp NULL DEFAULT NULL,
  `updated_at` timestamp NULL DEFAULT NULL,
  PRIMARY KEY (`id`),
  UNIQUE KEY `states_slug_unique` (`slug`)
) ENGINE=InnoDB DEFAULT CHARSET=utf8mb4 COLLATE=utf8mb4_unicode_ci;

--
-- Dumping data for table `states`
--


--
-- Table structure for table `states_translations`
--

CREATE TABLE `states_translations` (
  `lang_code` varchar(20) COLLATE utf8mb4_unicode_ci NOT NULL,
  `states_id` bigint unsigned NOT NULL,
  `name` varchar(120) COLLATE utf8mb4_unicode_ci DEFAULT NULL,
  `slug` varchar(120) COLLATE utf8mb4_unicode_ci DEFAULT NULL,
  `abbreviation` varchar(10) COLLATE utf8mb4_unicode_ci DEFAULT NULL,
  PRIMARY KEY (`lang_code`,`states_id`)
) ENGINE=InnoDB DEFAULT CHARSET=utf8mb4 COLLATE=utf8mb4_unicode_ci;

--
-- Dumping data for table `states_translations`
--


--
-- Table structure for table `tags`
--

CREATE TABLE `tags` (
  `id` bigint unsigned NOT NULL AUTO_INCREMENT,
  `name` varchar(120) COLLATE utf8mb4_unicode_ci NOT NULL,
  `author_id` bigint unsigned DEFAULT NULL,
  `author_type` varchar(255) COLLATE utf8mb4_unicode_ci NOT NULL DEFAULT 'Botble\\ACL\\Models\\User',
  `description` varchar(400) COLLATE utf8mb4_unicode_ci DEFAULT NULL,
  `status` varchar(60) COLLATE utf8mb4_unicode_ci NOT NULL DEFAULT 'published',
  `created_at` timestamp NULL DEFAULT NULL,
  `updated_at` timestamp NULL DEFAULT NULL,
  PRIMARY KEY (`id`)
) ENGINE=InnoDB AUTO_INCREMENT=6 DEFAULT CHARSET=utf8mb4 COLLATE=utf8mb4_unicode_ci;

--
-- Dumping data for table `tags`
--

INSERT INTO `tags` VALUES (1,'General',1,'Botble\\ACL\\Models\\User',NULL,'published','2024-03-11 00:14:17','2024-03-11 00:14:17'),(2,'Design',1,'Botble\\ACL\\Models\\User',NULL,'published','2024-03-11 00:14:17','2024-03-11 00:14:17'),(3,'Fashion',1,'Botble\\ACL\\Models\\User',NULL,'published','2024-03-11 00:14:17','2024-03-11 00:14:17'),(4,'Branding',1,'Botble\\ACL\\Models\\User',NULL,'published','2024-03-11 00:14:17','2024-03-11 00:14:17'),(5,'Modern',1,'Botble\\ACL\\Models\\User',NULL,'published','2024-03-11 00:14:17','2024-03-11 00:14:17');

--
-- Table structure for table `tags_translations`
--

CREATE TABLE `tags_translations` (
  `lang_code` varchar(20) COLLATE utf8mb4_unicode_ci NOT NULL,
  `tags_id` bigint unsigned NOT NULL,
  `name` varchar(255) COLLATE utf8mb4_unicode_ci DEFAULT NULL,
  `description` varchar(400) COLLATE utf8mb4_unicode_ci DEFAULT NULL,
  PRIMARY KEY (`lang_code`,`tags_id`)
) ENGINE=InnoDB DEFAULT CHARSET=utf8mb4 COLLATE=utf8mb4_unicode_ci;

--
-- Dumping data for table `tags_translations`
--


--
-- Table structure for table `user_meta`
--

CREATE TABLE `user_meta` (
  `id` bigint unsigned NOT NULL AUTO_INCREMENT,
  `key` varchar(120) COLLATE utf8mb4_unicode_ci DEFAULT NULL,
  `value` varchar(255) COLLATE utf8mb4_unicode_ci DEFAULT NULL,
  `user_id` bigint unsigned NOT NULL,
  `created_at` timestamp NULL DEFAULT NULL,
  `updated_at` timestamp NULL DEFAULT NULL,
  PRIMARY KEY (`id`),
  KEY `user_meta_user_id_index` (`user_id`)
) ENGINE=InnoDB DEFAULT CHARSET=utf8mb4 COLLATE=utf8mb4_unicode_ci;

--
-- Dumping data for table `user_meta`
--


--
-- Table structure for table `users`
--

CREATE TABLE `users` (
  `id` bigint unsigned NOT NULL AUTO_INCREMENT,
  `email` varchar(255) COLLATE utf8mb4_unicode_ci NOT NULL,
  `email_verified_at` timestamp NULL DEFAULT NULL,
  `password` varchar(120) COLLATE utf8mb4_unicode_ci DEFAULT NULL,
  `remember_token` varchar(100) COLLATE utf8mb4_unicode_ci DEFAULT NULL,
  `created_at` timestamp NULL DEFAULT NULL,
  `updated_at` timestamp NULL DEFAULT NULL,
  `first_name` varchar(120) COLLATE utf8mb4_unicode_ci DEFAULT NULL,
  `last_name` varchar(120) COLLATE utf8mb4_unicode_ci DEFAULT NULL,
  `username` varchar(60) COLLATE utf8mb4_unicode_ci DEFAULT NULL,
  `avatar_id` bigint unsigned DEFAULT NULL,
  `super_user` tinyint(1) NOT NULL DEFAULT '0',
  `manage_supers` tinyint(1) NOT NULL DEFAULT '0',
  `permissions` text COLLATE utf8mb4_unicode_ci,
  `last_login` timestamp NULL DEFAULT NULL,
  PRIMARY KEY (`id`),
  UNIQUE KEY `users_email_unique` (`email`),
  UNIQUE KEY `users_username_unique` (`username`)
) ENGINE=InnoDB AUTO_INCREMENT=2 DEFAULT CHARSET=utf8mb4 COLLATE=utf8mb4_unicode_ci;

--
-- Dumping data for table `users`
--

INSERT INTO `users` VALUES (1,'pfannerstill.rod@schinner.com',NULL,'$2y$12$hnz6Jac0XuDh9ktJOYICB.7/6WBaZPpxx/eXaNYO7rcC/AiPNymcu',NULL,'2024-03-11 00:14:17','2024-03-11 00:14:17','Moriah','Deckow','admin',NULL,1,1,NULL,NULL);

--
-- Table structure for table `widgets`
--

CREATE TABLE `widgets` (
  `id` bigint unsigned NOT NULL AUTO_INCREMENT,
  `widget_id` varchar(120) COLLATE utf8mb4_unicode_ci NOT NULL,
  `sidebar_id` varchar(120) COLLATE utf8mb4_unicode_ci NOT NULL,
  `theme` varchar(120) COLLATE utf8mb4_unicode_ci NOT NULL,
  `position` tinyint unsigned NOT NULL DEFAULT '0',
  `data` text COLLATE utf8mb4_unicode_ci,
  `created_at` timestamp NULL DEFAULT NULL,
  `updated_at` timestamp NULL DEFAULT NULL,
  PRIMARY KEY (`id`)
) ENGINE=InnoDB AUTO_INCREMENT=13 DEFAULT CHARSET=utf8mb4 COLLATE=utf8mb4_unicode_ci;

--
-- Dumping data for table `widgets`
--

INSERT INTO `widgets` VALUES (1,'CustomMenuWidget','footer_sidebar','martfury',1,'{\"id\":\"CustomMenuWidget\",\"name\":\"Quick links\",\"menu_id\":\"quick-links\"}','2024-03-11 00:14:19','2024-03-11 00:14:19'),(2,'CustomMenuWidget','footer_sidebar','martfury',2,'{\"id\":\"CustomMenuWidget\",\"name\":\"Company\",\"menu_id\":\"company\"}','2024-03-11 00:14:19','2024-03-11 00:14:19'),(3,'CustomMenuWidget','footer_sidebar','martfury',3,'{\"id\":\"CustomMenuWidget\",\"name\":\"Business\",\"menu_id\":\"business\"}','2024-03-11 00:14:19','2024-03-11 00:14:19'),(4,'BlogSearchWidget','primary_sidebar','martfury',1,'{\"id\":\"BlogSearchWidget\",\"name\":\"Search\"}','2024-03-11 00:14:19','2024-03-11 00:14:19'),(5,'BlogCategoriesWidget','primary_sidebar','martfury',2,'{\"id\":\"BlogCategoriesWidget\",\"name\":\"Categories\"}','2024-03-11 00:14:19','2024-03-11 00:14:19'),(6,'RecentPostsWidget','primary_sidebar','martfury',3,'{\"id\":\"RecentPostsWidget\",\"name\":\"Recent Posts\"}','2024-03-11 00:14:19','2024-03-11 00:14:19'),(7,'TagsWidget','primary_sidebar','martfury',4,'{\"id\":\"TagsWidget\",\"name\":\"Popular Tags\"}','2024-03-11 00:14:19','2024-03-11 00:14:19'),(8,'ProductCategoriesWidget','bottom_footer_sidebar','martfury',1,'{\"id\":\"ProductCategoriesWidget\",\"name\":\"Consumer Electric\",\"categories\":[18,2,3,4,5,6,7]}','2024-03-11 00:14:19','2024-03-11 00:14:19'),(9,'ProductCategoriesWidget','bottom_footer_sidebar','martfury',2,'{\"id\":\"ProductCategoriesWidget\",\"name\":\"Clothing & Apparel\",\"categories\":[8,9,10,11,12]}','2024-03-11 00:14:19','2024-03-11 00:14:19'),(10,'ProductCategoriesWidget','bottom_footer_sidebar','martfury',3,'{\"id\":\"ProductCategoriesWidget\",\"name\":\"Home, Garden & Kitchen\",\"categories\":[13,14,15,16,17]}','2024-03-11 00:14:19','2024-03-11 00:14:19'),(11,'ProductCategoriesWidget','bottom_footer_sidebar','martfury',4,'{\"id\":\"ProductCategoriesWidget\",\"name\":\"Health & Beauty\",\"categories\":[20,21,22,23,24]}','2024-03-11 00:14:19','2024-03-11 00:14:19'),(12,'ProductCategoriesWidget','bottom_footer_sidebar','martfury',5,'{\"id\":\"ProductCategoriesWidget\",\"name\":\"Computer & Technologies\",\"categories\":[25,26,27,28,29,19]}','2024-03-11 00:14:19','2024-03-11 00:14:19');


